{"id":58934,"date":"2024-10-04T11:10:32","date_gmt":"2024-10-04T09:10:32","guid":{"rendered":"https:\/\/de-prime.com\/?p=58934"},"modified":"2024-10-04T11:10:33","modified_gmt":"2024-10-04T09:10:33","slug":"led-meteor-lichter-8-stk-50-cm-mehrfarbig-288-leds","status":"publish","type":"product","link":"https:\/\/de-prime.com\/index.php\/product\/led-meteor-lichter-8-stk-50-cm-mehrfarbig-288-leds\/","title":{"rendered":"LED Meteor-Lichter 8 Stk. 50 cm Mehrfarbig 288 LEDs"},"content":{"rendered":"<p>Diese LED-Meteor-Lichter sind perfekt f\u00fcr Partys im Innen- und Au\u00dfenbereich, Weihnachten, Hochzeiten und jede andere Veranstaltung, bei der du etwas Glanz hinzuf\u00fcgen m\u00f6chtest. Es ist auch eine ausgezeichnete Dekoration von B\u00e4umen entlang von Stra\u00dfen. Die LED Meteor-Schauer aus haltbarem Kunststoff ist wasserfest und langlebig. Jede Lichtr\u00f6hre hat 36 energiesparende und verbrauchsarme SMD-LEDs, die eine omnidirektionale Beleuchtung bieten. Die glitzernden Lichter schalten sich nacheinander schnell ein und aus, genau wie ein Meteoritenschauer oder fallender Schnee am Nachthimmel. Hinweis: Das mitgelieferte USB-Ger\u00e4t ist nicht wasserfest. Setze dieses Teil nicht der Feuchtigkeit oder dem Wasser aus. Dank des 2 m langen Kabels kann der Artikel jedoch im Freien verwendet werden, da das Kabel und das Produkt wasserfest sind. Das Produkt hat einen USB-Anschluss, aber das zertifizierte 5-V-USB-Netzteil ist nicht im Lieferumfang enthalten.<\/p>\n<ul>\n<li>Lichtfarbe: Mehrfarbig<\/li>\n<li>Material: Kunststoff<\/li>\n<li>Schlauchl\u00e4nge (jeweils): 50 cm<\/li>\n<li>L\u00e4nge des Verl\u00e4ngerungskabels: 2 m<\/li>\n<li>Spannung: 5 V<\/li>\n<li>Leistung: 5 W<\/li>\n<li>LED Schauer<\/li>\n<li>Wasserfest<\/li>\n<li>Enth\u00e4lt 288 energiesparende SMD-LEDs<\/li>\n<li>Geeignet f\u00fcr den Einsatz im Innen- und Au\u00dfenbereich<\/li>\n<li>Zusammenbau erforderlich: Ja<\/li>\n<li><strong>Lieferung umfasst:<\/strong><\/li>\n<li>8 x Lichtr\u00f6hre<\/li>\n<\/ul>\n","protected":false},"excerpt":{"rendered":"<ul>\n<li>Lichtfarbe: Mehrfarbig<\/li>\n<li>Material: Kunststoff<\/li>\n<li>Schlauchl\u00e4nge (jeweils): 50 cm<\/li>\n<li>L\u00e4nge des Verl\u00e4ngerungskabels: 2 m<\/li>\n<li>Spannung: 5 V<\/li>\n<li>Leistung: 5 W<\/li>\n<li>LED Schauer<\/li>\n<li>Wasserfest<\/li>\n<li>Enth\u00e4lt 288 energiesparende SMD-LEDs<\/li>\n<li>Geeignet f\u00fcr den Einsatz im Innen- und Au\u00dfenbereich<\/li>\n<li>Zusammenbau erforderlich: Ja<\/li>\n<li><strong>Lieferung umfasst:<\/strong><\/li>\n<li>8 x Lichtr\u00f6hre<\/li>\n<\/ul>\n","protected":false},"featured_media":10000058934,"comment_status":"closed","ping_status":"closed","template":"","meta":[],"product_brand":[],"product_cat":[7054,7048,7108],"product_tag":[],"class_list":{"0":"post-58934","1":"product","2":"type-product","3":"status-publish","4":"has-post-thumbnail","6":"product_cat-beleuchtung","7":"product_cat-heim-garten","8":"product_cat-lichtschlaeuche-lichterketten","10":"first","11":"instock","12":"taxable","13":"shipping-taxable","14":"purchasable","15":"product-type-simple","16":"add-to-wishlist-after_add_to_cart"},"jetpack_sharing_enabled":true,"_links":{"self":[{"href":"https:\/\/de-prime.com\/index.php\/wp-json\/wp\/v2\/product\/58934","targetHints":{"allow":["GET"]}}],"collection":[{"href":"https:\/\/de-prime.com\/index.php\/wp-json\/wp\/v2\/product"}],"about":[{"href":"https:\/\/de-prime.com\/index.php\/wp-json\/wp\/v2\/types\/product"}],"replies":[{"embeddable":true,"href":"https:\/\/de-prime.com\/index.php\/wp-json\/wp\/v2\/comments?post=58934"}],"wp:featuredmedia":[{"embeddable":true,"href":"https:\/\/de-prime.com\/index.php\/wp-json\/"}],"wp:attachment":[{"href":"https:\/\/de-prime.com\/index.php\/wp-json\/wp\/v2\/media?parent=58934"}],"wp:term":[{"taxonomy":"product_brand","embeddable":true,"href":"https:\/\/de-prime.com\/index.php\/wp-json\/wp\/v2\/product_brand?post=58934"},{"taxonomy":"product_cat","embeddable":true,"href":"https:\/\/de-prime.com\/index.php\/wp-json\/wp\/v2\/product_cat?post=58934"},{"taxonomy":"product_tag","embeddable":true,"href":"https:\/\/de-prime.com\/index.php\/wp-json\/wp\/v2\/product_tag?post=58934"}],"curies":[{"name":"wp","href":"https:\/\/api.w.org\/{rel}","templated":true}]}}