{"id":58836,"date":"2024-10-04T11:10:33","date_gmt":"2024-10-04T09:10:33","guid":{"rendered":"https:\/\/de-prime.com\/?p=58836"},"modified":"2024-10-04T11:10:33","modified_gmt":"2024-10-04T09:10:33","slug":"deckenlampe-industriestil-kettenrad-design-45-cm-e27","status":"publish","type":"product","link":"https:\/\/de-prime.com\/index.php\/product\/deckenlampe-industriestil-kettenrad-design-45-cm-e27\/","title":{"rendered":"Deckenlampe Industriestil Kettenrad-Design 45 cm E27"},"content":{"rendered":"<p>Diese Deckenlampe mit Kettenblatt- und Zahnkranz-Design setzt ein mutiges visuelles Statement und ist ein echter Blickf\u00e4nger in Ihrem Interieur. Der Lampenschirm aus Eisen mit schwarzer Lackierung passt perfekt in ein industrielles Interieur. Die Lampe ist mit einer E27-Fassung f\u00fcr eine Gl\u00fchbirne von maximal 15 W ausgestattet. Sie k\u00f6nnen E27-Lampen in verschiedenen hellen Farben ausw\u00e4hlen und einsetzen, um eine Atmosph\u00e4re der Entspannung und Ruhe zu schaffen. Bitte beachten Sie: Die Leuchtmittel sind nicht im Lieferumfang enthalten.<\/p>\n<ul>\n<li>Farbe: Schwarz <\/li>\n<li>Material: Eisen<\/li>\n<li>Lampenma\u00dfe: 45 x 78 cm (Durchmesser x H)<\/li>\n<li>Lampenschirmh\u00f6he: 26 cm<\/li>\n<li>Leuchtmittelst\u00e4rke: 15 W<\/li>\n<li>Lampenfassung: E27<\/li>\n<li>Kettenblatt- und Zahnkranz-Design<\/li>\n<li>Niederspannungsrichtlinie<\/li>\n<li>Leuchtmittel ist nicht im Lieferumfang enthalten<\/li>\n<\/ul>\n","protected":false},"excerpt":{"rendered":"<ul>\n<li>Farbe: Schwarz <\/li>\n<li>Material: Eisen<\/li>\n<li>Lampenma\u00dfe: 45 x 78 cm (Durchmesser x H)<\/li>\n<li>Lampenschirmh\u00f6he: 26 cm<\/li>\n<li>Leuchtmittelst\u00e4rke: 15 W<\/li>\n<li>Lampenfassung: E27<\/li>\n<li>Kettenblatt- und Zahnkranz-Design<\/li>\n<li>Niederspannungsrichtlinie<\/li>\n<li>Leuchtmittel ist nicht im Lieferumfang enthalten<\/li>\n<\/ul>\n","protected":false},"featured_media":10000058836,"comment_status":"closed","ping_status":"closed","template":"","meta":[],"product_brand":[],"product_cat":[7054,7048,7101],"product_tag":[],"class_list":{"0":"post-58836","1":"product","2":"type-product","3":"status-publish","4":"has-post-thumbnail","6":"product_cat-beleuchtung","7":"product_cat-heim-garten","8":"product_cat-lampen","10":"first","11":"instock","12":"taxable","13":"shipping-taxable","14":"purchasable","15":"product-type-simple","16":"add-to-wishlist-after_add_to_cart"},"jetpack_sharing_enabled":true,"_links":{"self":[{"href":"https:\/\/de-prime.com\/index.php\/wp-json\/wp\/v2\/product\/58836","targetHints":{"allow":["GET"]}}],"collection":[{"href":"https:\/\/de-prime.com\/index.php\/wp-json\/wp\/v2\/product"}],"about":[{"href":"https:\/\/de-prime.com\/index.php\/wp-json\/wp\/v2\/types\/product"}],"replies":[{"embeddable":true,"href":"https:\/\/de-prime.com\/index.php\/wp-json\/wp\/v2\/comments?post=58836"}],"wp:featuredmedia":[{"embeddable":true,"href":"https:\/\/de-prime.com\/index.php\/wp-json\/"}],"wp:attachment":[{"href":"https:\/\/de-prime.com\/index.php\/wp-json\/wp\/v2\/media?parent=58836"}],"wp:term":[{"taxonomy":"product_brand","embeddable":true,"href":"https:\/\/de-prime.com\/index.php\/wp-json\/wp\/v2\/product_brand?post=58836"},{"taxonomy":"product_cat","embeddable":true,"href":"https:\/\/de-prime.com\/index.php\/wp-json\/wp\/v2\/product_cat?post=58836"},{"taxonomy":"product_tag","embeddable":true,"href":"https:\/\/de-prime.com\/index.php\/wp-json\/wp\/v2\/product_tag?post=58836"}],"curies":[{"name":"wp","href":"https:\/\/api.w.org\/{rel}","templated":true}]}}

<p>Diese Deckenlampe mit Kettenblatt- und Zahnkranz-Design setzt ein mutiges visuelles Statement und ist ein echter Blickfänger in Ihrem Interieur. Der Lampenschirm aus Eisen mit schwarzer Lackierung passt perfekt in ein industrielles Interieur. Die Lampe ist mit einer E27-Fassung für eine Glühbirne von maximal 15 W ausgestattet. Sie können E27-Lampen in verschiedenen hellen Farben auswählen und einsetzen, um eine Atmosphäre der Entspannung und Ruhe zu schaffen. Bitte beachten Sie: Die Leuchtmittel sind nicht im Lieferumfang enthalten.</p>
<ul>
<li>Farbe: Schwarz </li>
<li>Material: Eisen</li>
<li>Lampenmaße: 45 x 78 cm (Durchmesser x H)</li>
<li>Lampenschirmhöhe: 26 cm</li>
<li>Leuchtmittelstärke: 15 W</li>
<li>Lampenfassung: E27</li>
<li>Kettenblatt- und Zahnkranz-Design</li>
<li>Niederspannungsrichtlinie</li>
<li>Leuchtmittel ist nicht im Lieferumfang enthalten</li>
</ul>

<ul>
<li>Farbe: Schwarz </li>
<li>Material: Eisen</li>
<li>Lampenmaße: 45 x 78 cm (Durchmesser x H)</li>
<li>Lampenschirmhöhe: 26 cm</li>
<li>Leuchtmittelstärke: 15 W</li>
<li>Lampenfassung: E27</li>
<li>Kettenblatt- und Zahnkranz-Design</li>
<li>Niederspannungsrichtlinie</li>
<li>Leuchtmittel ist nicht im Lieferumfang enthalten</li>
</ul>
