{"id":58822,"date":"2024-10-04T11:14:51","date_gmt":"2024-10-04T09:14:51","guid":{"rendered":"https:\/\/de-prime.com\/?p=58822"},"modified":"2024-10-04T11:14:52","modified_gmt":"2024-10-04T09:14:52","slug":"stehlampe-2-flammig-schwarz-e27-gusseisen","status":"publish","type":"product","link":"https:\/\/de-prime.com\/index.php\/product\/stehlampe-2-flammig-schwarz-e27-gusseisen\/","title":{"rendered":"Stehlampe 2-flammig Schwarz E27 Gusseisen"},"content":{"rendered":"<p>Diese Stehlampe ist eine perfekte Kombination aus industriellem Design und Funktionalit\u00e4t. Es wird ein Blickfang in Ihrem Wohnzimmer, Schlafzimmer oder anderen Wohnbereichen sein. Der eiserne Lampenschirm mit schwarzem Finish passen perfekt in ein l\u00e4ndlich oder industriell eingerichtetes Interieur. Der Stehfu\u00df aus Gusseisen gew\u00e4hrleistet hohe Stabilit\u00e4t. Der Lampenschirm ist winkelverstellbar, um unterschiedlichen Anforderungen gerecht zu werden. Der Lampenschirm ist mit einer E27-Fassung f\u00fcr eine Gl\u00fcbirne von maximal 25W ausgestattet. Sie k\u00f6nnen E27-Leuchtmittel in verschiedenen hellen Farben ausw\u00e4hlen und einsetzen, um eine Atmosph\u00e4re der Entspannung und Ruhe zu schaffen. Zus\u00e4tzlich ist ein Bodenschalter zum einfachen Ein- und Ausschalten mit dabei. Bitte beachten Sie, dass keine Gl\u00fchbirnen im Lieferumfang enthalten sind.<\/p>\n<ul>\n<li>Farbe: Schwarz <\/li>\n<li>Material: Eisen, Gusseisen<\/li>\n<li>Abmessungen: 28 x 160 cm (Durchmesser x H)<\/li>\n<li>Lampenfassung: E27<\/li>\n<li>Maximale Leistung: 25 W<\/li>\n<li>Mit 2 Lampenschirmen<\/li>\n<li>Mit Bodenschalter<\/li>\n<li>Niederspannungsrichtlinie<\/li>\n<li>Leuchtmittel ist nicht im Lieferumfang enthalten<\/li>\n<\/ul>\n","protected":false},"excerpt":{"rendered":"<ul>\n<li>Farbe: Schwarz <\/li>\n<li>Material: Eisen, Gusseisen<\/li>\n<li>Abmessungen: 28 x 160 cm (Durchmesser x H)<\/li>\n<li>Lampenfassung: E27<\/li>\n<li>Maximale Leistung: 25 W<\/li>\n<li>Mit 2 Lampenschirmen<\/li>\n<li>Mit Bodenschalter<\/li>\n<li>Niederspannungsrichtlinie<\/li>\n<li>Leuchtmittel ist nicht im Lieferumfang enthalten<\/li>\n<\/ul>\n","protected":false},"featured_media":10000058822,"comment_status":"closed","ping_status":"closed","template":"","meta":[],"product_brand":[],"product_cat":[7054,7048,7101],"product_tag":[],"class_list":{"0":"post-58822","1":"product","2":"type-product","3":"status-publish","4":"has-post-thumbnail","6":"product_cat-beleuchtung","7":"product_cat-heim-garten","8":"product_cat-lampen","10":"first","11":"outofstock","12":"taxable","13":"shipping-taxable","14":"purchasable","15":"product-type-simple","16":"add-to-wishlist-after_add_to_cart"},"jetpack_sharing_enabled":true,"_links":{"self":[{"href":"https:\/\/de-prime.com\/index.php\/wp-json\/wp\/v2\/product\/58822","targetHints":{"allow":["GET"]}}],"collection":[{"href":"https:\/\/de-prime.com\/index.php\/wp-json\/wp\/v2\/product"}],"about":[{"href":"https:\/\/de-prime.com\/index.php\/wp-json\/wp\/v2\/types\/product"}],"replies":[{"embeddable":true,"href":"https:\/\/de-prime.com\/index.php\/wp-json\/wp\/v2\/comments?post=58822"}],"wp:featuredmedia":[{"embeddable":true,"href":"https:\/\/de-prime.com\/index.php\/wp-json\/"}],"wp:attachment":[{"href":"https:\/\/de-prime.com\/index.php\/wp-json\/wp\/v2\/media?parent=58822"}],"wp:term":[{"taxonomy":"product_brand","embeddable":true,"href":"https:\/\/de-prime.com\/index.php\/wp-json\/wp\/v2\/product_brand?post=58822"},{"taxonomy":"product_cat","embeddable":true,"href":"https:\/\/de-prime.com\/index.php\/wp-json\/wp\/v2\/product_cat?post=58822"},{"taxonomy":"product_tag","embeddable":true,"href":"https:\/\/de-prime.com\/index.php\/wp-json\/wp\/v2\/product_tag?post=58822"}],"curies":[{"name":"wp","href":"https:\/\/api.w.org\/{rel}","templated":true}]}}