{"id":58730,"date":"2024-10-04T11:24:47","date_gmt":"2024-10-04T09:24:47","guid":{"rendered":"https:\/\/de-prime.com\/?p=58730"},"modified":"2024-10-04T11:24:47","modified_gmt":"2024-10-04T09:24:47","slug":"deckenlampe-2-stk-schwarz-rund-e27","status":"publish","type":"product","link":"https:\/\/de-prime.com\/index.php\/product\/deckenlampe-2-stk-schwarz-rund-e27\/","title":{"rendered":"Deckenlampe 2 Stk. Schwarz Rund E27"},"content":{"rendered":"<p>Dieses moderne Pendelleuchten-Set eignet sich sowohl f\u00fcr den privaten als auch f\u00fcr den gewerblichen Gebrauch. Mit einem schlichten, eleganten Design sind diese Lampen ideal, um Ihre Zimmer \u00e4sthetisch aufzuwerten und die Sch\u00f6nheit Ihres Zuhauses zu betonen. Diese modernen Lampen aus Metall sind f\u00fcr den jahrelangen Gebrauch ausgelegt. Die Lampen sind f\u00fcr E27-Leuchtmittel konzipiert. Im Lieferumfang sind 2 Pendelleuchten, allerdings keine Gl\u00fchbirnen enthalten.<\/p>\n<ul>\n<li>Farbe: Schwarz und Kupfern<\/li>\n<li>Abmessungen: 23 x 36 cm (Durchmesser x H)<\/li>\n<li>Material: Metall<\/li>\n<li>Lampenfassung: E27<\/li>\n<li>Leuchtmittel sind nicht im Lieferumfang enthalten<\/li>\n<li>Mit einem 1,2 m langen Kabel<\/li>\n<li>Im Lieferumfang sind 2 Deckenlampen aus Metall, keine Gl\u00fchbirnen enthalten<\/li>\n<\/ul>\n","protected":false},"excerpt":{"rendered":"<ul>\n<li>Farbe: Schwarz und Kupfern<\/li>\n<li>Abmessungen: 23 x 36 cm (Durchmesser x H)<\/li>\n<li>Material: Metall<\/li>\n<li>Lampenfassung: E27<\/li>\n<li>Leuchtmittel sind nicht im Lieferumfang enthalten<\/li>\n<li>Mit einem 1,2 m langen Kabel<\/li>\n<li>Im Lieferumfang sind 2 Deckenlampen aus Metall, keine Gl\u00fchbirnen enthalten<\/li>\n<\/ul>\n","protected":false},"featured_media":10000058730,"comment_status":"closed","ping_status":"closed","template":"","meta":[],"product_brand":[],"product_cat":[7054,7048,7101],"product_tag":[],"class_list":{"0":"post-58730","1":"product","2":"type-product","3":"status-publish","4":"has-post-thumbnail","6":"product_cat-beleuchtung","7":"product_cat-heim-garten","8":"product_cat-lampen","10":"first","11":"instock","12":"taxable","13":"shipping-taxable","14":"purchasable","15":"product-type-simple","16":"add-to-wishlist-after_add_to_cart"},"jetpack_sharing_enabled":true,"_links":{"self":[{"href":"https:\/\/de-prime.com\/index.php\/wp-json\/wp\/v2\/product\/58730","targetHints":{"allow":["GET"]}}],"collection":[{"href":"https:\/\/de-prime.com\/index.php\/wp-json\/wp\/v2\/product"}],"about":[{"href":"https:\/\/de-prime.com\/index.php\/wp-json\/wp\/v2\/types\/product"}],"replies":[{"embeddable":true,"href":"https:\/\/de-prime.com\/index.php\/wp-json\/wp\/v2\/comments?post=58730"}],"wp:featuredmedia":[{"embeddable":true,"href":"https:\/\/de-prime.com\/index.php\/wp-json\/"}],"wp:attachment":[{"href":"https:\/\/de-prime.com\/index.php\/wp-json\/wp\/v2\/media?parent=58730"}],"wp:term":[{"taxonomy":"product_brand","embeddable":true,"href":"https:\/\/de-prime.com\/index.php\/wp-json\/wp\/v2\/product_brand?post=58730"},{"taxonomy":"product_cat","embeddable":true,"href":"https:\/\/de-prime.com\/index.php\/wp-json\/wp\/v2\/product_cat?post=58730"},{"taxonomy":"product_tag","embeddable":true,"href":"https:\/\/de-prime.com\/index.php\/wp-json\/wp\/v2\/product_tag?post=58730"}],"curies":[{"name":"wp","href":"https:\/\/api.w.org\/{rel}","templated":true}]}}

<p>Dieses moderne Pendelleuchten-Set eignet sich sowohl für den privaten als auch für den gewerblichen Gebrauch. Mit einem schlichten, eleganten Design sind diese Lampen ideal, um Ihre Zimmer ästhetisch aufzuwerten und die Schönheit Ihres Zuhauses zu betonen. Diese modernen Lampen aus Metall sind für den jahrelangen Gebrauch ausgelegt. Die Lampen sind für E27-Leuchtmittel konzipiert. Im Lieferumfang sind 2 Pendelleuchten, allerdings keine Glühbirnen enthalten.</p>
<ul>
<li>Farbe: Schwarz und Kupfern</li>
<li>Abmessungen: 23 x 36 cm (Durchmesser x H)</li>
<li>Material: Metall</li>
<li>Lampenfassung: E27</li>
<li>Leuchtmittel sind nicht im Lieferumfang enthalten</li>
<li>Mit einem 1,2 m langen Kabel</li>
<li>Im Lieferumfang sind 2 Deckenlampen aus Metall, keine Glühbirnen enthalten</li>
</ul>

<ul>
<li>Farbe: Schwarz und Kupfern</li>
<li>Abmessungen: 23 x 36 cm (Durchmesser x H)</li>
<li>Material: Metall</li>
<li>Lampenfassung: E27</li>
<li>Leuchtmittel sind nicht im Lieferumfang enthalten</li>
<li>Mit einem 1,2 m langen Kabel</li>
<li>Im Lieferumfang sind 2 Deckenlampen aus Metall, keine Glühbirnen enthalten</li>
</ul>
