{"id":58687,"date":"2024-10-03T21:13:56","date_gmt":"2024-10-03T19:13:56","guid":{"rendered":"https:\/\/de-prime.com\/?p=58687"},"modified":"2024-10-03T21:37:26","modified_gmt":"2024-10-03T19:37:26","slug":"deckenleuchte-grau-rund-e27","status":"publish","type":"product","link":"https:\/\/de-prime.com\/index.php\/product\/deckenleuchte-grau-rund-e27\/","title":{"rendered":"Deckenleuchte Grau Rund E27"},"content":{"rendered":"<p>Diese Deckenleuchte im industriellen Design wird sicherlich ein Blickfang in jeder Umgebung sein. Sie wird die perfekte Erg\u00e4nzung zu Esszimmern, Bars, Loungebereichen, Caf\u00e9s und anderen Orten sein. Mit ihrem schlichten, eleganten Design ist diese Leuchte ideal um die \u00c4sthetik der Wohnr\u00e4ume aufzuwerten. Sie ist vielseitig einsetzbar, sowohl im Wohn- als auch im Gewerbebereich. Sie k\u00f6nnen E27-Gl\u00fchbirnen mit verschiedenen Lichtfarben ausw\u00e4hlen, um eine Atmosph\u00e4re der Erholung und Entspannung zu schaffen. Bitte beachten Sie, dass die Leuchtmittel nicht im Lieferumfang enthalten sind. Mit den inbegriffenen Montagematerialien k\u00f6nnen Sie die H\u00e4ngelampe einfach und sicher montieren und befestigen.<\/p>\n<ul>\n<li>Farbe: Mattgrau<\/li>\n<li>Material: Acryl<\/li>\n<li>Ma\u00dfe: 31 x 40 cm (Durchmesser x H)<\/li>\n<li>Lampenfassung: E27<\/li>\n<li>Mit 1 Gl\u00fchbirnen-Fassung<\/li>\n<li>Leuchtmittel nicht enthalten<\/li>\n<\/ul>\n","protected":false},"excerpt":{"rendered":"<ul>\n<li>Farbe: Mattgrau<\/li>\n<li>Material: Acryl<\/li>\n<li>Ma\u00dfe: 31 x 40 cm (Durchmesser x H)<\/li>\n<li>Lampenfassung: E27<\/li>\n<li>Mit 1 Gl\u00fchbirnen-Fassung<\/li>\n<li>Leuchtmittel nicht enthalten<\/li>\n<\/ul>\n","protected":false},"featured_media":10000058687,"comment_status":"closed","ping_status":"closed","template":"","meta":[],"product_brand":[],"product_cat":[7054,7048,7101],"product_tag":[],"class_list":{"0":"post-58687","1":"product","2":"type-product","3":"status-publish","4":"has-post-thumbnail","6":"product_cat-beleuchtung","7":"product_cat-heim-garten","8":"product_cat-lampen","10":"first","11":"instock","12":"taxable","13":"shipping-taxable","14":"purchasable","15":"product-type-simple","16":"add-to-wishlist-after_add_to_cart"},"jetpack_sharing_enabled":true,"_links":{"self":[{"href":"https:\/\/de-prime.com\/index.php\/wp-json\/wp\/v2\/product\/58687","targetHints":{"allow":["GET"]}}],"collection":[{"href":"https:\/\/de-prime.com\/index.php\/wp-json\/wp\/v2\/product"}],"about":[{"href":"https:\/\/de-prime.com\/index.php\/wp-json\/wp\/v2\/types\/product"}],"replies":[{"embeddable":true,"href":"https:\/\/de-prime.com\/index.php\/wp-json\/wp\/v2\/comments?post=58687"}],"wp:featuredmedia":[{"embeddable":true,"href":"https:\/\/de-prime.com\/index.php\/wp-json\/"}],"wp:attachment":[{"href":"https:\/\/de-prime.com\/index.php\/wp-json\/wp\/v2\/media?parent=58687"}],"wp:term":[{"taxonomy":"product_brand","embeddable":true,"href":"https:\/\/de-prime.com\/index.php\/wp-json\/wp\/v2\/product_brand?post=58687"},{"taxonomy":"product_cat","embeddable":true,"href":"https:\/\/de-prime.com\/index.php\/wp-json\/wp\/v2\/product_cat?post=58687"},{"taxonomy":"product_tag","embeddable":true,"href":"https:\/\/de-prime.com\/index.php\/wp-json\/wp\/v2\/product_tag?post=58687"}],"curies":[{"name":"wp","href":"https:\/\/api.w.org\/{rel}","templated":true}]}}

<p>Diese Deckenleuchte im industriellen Design wird sicherlich ein Blickfang in jeder Umgebung sein. Sie wird die perfekte Ergänzung zu Esszimmern, Bars, Loungebereichen, Cafés und anderen Orten sein. Mit ihrem schlichten, eleganten Design ist diese Leuchte ideal um die Ästhetik der Wohnräume aufzuwerten. Sie ist vielseitig einsetzbar, sowohl im Wohn- als auch im Gewerbebereich. Sie können E27-Glühbirnen mit verschiedenen Lichtfarben auswählen, um eine Atmosphäre der Erholung und Entspannung zu schaffen. Bitte beachten Sie, dass die Leuchtmittel nicht im Lieferumfang enthalten sind. Mit den inbegriffenen Montagematerialien können Sie die Hängelampe einfach und sicher montieren und befestigen.</p>
<ul>
<li>Farbe: Mattgrau</li>
<li>Material: Acryl</li>
<li>Maße: 31 x 40 cm (Durchmesser x H)</li>
<li>Lampenfassung: E27</li>
<li>Mit 1 Glühbirnen-Fassung</li>
<li>Leuchtmittel nicht enthalten</li>
</ul>

<ul>
<li>Farbe: Mattgrau</li>
<li>Material: Acryl</li>
<li>Maße: 31 x 40 cm (Durchmesser x H)</li>
<li>Lampenfassung: E27</li>
<li>Mit 1 Glühbirnen-Fassung</li>
<li>Leuchtmittel nicht enthalten</li>
</ul>
