{"id":58666,"date":"2024-10-03T21:14:12","date_gmt":"2024-10-03T19:14:12","guid":{"rendered":"https:\/\/de-prime.com\/?p=58666"},"modified":"2024-10-03T21:37:13","modified_gmt":"2024-10-03T19:37:13","slug":"deckenleuchte-mit-perlen-schwarz-rund-e14","status":"publish","type":"product","link":"https:\/\/de-prime.com\/index.php\/product\/deckenleuchte-mit-perlen-schwarz-rund-e14\/","title":{"rendered":"Deckenleuchte mit Perlen Schwarz Rund E14"},"content":{"rendered":"<p>Mit ihrem extravaganten und ausgefallenen Design wird diese Deckenleuchte mit glitzernden Perlen mit Sicherheit ein mutiges visuelles Statement setzen und ein Hingucker in Ihrem Zuhause sein! Die Tr\u00f6pfchen zeigen ein sch\u00f6nes Lichtbild und sorgen f\u00fcr optimale Ausleuchtung. Sie k\u00f6nnen E14-Gl\u00fchbirnen mit verschiedenen Lichtfarben ausw\u00e4hlen und installieren, um eine Atmosph\u00e4re der Entspannung und Erholung zu schaffen. Bitte beachten Sie, dass die Leuchtmittel nicht im Lieferumfang enthalten sind. Mit den inbegriffenen Montagematerialien k\u00f6nnen Sie die H\u00e4ngelampe einfach und sicher montieren und sichern.<\/p>\n<ul>\n<li>Farbe: Schwarz <\/li>\n<li>Material: Metall (Lampensockel) + Acryl (Perlen)<\/li>\n<li>Abmessungen: 24 x 32 cm (Durchmesser x H)<\/li>\n<li>Stromversorgung: 230 V<\/li>\n<li>Lampenfassung: E14<\/li>\n<li>Mit 1 Gl\u00fchbirnen-Fassung<\/li>\n<li>Leuchtmittel nicht enthalten<\/li>\n<\/ul>\n","protected":false},"excerpt":{"rendered":"<ul>\n<li>Farbe: Schwarz <\/li>\n<li>Material: Metall (Lampensockel) + Acryl (Perlen)<\/li>\n<li>Abmessungen: 24 x 32 cm (Durchmesser x H)<\/li>\n<li>Stromversorgung: 230 V<\/li>\n<li>Lampenfassung: E14<\/li>\n<li>Mit 1 Gl\u00fchbirnen-Fassung<\/li>\n<li>Leuchtmittel nicht enthalten<\/li>\n<\/ul>\n","protected":false},"featured_media":10000058666,"comment_status":"closed","ping_status":"closed","template":"","meta":[],"product_brand":[],"product_cat":[7054,7048,7101],"product_tag":[],"class_list":{"0":"post-58666","1":"product","2":"type-product","3":"status-publish","4":"has-post-thumbnail","6":"product_cat-beleuchtung","7":"product_cat-heim-garten","8":"product_cat-lampen","10":"first","11":"instock","12":"taxable","13":"shipping-taxable","14":"purchasable","15":"product-type-simple","16":"add-to-wishlist-after_add_to_cart"},"jetpack_sharing_enabled":true,"_links":{"self":[{"href":"https:\/\/de-prime.com\/index.php\/wp-json\/wp\/v2\/product\/58666","targetHints":{"allow":["GET"]}}],"collection":[{"href":"https:\/\/de-prime.com\/index.php\/wp-json\/wp\/v2\/product"}],"about":[{"href":"https:\/\/de-prime.com\/index.php\/wp-json\/wp\/v2\/types\/product"}],"replies":[{"embeddable":true,"href":"https:\/\/de-prime.com\/index.php\/wp-json\/wp\/v2\/comments?post=58666"}],"wp:featuredmedia":[{"embeddable":true,"href":"https:\/\/de-prime.com\/index.php\/wp-json\/"}],"wp:attachment":[{"href":"https:\/\/de-prime.com\/index.php\/wp-json\/wp\/v2\/media?parent=58666"}],"wp:term":[{"taxonomy":"product_brand","embeddable":true,"href":"https:\/\/de-prime.com\/index.php\/wp-json\/wp\/v2\/product_brand?post=58666"},{"taxonomy":"product_cat","embeddable":true,"href":"https:\/\/de-prime.com\/index.php\/wp-json\/wp\/v2\/product_cat?post=58666"},{"taxonomy":"product_tag","embeddable":true,"href":"https:\/\/de-prime.com\/index.php\/wp-json\/wp\/v2\/product_tag?post=58666"}],"curies":[{"name":"wp","href":"https:\/\/api.w.org\/{rel}","templated":true}]}}

<p>Mit ihrem extravaganten und ausgefallenen Design wird diese Deckenleuchte mit glitzernden Perlen mit Sicherheit ein mutiges visuelles Statement setzen und ein Hingucker in Ihrem Zuhause sein! Die Tröpfchen zeigen ein schönes Lichtbild und sorgen für optimale Ausleuchtung. Sie können E14-Glühbirnen mit verschiedenen Lichtfarben auswählen und installieren, um eine Atmosphäre der Entspannung und Erholung zu schaffen. Bitte beachten Sie, dass die Leuchtmittel nicht im Lieferumfang enthalten sind. Mit den inbegriffenen Montagematerialien können Sie die Hängelampe einfach und sicher montieren und sichern.</p>
<ul>
<li>Farbe: Schwarz </li>
<li>Material: Metall (Lampensockel) + Acryl (Perlen)</li>
<li>Abmessungen: 24 x 32 cm (Durchmesser x H)</li>
<li>Stromversorgung: 230 V</li>
<li>Lampenfassung: E14</li>
<li>Mit 1 Glühbirnen-Fassung</li>
<li>Leuchtmittel nicht enthalten</li>
</ul>

<ul>
<li>Farbe: Schwarz </li>
<li>Material: Metall (Lampensockel) + Acryl (Perlen)</li>
<li>Abmessungen: 24 x 32 cm (Durchmesser x H)</li>
<li>Stromversorgung: 230 V</li>
<li>Lampenfassung: E14</li>
<li>Mit 1 Glühbirnen-Fassung</li>
<li>Leuchtmittel nicht enthalten</li>
</ul>
