{"id":58662,"date":"2024-10-03T21:14:14","date_gmt":"2024-10-03T19:14:14","guid":{"rendered":"https:\/\/de-prime.com\/?p=58662"},"modified":"2024-10-03T21:37:12","modified_gmt":"2024-10-03T19:37:12","slug":"wandleuchte-mit-perlen-rosa-2-x-e14-fassungen","status":"publish","type":"product","link":"https:\/\/de-prime.com\/index.php\/product\/wandleuchte-mit-perlen-rosa-2-x-e14-fassungen\/","title":{"rendered":"Wandleuchte mit Perlen Rosa 2 \u00d7 E14-Fassungen"},"content":{"rendered":"<p>Mit einem ausgefallenen Design wird diese Wandleuchte mit glitzernden Perlen sicherlich ein k\u00fchnes optisches Statement setzen und ein Blickfang in Ihrem Zuhause sein! Die klaren Tr\u00f6pfchen und die rosarote Oberfl\u00e4che zeigen ein sch\u00f6nes Lichtbild und sorgen f\u00fcr optimale Ausleuchtung. Sie k\u00f6nnen E14-Gl\u00fchbirnen mit verschiedenen Lichtfarben ausw\u00e4hlen und installieren, um eine Atmosph\u00e4re der Entspannung und Erholung zu schaffen. Bitte beachten Sie, dass die Leuchtmittel nicht im Lieferumfang enthalten sind. Mit den inbegriffenen Montagematerialien k\u00f6nnen Sie die Lampe einfach und sicher zusammenbauen und montieren.<\/p>\n<ul>\n<li>Farbe: Rosa<\/li>\n<li>Material: Metall (Lampensockel) + Acryl (Perlen)<\/li>\n<li>Gr\u00f6\u00dfe: 29,5 x 29 cm (B x H)<\/li>\n<li>Lampenfassung: E14<\/li>\n<li>Mit 2 Lampensockeln<\/li>\n<li>Leuchtmittel nicht enthalten<\/li>\n<\/ul>\n","protected":false},"excerpt":{"rendered":"<ul>\n<li>Farbe: Rosa<\/li>\n<li>Material: Metall (Lampensockel) + Acryl (Perlen)<\/li>\n<li>Gr\u00f6\u00dfe: 29,5 x 29 cm (B x H)<\/li>\n<li>Lampenfassung: E14<\/li>\n<li>Mit 2 Lampensockeln<\/li>\n<li>Leuchtmittel nicht enthalten<\/li>\n<\/ul>\n","protected":false},"featured_media":10000058662,"comment_status":"closed","ping_status":"closed","template":"","meta":[],"product_brand":[],"product_cat":[7054,7048,7101],"product_tag":[],"class_list":{"0":"post-58662","1":"product","2":"type-product","3":"status-publish","4":"has-post-thumbnail","6":"product_cat-beleuchtung","7":"product_cat-heim-garten","8":"product_cat-lampen","10":"first","11":"instock","12":"taxable","13":"shipping-taxable","14":"purchasable","15":"product-type-simple","16":"add-to-wishlist-after_add_to_cart"},"jetpack_sharing_enabled":true,"_links":{"self":[{"href":"https:\/\/de-prime.com\/index.php\/wp-json\/wp\/v2\/product\/58662","targetHints":{"allow":["GET"]}}],"collection":[{"href":"https:\/\/de-prime.com\/index.php\/wp-json\/wp\/v2\/product"}],"about":[{"href":"https:\/\/de-prime.com\/index.php\/wp-json\/wp\/v2\/types\/product"}],"replies":[{"embeddable":true,"href":"https:\/\/de-prime.com\/index.php\/wp-json\/wp\/v2\/comments?post=58662"}],"wp:featuredmedia":[{"embeddable":true,"href":"https:\/\/de-prime.com\/index.php\/wp-json\/"}],"wp:attachment":[{"href":"https:\/\/de-prime.com\/index.php\/wp-json\/wp\/v2\/media?parent=58662"}],"wp:term":[{"taxonomy":"product_brand","embeddable":true,"href":"https:\/\/de-prime.com\/index.php\/wp-json\/wp\/v2\/product_brand?post=58662"},{"taxonomy":"product_cat","embeddable":true,"href":"https:\/\/de-prime.com\/index.php\/wp-json\/wp\/v2\/product_cat?post=58662"},{"taxonomy":"product_tag","embeddable":true,"href":"https:\/\/de-prime.com\/index.php\/wp-json\/wp\/v2\/product_tag?post=58662"}],"curies":[{"name":"wp","href":"https:\/\/api.w.org\/{rel}","templated":true}]}}

<p>Mit einem ausgefallenen Design wird diese Wandleuchte mit glitzernden Perlen sicherlich ein kühnes optisches Statement setzen und ein Blickfang in Ihrem Zuhause sein! Die klaren Tröpfchen und die rosarote Oberfläche zeigen ein schönes Lichtbild und sorgen für optimale Ausleuchtung. Sie können E14-Glühbirnen mit verschiedenen Lichtfarben auswählen und installieren, um eine Atmosphäre der Entspannung und Erholung zu schaffen. Bitte beachten Sie, dass die Leuchtmittel nicht im Lieferumfang enthalten sind. Mit den inbegriffenen Montagematerialien können Sie die Lampe einfach und sicher zusammenbauen und montieren.</p>
<ul>
<li>Farbe: Rosa</li>
<li>Material: Metall (Lampensockel) + Acryl (Perlen)</li>
<li>Größe: 29,5 x 29 cm (B x H)</li>
<li>Lampenfassung: E14</li>
<li>Mit 2 Lampensockeln</li>
<li>Leuchtmittel nicht enthalten</li>
</ul>

<ul>
<li>Farbe: Rosa</li>
<li>Material: Metall (Lampensockel) + Acryl (Perlen)</li>
<li>Größe: 29,5 x 29 cm (B x H)</li>
<li>Lampenfassung: E14</li>
<li>Mit 2 Lampensockeln</li>
<li>Leuchtmittel nicht enthalten</li>
</ul>
