{"id":58634,"date":"2024-10-03T21:14:42","date_gmt":"2024-10-03T19:14:42","guid":{"rendered":"https:\/\/de-prime.com\/?p=58634"},"modified":"2024-10-03T21:36:48","modified_gmt":"2024-10-03T19:36:48","slug":"deckenleuchte-2-stk-hoehenverstellbar-halbkugelfoermig-schwarz","status":"publish","type":"product","link":"https:\/\/de-prime.com\/index.php\/product\/deckenleuchte-2-stk-hoehenverstellbar-halbkugelfoermig-schwarz\/","title":{"rendered":"Deckenleuchte 2 Stk. H\u00f6henverstellbar Halbkugelf\u00f6rmig Schwarz"},"content":{"rendered":"<p>Diese halbkugelf\u00f6rmige Pendelleuchte eignet sich perfekt sowohl f\u00fcr den privaten als auch f\u00fcr den gewerblichen Einsatz. Mit einem einfachen, eleganten Design, ist diese Lampe eine ideale Wahl, die \u00c4sthetik Ihres Zimmers zu erh\u00f6hen und die Sch\u00f6nheit Ihres Zuhauses zu betonen. Aus hochwertigem Metall hergestellt, wird Ihnen diese moderne Lampe jahrelange Nutzung anbieten. Die Lampen sind f\u00fcr E27-Leuchtmittel konzipiert. Im Lieferumfang sind 2 Pendelleuchten, allerdings keine Gl\u00fchbirnen enthalten.<\/p>\n<ul>\n<li>Spannung: 220 &#8211; 240 V~<\/li>\n<li>Frequenz: 50\/60 Hz<\/li>\n<li>Gl\u00fchlampenleistung: Max. 40 W<\/li>\n<li>Farbe: Schwarz + Golden<\/li>\n<li>Material: Metall<\/li>\n<li>Gr\u00f6\u00dfe: 35 x 17 cm (Durchmesser x H)<\/li>\n<li>H\u00f6henverstellbar von 0 bis 132 cm<\/li>\n<li>Lampenfassung: E27<\/li>\n<li>Kabell\u00e4nge: 1,2 m<\/li>\n<li>Im Lieferumfang sind 2 Deckenlampen aus Metall, keine Gl\u00fchbirnen enthalten.<\/li>\n<\/ul>\n","protected":false},"excerpt":{"rendered":"<ul>\n<li>Spannung: 220 &#8211; 240 V~<\/li>\n<li>Frequenz: 50\/60 Hz<\/li>\n<li>Gl\u00fchlampenleistung: Max. 40 W<\/li>\n<li>Farbe: Schwarz + Golden<\/li>\n<li>Material: Metall<\/li>\n<li>Gr\u00f6\u00dfe: 35 x 17 cm (Durchmesser x H)<\/li>\n<li>H\u00f6henverstellbar von 0 bis 132 cm<\/li>\n<li>Lampenfassung: E27<\/li>\n<li>Kabell\u00e4nge: 1,2 m<\/li>\n<li>Im Lieferumfang sind 2 Deckenlampen aus Metall, keine Gl\u00fchbirnen enthalten.<\/li>\n<\/ul>\n","protected":false},"featured_media":10000058634,"comment_status":"closed","ping_status":"closed","template":"","meta":[],"product_brand":[],"product_cat":[7054,7048,7101],"product_tag":[],"class_list":{"0":"post-58634","1":"product","2":"type-product","3":"status-publish","4":"has-post-thumbnail","6":"product_cat-beleuchtung","7":"product_cat-heim-garten","8":"product_cat-lampen","10":"first","11":"instock","12":"taxable","13":"shipping-taxable","14":"purchasable","15":"product-type-simple","16":"add-to-wishlist-after_add_to_cart"},"jetpack_sharing_enabled":true,"_links":{"self":[{"href":"https:\/\/de-prime.com\/index.php\/wp-json\/wp\/v2\/product\/58634","targetHints":{"allow":["GET"]}}],"collection":[{"href":"https:\/\/de-prime.com\/index.php\/wp-json\/wp\/v2\/product"}],"about":[{"href":"https:\/\/de-prime.com\/index.php\/wp-json\/wp\/v2\/types\/product"}],"replies":[{"embeddable":true,"href":"https:\/\/de-prime.com\/index.php\/wp-json\/wp\/v2\/comments?post=58634"}],"wp:featuredmedia":[{"embeddable":true,"href":"https:\/\/de-prime.com\/index.php\/wp-json\/"}],"wp:attachment":[{"href":"https:\/\/de-prime.com\/index.php\/wp-json\/wp\/v2\/media?parent=58634"}],"wp:term":[{"taxonomy":"product_brand","embeddable":true,"href":"https:\/\/de-prime.com\/index.php\/wp-json\/wp\/v2\/product_brand?post=58634"},{"taxonomy":"product_cat","embeddable":true,"href":"https:\/\/de-prime.com\/index.php\/wp-json\/wp\/v2\/product_cat?post=58634"},{"taxonomy":"product_tag","embeddable":true,"href":"https:\/\/de-prime.com\/index.php\/wp-json\/wp\/v2\/product_tag?post=58634"}],"curies":[{"name":"wp","href":"https:\/\/api.w.org\/{rel}","templated":true}]}}

Deckenleuchte 2 Stk. Höhenverstellbar Halbkugelförmig Schwarz

<p>Diese halbkugelförmige Pendelleuchte eignet sich perfekt sowohl für den privaten als auch für den gewerblichen Einsatz. Mit einem einfachen, eleganten Design, ist diese Lampe eine ideale Wahl, die Ästhetik Ihres Zimmers zu erhöhen und die Schönheit Ihres Zuhauses zu betonen. Aus hochwertigem Metall hergestellt, wird Ihnen diese moderne Lampe jahrelange Nutzung anbieten. Die Lampen sind für E27-Leuchtmittel konzipiert. Im Lieferumfang sind 2 Pendelleuchten, allerdings keine Glühbirnen enthalten.</p>
<ul>
<li>Spannung: 220 &#8211; 240 V~</li>
<li>Frequenz: 50/60 Hz</li>
<li>Glühlampenleistung: Max. 40 W</li>
<li>Farbe: Schwarz + Golden</li>
<li>Material: Metall</li>
<li>Größe: 35 x 17 cm (Durchmesser x H)</li>
<li>Höhenverstellbar von 0 bis 132 cm</li>
<li>Lampenfassung: E27</li>
<li>Kabellänge: 1,2 m</li>
<li>Im Lieferumfang sind 2 Deckenlampen aus Metall, keine Glühbirnen enthalten.</li>
</ul>

<ul>
<li>Spannung: 220 &#8211; 240 V~</li>
<li>Frequenz: 50/60 Hz</li>
<li>Glühlampenleistung: Max. 40 W</li>
<li>Farbe: Schwarz + Golden</li>
<li>Material: Metall</li>
<li>Größe: 35 x 17 cm (Durchmesser x H)</li>
<li>Höhenverstellbar von 0 bis 132 cm</li>
<li>Lampenfassung: E27</li>
<li>Kabellänge: 1,2 m</li>
<li>Im Lieferumfang sind 2 Deckenlampen aus Metall, keine Glühbirnen enthalten.</li>
</ul>
