{"id":58626,"date":"2024-10-03T21:14:50","date_gmt":"2024-10-03T19:14:50","guid":{"rendered":"https:\/\/de-prime.com\/?p=58626"},"modified":"2024-10-03T21:36:42","modified_gmt":"2024-10-03T19:36:42","slug":"stehleuchte-mit-lampeschirm-und-hohem-staender-weiss","status":"publish","type":"product","link":"https:\/\/de-prime.com\/index.php\/product\/stehleuchte-mit-lampeschirm-und-hohem-staender-weiss\/","title":{"rendered":"Stehleuchte mit Lampeschirm und hohem St\u00e4nder Wei\u00df"},"content":{"rendered":"<p>Diese stilvolle Stehlampe ist ein Blickfang in jedem Zimmer und f\u00fcgt Sch\u00f6nheit, Stil und Eleganz \u00fcberall hinzu. Hergestellt aus PS-Board, das durch 100% Polyster abgedeckt wird, der runde Lampenschirm erzeugt eine weiche Ausleuchtung und schafft eine Atmosph\u00e4re der Entspannung. Diese stilvolle Stehlampe ist ein Blickfang in jedem Zimmer und f\u00fcgt Sch\u00f6nheit, Stil und Eleganz \u00fcberall hinzu. Hergestellt aus PS-Board, das durch 100% Polyster abgedeckt wird, der runde Lampenschirm erzeugt eine weiche Ausleuchtung und schafft eine Atmosph\u00e4re der Entspannung. Die Lampenfassung eignet sich f\u00fcr ein E27-Leuchtmittel der Standardgr\u00f6\u00dfe, das separat gekauft werden muss. Das Ein- oder Ausschalten der Leuchte erfolgt \u00fcber den schwarzen Fu\u00dfschalter. Mit den hohen Stativbeinen, die die Lampenfassung und den Schirm tragen, ist diese Stehlampe elegant, robust und langlebig.<\/p>\n<ul>\n<li>Farbe: Wei\u00df <\/li>\n<li>Schirmma\u00dfe: 330 ~ 380 mm <\/li>\n<li>Gesamtma\u00dfe: 380 x 380 x 1390 mm (L x B x H)<\/li>\n<li>Schwarzes Kabel von 1,2 m <\/li>\n<li>Schwarzer EIN\/AUS-Fu\u00dfschalter <\/li>\n<li>Spannung: 220 &#8211; 240 V~<\/li>\n<li>Frequenz: 50\/60 Hz<\/li>\n<li>Gl\u00fchlampenleistung: Max. 60 W<\/li>\n<li>Geeignet f\u00fcr 1 x E27 Gl\u00fchbirne (nicht enthalten)<\/li>\n<li>Material: Polyester: 100%<\/li>\n<\/ul>\n","protected":false},"excerpt":{"rendered":"<ul>\n<li>Farbe: Wei\u00df <\/li>\n<li>Schirmma\u00dfe: 330 ~ 380 mm <\/li>\n<li>Gesamtma\u00dfe: 380 x 380 x 1390 mm (L x B x H)<\/li>\n<li>Schwarzes Kabel von 1,2 m <\/li>\n<li>Schwarzer EIN\/AUS-Fu\u00dfschalter <\/li>\n<li>Spannung: 220 &#8211; 240 V~<\/li>\n<li>Frequenz: 50\/60 Hz<\/li>\n<li>Gl\u00fchlampenleistung: Max. 60 W<\/li>\n<li>Geeignet f\u00fcr 1 x E27 Gl\u00fchbirne (nicht enthalten)<\/li>\n<li>Material: Polyester: 100%<\/li>\n<\/ul>\n","protected":false},"featured_media":10000058626,"comment_status":"closed","ping_status":"closed","template":"","meta":[],"product_brand":[],"product_cat":[7054,7048,7101],"product_tag":[],"class_list":{"0":"post-58626","1":"product","2":"type-product","3":"status-publish","4":"has-post-thumbnail","6":"product_cat-beleuchtung","7":"product_cat-heim-garten","8":"product_cat-lampen","10":"first","11":"instock","12":"taxable","13":"shipping-taxable","14":"purchasable","15":"product-type-simple","16":"add-to-wishlist-after_add_to_cart"},"jetpack_sharing_enabled":true,"_links":{"self":[{"href":"https:\/\/de-prime.com\/index.php\/wp-json\/wp\/v2\/product\/58626","targetHints":{"allow":["GET"]}}],"collection":[{"href":"https:\/\/de-prime.com\/index.php\/wp-json\/wp\/v2\/product"}],"about":[{"href":"https:\/\/de-prime.com\/index.php\/wp-json\/wp\/v2\/types\/product"}],"replies":[{"embeddable":true,"href":"https:\/\/de-prime.com\/index.php\/wp-json\/wp\/v2\/comments?post=58626"}],"wp:featuredmedia":[{"embeddable":true,"href":"https:\/\/de-prime.com\/index.php\/wp-json\/"}],"wp:attachment":[{"href":"https:\/\/de-prime.com\/index.php\/wp-json\/wp\/v2\/media?parent=58626"}],"wp:term":[{"taxonomy":"product_brand","embeddable":true,"href":"https:\/\/de-prime.com\/index.php\/wp-json\/wp\/v2\/product_brand?post=58626"},{"taxonomy":"product_cat","embeddable":true,"href":"https:\/\/de-prime.com\/index.php\/wp-json\/wp\/v2\/product_cat?post=58626"},{"taxonomy":"product_tag","embeddable":true,"href":"https:\/\/de-prime.com\/index.php\/wp-json\/wp\/v2\/product_tag?post=58626"}],"curies":[{"name":"wp","href":"https:\/\/api.w.org\/{rel}","templated":true}]}}

Stehleuchte mit Lampeschirm und hohem Ständer Weiß

<p>Diese stilvolle Stehlampe ist ein Blickfang in jedem Zimmer und fügt Schönheit, Stil und Eleganz überall hinzu. Hergestellt aus PS-Board, das durch 100% Polyster abgedeckt wird, der runde Lampenschirm erzeugt eine weiche Ausleuchtung und schafft eine Atmosphäre der Entspannung. Diese stilvolle Stehlampe ist ein Blickfang in jedem Zimmer und fügt Schönheit, Stil und Eleganz überall hinzu. Hergestellt aus PS-Board, das durch 100% Polyster abgedeckt wird, der runde Lampenschirm erzeugt eine weiche Ausleuchtung und schafft eine Atmosphäre der Entspannung. Die Lampenfassung eignet sich für ein E27-Leuchtmittel der Standardgröße, das separat gekauft werden muss. Das Ein- oder Ausschalten der Leuchte erfolgt über den schwarzen Fußschalter. Mit den hohen Stativbeinen, die die Lampenfassung und den Schirm tragen, ist diese Stehlampe elegant, robust und langlebig.</p>
<ul>
<li>Farbe: Weiß </li>
<li>Schirmmaße: 330 ~ 380 mm </li>
<li>Gesamtmaße: 380 x 380 x 1390 mm (L x B x H)</li>
<li>Schwarzes Kabel von 1,2 m </li>
<li>Schwarzer EIN/AUS-Fußschalter </li>
<li>Spannung: 220 &#8211; 240 V~</li>
<li>Frequenz: 50/60 Hz</li>
<li>Glühlampenleistung: Max. 60 W</li>
<li>Geeignet für 1 x E27 Glühbirne (nicht enthalten)</li>
<li>Material: Polyester: 100%</li>
</ul>

<ul>
<li>Farbe: Weiß </li>
<li>Schirmmaße: 330 ~ 380 mm </li>
<li>Gesamtmaße: 380 x 380 x 1390 mm (L x B x H)</li>
<li>Schwarzes Kabel von 1,2 m </li>
<li>Schwarzer EIN/AUS-Fußschalter </li>
<li>Spannung: 220 &#8211; 240 V~</li>
<li>Frequenz: 50/60 Hz</li>
<li>Glühlampenleistung: Max. 60 W</li>
<li>Geeignet für 1 x E27 Glühbirne (nicht enthalten)</li>
<li>Material: Polyester: 100%</li>
</ul>
