{"id":58532,"date":"2024-10-03T21:15:22","date_gmt":"2024-10-03T19:15:22","guid":{"rendered":"https:\/\/de-prime.com\/?p=58532"},"modified":"2024-10-03T21:36:19","modified_gmt":"2024-10-03T19:36:19","slug":"kronleuchter-silbern-5xe14-gluehbirnen","status":"publish","type":"product","link":"https:\/\/de-prime.com\/index.php\/product\/kronleuchter-silbern-5xe14-gluehbirnen\/","title":{"rendered":"Kronleuchter Silbern 5\u00d7E14-Gl\u00fchbirnen"},"content":{"rendered":"<p>Mit einem klassischen und eleganten Design wird dieser ausgefallene Kronleuchter sicherlich ein mutiges optisches Statement setzen und ein Blickfang in Ihrem Esszimmer, Wohnzimmer und jeder Wohnungseinrichtung sein. Es ist sowohl f\u00fcr den privaten als auch f\u00fcr den gewerblichen Gebrauch geeignet. Die kerzenartigen Lampensockel bringen einen Hauch von antikem und luxuri\u00f6sem Charme. Sie k\u00f6nnen E14-Gl\u00fchbirnen mit verschiedenen Lichtfarben ausw\u00e4hlen, um eine Atmosph\u00e4re der Entspannung und Entspannung zu schaffen. Bitte beachten Sie, dass die Leuchtmittel nicht im Lieferumfang enthalten sind. Mit den inbegriffenen Montagematerialien k\u00f6nnen Sie die H\u00e4ngelampe einfach und sicher montieren und sichern.<\/p>\n<ul>\n<li>Farbe: Silber<\/li>\n<li>Abmessungen: 50 x 45 cm (Durchmesser x H)<\/li>\n<li>Material: Metall<\/li>\n<li>Netzanschluss: 220 &#8211; 240 V<\/li>\n<li>Lampenfassung: E14<\/li>\n<li>Mit 5 Lampensockeln<\/li>\n<li>Leuchtmittel sind nicht im Lieferumfang enthalten<\/li>\n<\/ul>\n","protected":false},"excerpt":{"rendered":"<ul>\n<li>Farbe: Silber<\/li>\n<li>Abmessungen: 50 x 45 cm (Durchmesser x H)<\/li>\n<li>Material: Metall<\/li>\n<li>Netzanschluss: 220 &#8211; 240 V<\/li>\n<li>Lampenfassung: E14<\/li>\n<li>Mit 5 Lampensockeln<\/li>\n<li>Leuchtmittel sind nicht im Lieferumfang enthalten<\/li>\n<\/ul>\n","protected":false},"featured_media":10000058532,"comment_status":"closed","ping_status":"closed","template":"","meta":[],"product_brand":[],"product_cat":[7054,7048,7098,7070],"product_tag":[],"class_list":{"0":"post-58532","1":"product","2":"type-product","3":"status-publish","4":"has-post-thumbnail","6":"product_cat-beleuchtung","7":"product_cat-heim-garten","8":"product_cat-kronleuchter","9":"product_cat-kronleuchter-wand-deckenbeleuchtung","11":"first","12":"instock","13":"taxable","14":"shipping-taxable","15":"purchasable","16":"product-type-simple","17":"add-to-wishlist-after_add_to_cart"},"jetpack_sharing_enabled":true,"_links":{"self":[{"href":"https:\/\/de-prime.com\/index.php\/wp-json\/wp\/v2\/product\/58532","targetHints":{"allow":["GET"]}}],"collection":[{"href":"https:\/\/de-prime.com\/index.php\/wp-json\/wp\/v2\/product"}],"about":[{"href":"https:\/\/de-prime.com\/index.php\/wp-json\/wp\/v2\/types\/product"}],"replies":[{"embeddable":true,"href":"https:\/\/de-prime.com\/index.php\/wp-json\/wp\/v2\/comments?post=58532"}],"wp:featuredmedia":[{"embeddable":true,"href":"https:\/\/de-prime.com\/index.php\/wp-json\/"}],"wp:attachment":[{"href":"https:\/\/de-prime.com\/index.php\/wp-json\/wp\/v2\/media?parent=58532"}],"wp:term":[{"taxonomy":"product_brand","embeddable":true,"href":"https:\/\/de-prime.com\/index.php\/wp-json\/wp\/v2\/product_brand?post=58532"},{"taxonomy":"product_cat","embeddable":true,"href":"https:\/\/de-prime.com\/index.php\/wp-json\/wp\/v2\/product_cat?post=58532"},{"taxonomy":"product_tag","embeddable":true,"href":"https:\/\/de-prime.com\/index.php\/wp-json\/wp\/v2\/product_tag?post=58532"}],"curies":[{"name":"wp","href":"https:\/\/api.w.org\/{rel}","templated":true}]}}