{"id":58506,"date":"2024-10-03T21:16:29","date_gmt":"2024-10-03T19:16:29","guid":{"rendered":"https:\/\/de-prime.com\/?p=58506"},"modified":"2024-10-03T21:35:34","modified_gmt":"2024-10-03T19:35:34","slug":"kronleuchter-pendelleuchte-kristall-lampe-luester-leuchte-weiss","status":"publish","type":"product","link":"https:\/\/de-prime.com\/index.php\/product\/kronleuchter-pendelleuchte-kristall-lampe-luester-leuchte-weiss\/","title":{"rendered":"Kronleuchter Pendelleuchte Kristall Lampe L\u00fcster Leuchte wei\u00df"},"content":{"rendered":"<p>Dieser wundersch\u00f6ne Kristallkronleuchter im klassischen und eleganten Design ist sicherlich ein Blickfang in jedem Ambiente und ideal f\u00fcr private und gewerbliche Zwecke. Dank seines k\u00f6niglichen Kristalldesigns ist dieser atemberaubende Kronleuchter perfekt f\u00fcr Ihr Foyer, Esszimmer, Wohnzimmer und mehr! Die hochwertigen, klar leuchtenden Kristallperlen fangen das Licht effektiv ein und reflektieren es: Das Lichtspektrum bietet Ihnen ein gro\u00dfartiges Farbenspiel. Mit diesem sch\u00f6nen Kronleuchter werden Sie in der Lage, Ihr Haus auf luxuri\u00f6se Art und Weise zu dekorieren. Notiz: Leuchtmittel sind im Lieferumfang nicht enthalten.<\/p>\n<ul>\n<li>Spannung: 230 V~<\/li>\n<li>Anzahl der Lampenfassungen: 3<\/li>\n<li>Langlebiger Metall-Rahmen<\/li>\n<li>Gl\u00e4nzendes Kristallmaterial: Acryl<\/li>\n<li>Ma\u00dfe der Lampe: 37 x 45 cm (\u03a6 x H)<\/li>\n<li>Gl\u00fchbirnen: 3 x E14, max. 40 W (nicht enthalten)<\/li>\n<li>Farbe: Antikwei\u00df<\/li>\n<\/ul>\n","protected":false},"excerpt":{"rendered":"<ul>\n<li>Spannung: 230 V~<\/li>\n<li>Anzahl der Lampenfassungen: 3<\/li>\n<li>Langlebiger Metall-Rahmen<\/li>\n<li>Gl\u00e4nzendes Kristallmaterial: Acryl<\/li>\n<li>Ma\u00dfe der Lampe: 37 x 45 cm (\u03a6 x H)<\/li>\n<li>Gl\u00fchbirnen: 3 x E14, max. 40 W (nicht enthalten)<\/li>\n<li>Farbe: Antikwei\u00df<\/li>\n<\/ul>\n","protected":false},"featured_media":10000058506,"comment_status":"closed","ping_status":"closed","template":"","meta":[],"product_brand":[],"product_cat":[7054,7048,7098,7070],"product_tag":[],"class_list":{"0":"post-58506","1":"product","2":"type-product","3":"status-publish","4":"has-post-thumbnail","6":"product_cat-beleuchtung","7":"product_cat-heim-garten","8":"product_cat-kronleuchter","9":"product_cat-kronleuchter-wand-deckenbeleuchtung","11":"first","12":"instock","13":"taxable","14":"shipping-taxable","15":"purchasable","16":"product-type-simple","17":"add-to-wishlist-after_add_to_cart"},"jetpack_sharing_enabled":true,"_links":{"self":[{"href":"https:\/\/de-prime.com\/index.php\/wp-json\/wp\/v2\/product\/58506","targetHints":{"allow":["GET"]}}],"collection":[{"href":"https:\/\/de-prime.com\/index.php\/wp-json\/wp\/v2\/product"}],"about":[{"href":"https:\/\/de-prime.com\/index.php\/wp-json\/wp\/v2\/types\/product"}],"replies":[{"embeddable":true,"href":"https:\/\/de-prime.com\/index.php\/wp-json\/wp\/v2\/comments?post=58506"}],"wp:featuredmedia":[{"embeddable":true,"href":"https:\/\/de-prime.com\/index.php\/wp-json\/"}],"wp:attachment":[{"href":"https:\/\/de-prime.com\/index.php\/wp-json\/wp\/v2\/media?parent=58506"}],"wp:term":[{"taxonomy":"product_brand","embeddable":true,"href":"https:\/\/de-prime.com\/index.php\/wp-json\/wp\/v2\/product_brand?post=58506"},{"taxonomy":"product_cat","embeddable":true,"href":"https:\/\/de-prime.com\/index.php\/wp-json\/wp\/v2\/product_cat?post=58506"},{"taxonomy":"product_tag","embeddable":true,"href":"https:\/\/de-prime.com\/index.php\/wp-json\/wp\/v2\/product_tag?post=58506"}],"curies":[{"name":"wp","href":"https:\/\/api.w.org\/{rel}","templated":true}]}}