{"id":58450,"date":"2024-10-03T21:13:38","date_gmt":"2024-10-03T19:13:38","guid":{"rendered":"https:\/\/de-prime.com\/?p=58450"},"modified":"2024-10-03T21:37:40","modified_gmt":"2024-10-03T19:37:40","slug":"hi-gebaeckpresse-mit-8-duesen-und-13-formscheiben","status":"publish","type":"product","link":"https:\/\/de-prime.com\/index.php\/product\/hi-gebaeckpresse-mit-8-duesen-und-13-formscheiben\/","title":{"rendered":"HI Geb\u00e4ckpresse mit 8 D\u00fcsen und 13 Formscheiben"},"content":{"rendered":"<p>Mit dieser praktischen Geb\u00e4ckpresse von HI kannst du die leckersten Kekse zubereiten. Mehrere Aufs\u00e4tze: Die Kekspresse wird mit 8 D\u00fcsen und 13 Formscheiben geliefert, um die sch\u00f6nsten Kreationen zu schaffen. Damit kannst du Kekse in verschiedenen Formen backen und sie wundersch\u00f6n dekorieren.Einfache Bedienung: Die Kekspresse l\u00e4sst sich einfach bedienen: Lege eine die Formscheibe darin, f\u00fclle sie mit Teig und dr\u00fccke den Hebel nach unten.Metall: Diese Geb\u00e4ckpresse besteht aus Edelstahl und ist daher rostbest\u00e4ndig und auf eine lange Lebensdauer ausgelegt.<\/p>\n<ul>\n<li>Farbe: Silbern, Schwarz<\/li>\n<li>Material: Edelstahl 430, Aluminium, ABS<\/li>\n<li>Abmessungen: 24,5 x 7,8 x 31 cm (L x B x H)<\/li>\n<\/ul>\n","protected":false},"excerpt":{"rendered":"<ul>\n<li>Farbe: Silbern, Schwarz<\/li>\n<li>Material: Edelstahl 430, Aluminium, ABS<\/li>\n<li>Abmessungen: 24,5 x 7,8 x 31 cm (L x B x H)<\/li>\n<\/ul>\n","protected":false},"featured_media":10000058450,"comment_status":"closed","ping_status":"closed","template":"","meta":[],"product_brand":[],"product_cat":[7048,7093,7051,7062],"product_tag":[],"class_list":{"0":"post-58450","1":"product","2":"type-product","3":"status-publish","4":"has-post-thumbnail","6":"product_cat-heim-garten","7":"product_cat-keksmaschine","8":"product_cat-kueche-esszimmer","9":"product_cat-kuechenhelfer-utensilien","11":"first","12":"instock","13":"taxable","14":"shipping-taxable","15":"purchasable","16":"product-type-simple","17":"add-to-wishlist-after_add_to_cart"},"jetpack_sharing_enabled":true,"_links":{"self":[{"href":"https:\/\/de-prime.com\/index.php\/wp-json\/wp\/v2\/product\/58450","targetHints":{"allow":["GET"]}}],"collection":[{"href":"https:\/\/de-prime.com\/index.php\/wp-json\/wp\/v2\/product"}],"about":[{"href":"https:\/\/de-prime.com\/index.php\/wp-json\/wp\/v2\/types\/product"}],"replies":[{"embeddable":true,"href":"https:\/\/de-prime.com\/index.php\/wp-json\/wp\/v2\/comments?post=58450"}],"wp:featuredmedia":[{"embeddable":true,"href":"https:\/\/de-prime.com\/index.php\/wp-json\/"}],"wp:attachment":[{"href":"https:\/\/de-prime.com\/index.php\/wp-json\/wp\/v2\/media?parent=58450"}],"wp:term":[{"taxonomy":"product_brand","embeddable":true,"href":"https:\/\/de-prime.com\/index.php\/wp-json\/wp\/v2\/product_brand?post=58450"},{"taxonomy":"product_cat","embeddable":true,"href":"https:\/\/de-prime.com\/index.php\/wp-json\/wp\/v2\/product_cat?post=58450"},{"taxonomy":"product_tag","embeddable":true,"href":"https:\/\/de-prime.com\/index.php\/wp-json\/wp\/v2\/product_tag?post=58450"}],"curies":[{"name":"wp","href":"https:\/\/api.w.org\/{rel}","templated":true}]}}