{"id":58444,"date":"2024-10-03T21:14:25","date_gmt":"2024-10-03T19:14:25","guid":{"rendered":"https:\/\/de-prime.com\/?p=58444"},"modified":"2024-10-03T21:37:02","modified_gmt":"2024-10-03T19:37:02","slug":"handtuchhalter-weiss-23x18x90-cm-massivholz-kiefer","status":"publish","type":"product","link":"https:\/\/de-prime.com\/index.php\/product\/handtuchhalter-weiss-23x18x90-cm-massivholz-kiefer\/","title":{"rendered":"Handtuchhalter Wei\u00df 23x18x90 cm Massivholz Kiefer"},"content":{"rendered":"<p>Maximiere den Platz in deinem Badezimmer und sorge f\u00fcr ein stilvolles Ambiente mit diesem Handtuchst\u00e4nder aus Holz! Massives Kiefernholz: Massives Kiefernholz ist ein wundersch\u00f6nes Naturmaterial. Kiefernholz weist eine gerade Maserung auf und die Aststellen verleihen dem Material seine charakteristische, rustikale Optik.Platzsparendes Design: Der Handtuchhalter passt leicht und bequem in enge R\u00e4ume und eignet sich perfekt f\u00fcr kleine Badezimmer. Er l\u00e4sst sich an der Wand befestigen, um Platz auf dem Boden zu schaffen.Meister der Aufbewahrung: Der Handtuchhalter verf\u00fcgt \u00fcber eine Ablage und bietet dadurch reichlich Platz f\u00fcr Handt\u00fccher, um f\u00fcr Ordnung in deinem Badezimmer zu sorgen. Gut zu wissen:Schrauben und D\u00fcbel sind f\u00fcr die Befestigung an der Wand nicht im Lieferumfang enthalten. Wir empfehlen, speziell f\u00fcr deine W\u00e4nde geeignete Schrauben und D\u00fcbel zu finden und zu verwenden. Im Zweifelsfall wende dich an einen Fachmann. Bitte lese und befolge jeden Schritt der Anweisungen.<\/p>\n<ul>\n<li>Farbe: Wei\u00df<\/li>\n<li>Material: Massives Kiefernholz<\/li>\n<li>Abmessungen: 23 x 18 x 90 cm (B x T x H)<\/li>\n<li>Zusammenbau erforderlich: Ja<\/li>\n<\/ul>\n","protected":false},"excerpt":{"rendered":"<ul>\n<li>Farbe: Wei\u00df<\/li>\n<li>Material: Massives Kiefernholz<\/li>\n<li>Abmessungen: 23 x 18 x 90 cm (B x T x H)<\/li>\n<li>Zusammenbau erforderlich: Ja<\/li>\n<\/ul>\n","protected":false},"featured_media":10000058444,"comment_status":"closed","ping_status":"closed","template":"","meta":[],"product_brand":[],"product_cat":[7057,7091,7048],"product_tag":[],"class_list":{"0":"post-58444","1":"product","2":"type-product","3":"status-publish","4":"has-post-thumbnail","6":"product_cat-badzubehoer","7":"product_cat-handtuchhalter","8":"product_cat-heim-garten","10":"first","11":"instock","12":"taxable","13":"shipping-taxable","14":"purchasable","15":"product-type-simple","16":"add-to-wishlist-after_add_to_cart"},"jetpack_sharing_enabled":true,"_links":{"self":[{"href":"https:\/\/de-prime.com\/index.php\/wp-json\/wp\/v2\/product\/58444","targetHints":{"allow":["GET"]}}],"collection":[{"href":"https:\/\/de-prime.com\/index.php\/wp-json\/wp\/v2\/product"}],"about":[{"href":"https:\/\/de-prime.com\/index.php\/wp-json\/wp\/v2\/types\/product"}],"replies":[{"embeddable":true,"href":"https:\/\/de-prime.com\/index.php\/wp-json\/wp\/v2\/comments?post=58444"}],"wp:featuredmedia":[{"embeddable":true,"href":"https:\/\/de-prime.com\/index.php\/wp-json\/"}],"wp:attachment":[{"href":"https:\/\/de-prime.com\/index.php\/wp-json\/wp\/v2\/media?parent=58444"}],"wp:term":[{"taxonomy":"product_brand","embeddable":true,"href":"https:\/\/de-prime.com\/index.php\/wp-json\/wp\/v2\/product_brand?post=58444"},{"taxonomy":"product_cat","embeddable":true,"href":"https:\/\/de-prime.com\/index.php\/wp-json\/wp\/v2\/product_cat?post=58444"},{"taxonomy":"product_tag","embeddable":true,"href":"https:\/\/de-prime.com\/index.php\/wp-json\/wp\/v2\/product_tag?post=58444"}],"curies":[{"name":"wp","href":"https:\/\/api.w.org\/{rel}","templated":true}]}}