{"id":58436,"date":"2024-10-03T21:14:37","date_gmt":"2024-10-03T19:14:37","guid":{"rendered":"https:\/\/de-prime.com\/?p=58436"},"modified":"2024-10-03T21:36:53","modified_gmt":"2024-10-03T19:36:53","slug":"toilettenregal-63x26x171-cm-massivholz-kiefer","status":"publish","type":"product","link":"https:\/\/de-prime.com\/index.php\/product\/toilettenregal-63x26x171-cm-massivholz-kiefer\/","title":{"rendered":"Toilettenregal 63x26x171 cm Massivholz Kiefer"},"content":{"rendered":"<p>Maximiere den Platz in deinem Badezimmer und sorge f\u00fcr ein stilvolles Ambiente mit diesem Badregal aus Holz! Massives Kiefernholz: Massives Kiefernholz ist ein wundersch\u00f6nes Naturmaterial. Kiefernholz weist eine gerade Maserung auf und die Aststellen verleihen dem Material seine charakteristische, rustikale Optik.Platzsparend: Das Regal nutzt den freien Platz \u00fcber der Toilette oder der Waschmaschine und f\u00fcgt sich leicht und ordentlich in kleinere R\u00e4ume ein, was es perfekt f\u00fcr kleine Badezimmer macht.Viel Stauraum: Das Badezimmerregal verf\u00fcgt \u00fcber 3 Ablagen, die viel Platz f\u00fcr Waschmittel, Waschpulver, Shampoo, Badegel usw. bieten. Achtung:Um das Umkippen zu verhindern, muss dieses Produkt mit der mitgelieferten Wandhalterung gesichert werden. Hinweis:Jedes Produkt wird mit einer Montageanleitung in der Verpackung f\u00fcr einen einfachen Zusammenbau geliefert.Schrauben und D\u00fcbel f\u00fcr die Wandbefestigung sind nicht enthalten. Suchen und verwenden Sie die f\u00fcr Ihre W\u00e4nde geeigneten Schrauben und D\u00fcbel. Wenn Sie unsicher sind, suchen Sie professionelle Hilfe. Lesen und befolgen Sie jeden Schritt der Anleitung sorgf\u00e4ltig.<\/p>\n<ul>\n<li>Material: Massives Kiefernholz (unbehandelt)<\/li>\n<li>Abmessungen: 63 x 26 x 171 cm (B x T x H)<\/li>\n<li>Legal Documents:\n<p><span>Weitere Informationen, wie Sie Ihre M\u00f6bel vor dem Umkippen sch\u00fctzen k\u00f6nnen; finden Sie <a title=\"https:\/\/bit.ly\/34j3g16\" href=\"https:\/\/bit.ly\/34j3g16\" target=\"_blank\" rel=\"noopener\">hier<\/a><\/span><\/p>\n<\/li>\n<\/ul>\n","protected":false},"excerpt":{"rendered":"<ul>\n<li>Material: Massives Kiefernholz (unbehandelt)<\/li>\n<li>Abmessungen: 63 x 26 x 171 cm (B x T x H)<\/li>\n<li>Legal Documents:\n<p><span>Weitere Informationen, wie Sie Ihre M\u00f6bel vor dem Umkippen sch\u00fctzen k\u00f6nnen; finden Sie <a title=\"https:\/\/bit.ly\/34j3g16\" href=\"https:\/\/bit.ly\/34j3g16\" target=\"_blank\" rel=\"noopener\">hier<\/a><\/span><\/p>\n<\/li>\n<\/ul>\n","protected":false},"featured_media":10000058436,"comment_status":"closed","ping_status":"closed","template":"","meta":[],"product_brand":[],"product_cat":[7057,7091,7048],"product_tag":[],"class_list":{"0":"post-58436","1":"product","2":"type-product","3":"status-publish","4":"has-post-thumbnail","6":"product_cat-badzubehoer","7":"product_cat-handtuchhalter","8":"product_cat-heim-garten","10":"first","11":"instock","12":"taxable","13":"shipping-taxable","14":"purchasable","15":"product-type-simple","16":"add-to-wishlist-after_add_to_cart"},"jetpack_sharing_enabled":true,"_links":{"self":[{"href":"https:\/\/de-prime.com\/index.php\/wp-json\/wp\/v2\/product\/58436","targetHints":{"allow":["GET"]}}],"collection":[{"href":"https:\/\/de-prime.com\/index.php\/wp-json\/wp\/v2\/product"}],"about":[{"href":"https:\/\/de-prime.com\/index.php\/wp-json\/wp\/v2\/types\/product"}],"replies":[{"embeddable":true,"href":"https:\/\/de-prime.com\/index.php\/wp-json\/wp\/v2\/comments?post=58436"}],"wp:featuredmedia":[{"embeddable":true,"href":"https:\/\/de-prime.com\/index.php\/wp-json\/"}],"wp:attachment":[{"href":"https:\/\/de-prime.com\/index.php\/wp-json\/wp\/v2\/media?parent=58436"}],"wp:term":[{"taxonomy":"product_brand","embeddable":true,"href":"https:\/\/de-prime.com\/index.php\/wp-json\/wp\/v2\/product_brand?post=58436"},{"taxonomy":"product_cat","embeddable":true,"href":"https:\/\/de-prime.com\/index.php\/wp-json\/wp\/v2\/product_cat?post=58436"},{"taxonomy":"product_tag","embeddable":true,"href":"https:\/\/de-prime.com\/index.php\/wp-json\/wp\/v2\/product_tag?post=58436"}],"curies":[{"name":"wp","href":"https:\/\/api.w.org\/{rel}","templated":true}]}}