{"id":58412,"date":"2024-10-03T21:15:28","date_gmt":"2024-10-03T19:15:28","guid":{"rendered":"https:\/\/de-prime.com\/?p=58412"},"modified":"2024-10-03T21:36:15","modified_gmt":"2024-10-03T19:36:15","slug":"badregal-mit-3-ablagen-wandmontage-60x15x54-cm-bambus","status":"publish","type":"product","link":"https:\/\/de-prime.com\/index.php\/product\/badregal-mit-3-ablagen-wandmontage-60x15x54-cm-bambus\/","title":{"rendered":"Badregal mit 3 Ablagen Wandmontage 60x15x54 cm Bambus"},"content":{"rendered":"<p>Mit diesem Badregal kannst du zus\u00e4tzlichen Stauraum im Badezimmer, in der Waschk\u00fcche, auf dem Balkon usw. schaffen. Langlebiges Material: Bambus ist f\u00fcr seine Flexibilit\u00e4t und Festigkeit bekannt. Bambusm\u00f6bel sind eine gute Wahl, wenn du nach robusten M\u00f6belst\u00fccken aus nat\u00fcrlichen Materialien suchst. Dar\u00fcber hinaus verhindert die Lackbehandlung Kratzer auf dem Regal und macht das Holz auch wasserfest.Reichlich Stauraum: Das Duschregal verf\u00fcgt \u00fcber 3 Ablagen, die reichlich Stauraum f\u00fcr Sachen wie Handt\u00fccher und Hygieneartikel bieten.Wandmontage: Das Schweberegal lassen sich an der Wand befestigen. Auf diese Weise kannst du deine Bodenfl\u00e4che maximieren und f\u00fcr Ordnung im Raum sorgen. Gut zu wissen:Schrauben und D\u00fcbel sind f\u00fcr die Befestigung an der Wand nicht im Lieferumfang enthalten. Wir empfehlen, speziell f\u00fcr deine W\u00e4nde geeignete Schrauben und D\u00fcbel zu finden und zu verwenden. Im Zweifelsfall wende dich an einen Fachmann. Bitte lese und befolge jeden Schritt der Anweisungen.<\/p>\n<ul>\n<li>Material: Bambus mit transparenten Lackierung<\/li>\n<li>Abmessungen: 60 x 15 x 54 cm (L x B x H)<\/li>\n<li>Max. Belastbarkeit: 5 kg<\/li>\n<li>3 F\u00e4cher<\/li>\n<li>Zusammenbau erforderlich: Ja<\/li>\n<\/ul>\n","protected":false},"excerpt":{"rendered":"<ul>\n<li>Material: Bambus mit transparenten Lackierung<\/li>\n<li>Abmessungen: 60 x 15 x 54 cm (L x B x H)<\/li>\n<li>Max. Belastbarkeit: 5 kg<\/li>\n<li>3 F\u00e4cher<\/li>\n<li>Zusammenbau erforderlich: Ja<\/li>\n<\/ul>\n","protected":false},"featured_media":10000058412,"comment_status":"closed","ping_status":"closed","template":"","meta":[],"product_brand":[],"product_cat":[7057,7091,7048],"product_tag":[],"class_list":{"0":"post-58412","1":"product","2":"type-product","3":"status-publish","4":"has-post-thumbnail","6":"product_cat-badzubehoer","7":"product_cat-handtuchhalter","8":"product_cat-heim-garten","10":"first","11":"outofstock","12":"taxable","13":"shipping-taxable","14":"purchasable","15":"product-type-simple","16":"add-to-wishlist-after_add_to_cart"},"jetpack_sharing_enabled":true,"_links":{"self":[{"href":"https:\/\/de-prime.com\/index.php\/wp-json\/wp\/v2\/product\/58412","targetHints":{"allow":["GET"]}}],"collection":[{"href":"https:\/\/de-prime.com\/index.php\/wp-json\/wp\/v2\/product"}],"about":[{"href":"https:\/\/de-prime.com\/index.php\/wp-json\/wp\/v2\/types\/product"}],"replies":[{"embeddable":true,"href":"https:\/\/de-prime.com\/index.php\/wp-json\/wp\/v2\/comments?post=58412"}],"wp:featuredmedia":[{"embeddable":true,"href":"https:\/\/de-prime.com\/index.php\/wp-json\/"}],"wp:attachment":[{"href":"https:\/\/de-prime.com\/index.php\/wp-json\/wp\/v2\/media?parent=58412"}],"wp:term":[{"taxonomy":"product_brand","embeddable":true,"href":"https:\/\/de-prime.com\/index.php\/wp-json\/wp\/v2\/product_brand?post=58412"},{"taxonomy":"product_cat","embeddable":true,"href":"https:\/\/de-prime.com\/index.php\/wp-json\/wp\/v2\/product_cat?post=58412"},{"taxonomy":"product_tag","embeddable":true,"href":"https:\/\/de-prime.com\/index.php\/wp-json\/wp\/v2\/product_tag?post=58412"}],"curies":[{"name":"wp","href":"https:\/\/api.w.org\/{rel}","templated":true}]}}