{"id":58380,"date":"2024-10-03T21:16:56","date_gmt":"2024-10-03T19:16:56","guid":{"rendered":"https:\/\/de-prime.com\/?p=58380"},"modified":"2024-10-03T21:35:13","modified_gmt":"2024-10-03T19:35:13","slug":"handtuchhalter-schwarz-95x25x22-cm-eisen","status":"publish","type":"product","link":"https:\/\/de-prime.com\/index.php\/product\/handtuchhalter-schwarz-95x25x22-cm-eisen\/","title":{"rendered":"Handtuchhalter Schwarz 95x25x22 cm Eisen"},"content":{"rendered":"<p>Diese Handtuchstange wird in deinem Badezimmer eine praktische Erg\u00e4nzung und eine dekorative Bereicherung sein. Der Handtuchhalter ist aus solidem Eisen gefertigt, was ihn robust und langlebig macht. Der Wand-Handtuchhalter mit Ablage bietet ausreichend Platz f\u00fcr Handt\u00fccher, um dein Bad sauber und aufger\u00e4umt zu halten.<\/p>\n<ul>\n<li>Farbe: Schwarz<\/li>\n<li>Material: Eisen<\/li>\n<li>Abmessungen: 95 x 25 x 22 cm (B x T x H)<\/li>\n<li>Mit einem Regal<\/li>\n<li>Zusammenbau erforderlich: Ja<\/li>\n<\/ul>\n","protected":false},"excerpt":{"rendered":"<ul>\n<li>Farbe: Schwarz<\/li>\n<li>Material: Eisen<\/li>\n<li>Abmessungen: 95 x 25 x 22 cm (B x T x H)<\/li>\n<li>Mit einem Regal<\/li>\n<li>Zusammenbau erforderlich: Ja<\/li>\n<\/ul>\n","protected":false},"featured_media":10000058380,"comment_status":"closed","ping_status":"closed","template":"","meta":[],"product_brand":[],"product_cat":[7057,7091,7048],"product_tag":[],"class_list":{"0":"post-58380","1":"product","2":"type-product","3":"status-publish","4":"has-post-thumbnail","6":"product_cat-badzubehoer","7":"product_cat-handtuchhalter","8":"product_cat-heim-garten","10":"first","11":"instock","12":"taxable","13":"shipping-taxable","14":"purchasable","15":"product-type-simple","16":"add-to-wishlist-after_add_to_cart"},"jetpack_sharing_enabled":true,"_links":{"self":[{"href":"https:\/\/de-prime.com\/index.php\/wp-json\/wp\/v2\/product\/58380","targetHints":{"allow":["GET"]}}],"collection":[{"href":"https:\/\/de-prime.com\/index.php\/wp-json\/wp\/v2\/product"}],"about":[{"href":"https:\/\/de-prime.com\/index.php\/wp-json\/wp\/v2\/types\/product"}],"replies":[{"embeddable":true,"href":"https:\/\/de-prime.com\/index.php\/wp-json\/wp\/v2\/comments?post=58380"}],"wp:featuredmedia":[{"embeddable":true,"href":"https:\/\/de-prime.com\/index.php\/wp-json\/"}],"wp:attachment":[{"href":"https:\/\/de-prime.com\/index.php\/wp-json\/wp\/v2\/media?parent=58380"}],"wp:term":[{"taxonomy":"product_brand","embeddable":true,"href":"https:\/\/de-prime.com\/index.php\/wp-json\/wp\/v2\/product_brand?post=58380"},{"taxonomy":"product_cat","embeddable":true,"href":"https:\/\/de-prime.com\/index.php\/wp-json\/wp\/v2\/product_cat?post=58380"},{"taxonomy":"product_tag","embeddable":true,"href":"https:\/\/de-prime.com\/index.php\/wp-json\/wp\/v2\/product_tag?post=58380"}],"curies":[{"name":"wp","href":"https:\/\/api.w.org\/{rel}","templated":true}]}}