{"id":58354,"date":"2024-10-03T21:16:43","date_gmt":"2024-10-03T19:16:43","guid":{"rendered":"https:\/\/de-prime.com\/?p=58354"},"modified":"2024-10-03T21:35:25","modified_gmt":"2024-10-03T19:35:25","slug":"ridder-haltegriff-60-cm-schwarz-aluminium","status":"publish","type":"product","link":"https:\/\/de-prime.com\/index.php\/product\/ridder-haltegriff-60-cm-schwarz-aluminium\/","title":{"rendered":"RIDDER Haltegriff 60 cm Schwarz Aluminium"},"content":{"rendered":"<p>Der RIDDER Haltegriff verleiht Ihnen einen zuverl\u00e4ssigen und sicheren Halt in der Badewanne oder Dusche. Der Haltegriff von RIDDER ist bew\u00e4hrt und hat eine maximale Belastbarkeit von 110 kg. Er besteht aus Aluminium und kommt im absolut trendigen Mattschwarz. Des Weiteren bietet er Ihnen zwei Montagem\u00f6glichkeiten: Bohren oder Kleben (Schrauben sind im Lieferumfang enthalten, der Klebstoff aber nicht). Dar\u00fcber hinaus ist das mitgelieferte Montagematerial zur Befestigung an M20 Vollziegeln oder Stahlbeton geeignet. F\u00fcr andere Wandtypen wenden Sie sich an ein Fachunternehmen f\u00fcr Befestigungstechnik!<\/p>\n<ul>\n<li>Farbe: Matt-Schwarz<\/li>\n<li>Material: Aluminium<\/li>\n<li>Griffl\u00e4nge: Ca. 60 cm<\/li>\n<li>Wandhalterungsgr\u00f6\u00dfe: Ca. \u00d8 8 cm<\/li>\n<li>Tiefe: Ca. 9,4 cm<\/li>\n<li>Maximale Belastbarkeit: 110 kg<\/li>\n<li>Ergonomisch geformt<\/li>\n<li>Montagematerial und Montageanleitung inbegriffen<\/li>\n<li>Mit handels\u00fcblichen Reinigungs- und Desinfektionsmitteln reinigen<\/li>\n<\/ul>\n","protected":false},"excerpt":{"rendered":"<ul>\n<li>Farbe: Matt-Schwarz<\/li>\n<li>Material: Aluminium<\/li>\n<li>Griffl\u00e4nge: Ca. 60 cm<\/li>\n<li>Wandhalterungsgr\u00f6\u00dfe: Ca. \u00d8 8 cm<\/li>\n<li>Tiefe: Ca. 9,4 cm<\/li>\n<li>Maximale Belastbarkeit: 110 kg<\/li>\n<li>Ergonomisch geformt<\/li>\n<li>Montagematerial und Montageanleitung inbegriffen<\/li>\n<li>Mit handels\u00fcblichen Reinigungs- und Desinfektionsmitteln reinigen<\/li>\n<\/ul>\n","protected":false},"featured_media":10000058354,"comment_status":"closed","ping_status":"closed","template":"","meta":[],"product_brand":[],"product_cat":[7057,7090,7048],"product_tag":[],"class_list":{"0":"post-58354","1":"product","2":"type-product","3":"status-publish","4":"has-post-thumbnail","6":"product_cat-badzubehoer","7":"product_cat-haltegriffe","8":"product_cat-heim-garten","10":"first","11":"outofstock","12":"taxable","13":"shipping-taxable","14":"purchasable","15":"product-type-simple","16":"add-to-wishlist-after_add_to_cart"},"jetpack_sharing_enabled":true,"_links":{"self":[{"href":"https:\/\/de-prime.com\/index.php\/wp-json\/wp\/v2\/product\/58354","targetHints":{"allow":["GET"]}}],"collection":[{"href":"https:\/\/de-prime.com\/index.php\/wp-json\/wp\/v2\/product"}],"about":[{"href":"https:\/\/de-prime.com\/index.php\/wp-json\/wp\/v2\/types\/product"}],"replies":[{"embeddable":true,"href":"https:\/\/de-prime.com\/index.php\/wp-json\/wp\/v2\/comments?post=58354"}],"wp:featuredmedia":[{"embeddable":true,"href":"https:\/\/de-prime.com\/index.php\/wp-json\/"}],"wp:attachment":[{"href":"https:\/\/de-prime.com\/index.php\/wp-json\/wp\/v2\/media?parent=58354"}],"wp:term":[{"taxonomy":"product_brand","embeddable":true,"href":"https:\/\/de-prime.com\/index.php\/wp-json\/wp\/v2\/product_brand?post=58354"},{"taxonomy":"product_cat","embeddable":true,"href":"https:\/\/de-prime.com\/index.php\/wp-json\/wp\/v2\/product_cat?post=58354"},{"taxonomy":"product_tag","embeddable":true,"href":"https:\/\/de-prime.com\/index.php\/wp-json\/wp\/v2\/product_tag?post=58354"}],"curies":[{"name":"wp","href":"https:\/\/api.w.org\/{rel}","templated":true}]}}