{"id":58352,"date":"2024-10-03T21:16:51","date_gmt":"2024-10-03T19:16:51","guid":{"rendered":"https:\/\/de-prime.com\/?p=58352"},"modified":"2024-10-03T21:35:18","modified_gmt":"2024-10-03T19:35:18","slug":"ridder-teleskop-haltegriff-mit-saugnapf-125-cm-100-kg-a0150301","status":"publish","type":"product","link":"https:\/\/de-prime.com\/index.php\/product\/ridder-teleskop-haltegriff-mit-saugnapf-125-cm-100-kg-a0150301\/","title":{"rendered":"RIDDER Teleskop-Haltegriff mit Saugnapf 12,5 cm 100 kg A0150301"},"content":{"rendered":"<p>Die RIDDER Teleskop-Haltegriff mit Saugnapf ist f\u00fcr unterwegs gedacht und erm\u00f6glicht es dir, jedes Badezimmer unabh\u00e4ngig und sicher zu benutzen, wo immer du bist. Der abnehmbare Haltegriff besteht aus einem Teleskopgriff aus hochfestem Kunststoff (ABS) und zwei starken Saugn\u00e4pfen aus synthetischem Gummi. Der Griff hat ein ergonomisches Design und er l\u00e4sst sich von ca. 445 mm auf 575 mm verl\u00e4ngern. Mit den Saugn\u00e4pfen l\u00e4sst sich der Handgriff leicht an jeder glatten Oberfl\u00e4che befestigen, ohne dass gebohrt werden muss, was die Nutzung der Dusche oder der Toilette deutlich erleichtert. Der leicht anzubringende und zu reinigende Teleskop-Saughaltegriff ist dank seiner kompakten Form auch f\u00fcr unterwegs perfekt und passt dank seiner neutralwei\u00dfen Farbe in jedes Badezimmer.<\/p>\n<ul>\n<li>Farbe: Wei\u00df<\/li>\n<li>Material: ABS und TPE (thermoplastische Elastomere)<\/li>\n<li>L\u00e4nge: 45 &#8211; 57,5 cm<\/li>\n<li>Saugnapf-Durchmesser: 12,5 cm<\/li>\n<li>Mit 2 gro\u00dfen Gummi-Saugn\u00e4pfen<\/li>\n<li>Maximale Belastbarkeit: 100 kg<\/li>\n<li>Nur f\u00fcr den tempor\u00e4ren Gebrauch \u2013 vor jedem Gebrauch testen!<\/li>\n<\/ul>\n","protected":false},"excerpt":{"rendered":"<ul>\n<li>Farbe: Wei\u00df<\/li>\n<li>Material: ABS und TPE (thermoplastische Elastomere)<\/li>\n<li>L\u00e4nge: 45 &#8211; 57,5 cm<\/li>\n<li>Saugnapf-Durchmesser: 12,5 cm<\/li>\n<li>Mit 2 gro\u00dfen Gummi-Saugn\u00e4pfen<\/li>\n<li>Maximale Belastbarkeit: 100 kg<\/li>\n<li>Nur f\u00fcr den tempor\u00e4ren Gebrauch \u2013 vor jedem Gebrauch testen!<\/li>\n<\/ul>\n","protected":false},"featured_media":10000058352,"comment_status":"closed","ping_status":"closed","template":"","meta":[],"product_brand":[],"product_cat":[7057,7090,7048],"product_tag":[],"class_list":{"0":"post-58352","1":"product","2":"type-product","3":"status-publish","4":"has-post-thumbnail","6":"product_cat-badzubehoer","7":"product_cat-haltegriffe","8":"product_cat-heim-garten","10":"first","11":"instock","12":"taxable","13":"shipping-taxable","14":"purchasable","15":"product-type-simple","16":"add-to-wishlist-after_add_to_cart"},"jetpack_sharing_enabled":true,"_links":{"self":[{"href":"https:\/\/de-prime.com\/index.php\/wp-json\/wp\/v2\/product\/58352","targetHints":{"allow":["GET"]}}],"collection":[{"href":"https:\/\/de-prime.com\/index.php\/wp-json\/wp\/v2\/product"}],"about":[{"href":"https:\/\/de-prime.com\/index.php\/wp-json\/wp\/v2\/types\/product"}],"replies":[{"embeddable":true,"href":"https:\/\/de-prime.com\/index.php\/wp-json\/wp\/v2\/comments?post=58352"}],"wp:featuredmedia":[{"embeddable":true,"href":"https:\/\/de-prime.com\/index.php\/wp-json\/"}],"wp:attachment":[{"href":"https:\/\/de-prime.com\/index.php\/wp-json\/wp\/v2\/media?parent=58352"}],"wp:term":[{"taxonomy":"product_brand","embeddable":true,"href":"https:\/\/de-prime.com\/index.php\/wp-json\/wp\/v2\/product_brand?post=58352"},{"taxonomy":"product_cat","embeddable":true,"href":"https:\/\/de-prime.com\/index.php\/wp-json\/wp\/v2\/product_cat?post=58352"},{"taxonomy":"product_tag","embeddable":true,"href":"https:\/\/de-prime.com\/index.php\/wp-json\/wp\/v2\/product_tag?post=58352"}],"curies":[{"name":"wp","href":"https:\/\/api.w.org\/{rel}","templated":true}]}}