{"id":58296,"date":"2024-10-03T21:14:05","date_gmt":"2024-10-03T19:14:05","guid":{"rendered":"https:\/\/de-prime.com\/?p=58296"},"modified":"2024-10-03T21:37:19","modified_gmt":"2024-10-03T19:37:19","slug":"progarden-kugelgrill-37-cm-olivgruen","status":"publish","type":"product","link":"https:\/\/de-prime.com\/index.php\/product\/progarden-kugelgrill-37-cm-olivgruen\/","title":{"rendered":"ProGarden Kugelgrill 37 cm Olivgr\u00fcn"},"content":{"rendered":"<p>Dieser Kugelgrill von ProGarden ist eine ausgezeichnete Wahl f\u00fcr ein angenehmes Grillen. Er ist ein kompakter Tischgrill mit stabilem kurzem Gestell aus Metall. Kohlenstoffstahl: Der ProGarden Outdoor-Grill ist die perfekte Wahl f\u00fcr das Kochen im Freien oder auf dem Balkon. Er hat zwei L\u00fcftungsschlitze und einen Deckel mit Nylon-Griff.Hochtemperaturbest\u00e4ndige Pulverbeschichtung: Dieser Outdoor-Grill besitzt eine Feuerschale mit olivgr\u00fcner, hochtemperaturbest\u00e4ndiger Pulverbeschichtung, eine Zink-Holzkohle-Innenschale und einen Grillrost aus verchromtem Kohlenstoffstahl.Kompakter Grill: Der Grill hat ein kompaktes Design. Wenn er nicht benutzt wird, kann er mit seinen drei Verschlussklammern mit Silikonbeschichtung fest verschlossen werden.<\/p>\n<ul>\n<li>Farbe: Olivgr\u00fcn<\/li>\n<li>Material: Kohlenstoffstahl<\/li>\n<li>Rostmaterial: Verchromter Kohlenstoffstahl<\/li>\n<li>Gr\u00f6\u00dfe: 37 x 25,5 cm (Durchm. x H)<\/li>\n<li>Grill-H\u00f6he: 25,5 cm<\/li>\n<li>Hochtemperaturbest\u00e4ndige Pulverbeschichtung<\/li>\n<li>Durchmesser des Deckels: 37 cm<\/li>\n<li>Deckelblech-St\u00e4rke: 0,4 mm<\/li>\n<li>Stahl-Durchmesser: 36 cm<\/li>\n<li>Stahl-St\u00e4rke: 0,7 mm<\/li>\n<li>Zink-Kohlerost-Innendurchmesser: 22,5 cm<\/li>\n<li>Kohlerost-St\u00e4rke: 0,7 mm<\/li>\n<li>Verchromter Grillrost: 34 cm<\/li>\n<li>Drahtst\u00e4rke 2,5\/3,5 mm<\/li>\n<li>Metall-Gestell<\/li>\n<li>Deckel mit Nylon-Griff<\/li>\n<li>3 Verschluss-Klemmen mit Silikonbeschichtung<\/li>\n<li>2 Entl\u00fcftungs\u00f6ffnungen<\/li>\n<li>Einfacher Zusammenbau<\/li>\n<\/ul>\n","protected":false},"excerpt":{"rendered":"<ul>\n<li>Farbe: Olivgr\u00fcn<\/li>\n<li>Material: Kohlenstoffstahl<\/li>\n<li>Rostmaterial: Verchromter Kohlenstoffstahl<\/li>\n<li>Gr\u00f6\u00dfe: 37 x 25,5 cm (Durchm. x H)<\/li>\n<li>Grill-H\u00f6he: 25,5 cm<\/li>\n<li>Hochtemperaturbest\u00e4ndige Pulverbeschichtung<\/li>\n<li>Durchmesser des Deckels: 37 cm<\/li>\n<li>Deckelblech-St\u00e4rke: 0,4 mm<\/li>\n<li>Stahl-Durchmesser: 36 cm<\/li>\n<li>Stahl-St\u00e4rke: 0,7 mm<\/li>\n<li>Zink-Kohlerost-Innendurchmesser: 22,5 cm<\/li>\n<li>Kohlerost-St\u00e4rke: 0,7 mm<\/li>\n<li>Verchromter Grillrost: 34 cm<\/li>\n<li>Drahtst\u00e4rke 2,5\/3,5 mm<\/li>\n<li>Metall-Gestell<\/li>\n<li>Deckel mit Nylon-Griff<\/li>\n<li>3 Verschluss-Klemmen mit Silikonbeschichtung<\/li>\n<li>2 Entl\u00fcftungs\u00f6ffnungen<\/li>\n<li>Einfacher Zusammenbau<\/li>\n<\/ul>\n","protected":false},"featured_media":10000058296,"comment_status":"closed","ping_status":"closed","template":"","meta":[],"product_brand":[],"product_cat":[7087,7048,7051,7052],"product_tag":[],"class_list":{"0":"post-58296","1":"product","2":"type-product","3":"status-publish","4":"has-post-thumbnail","6":"product_cat-grills","7":"product_cat-heim-garten","8":"product_cat-kueche-esszimmer","9":"product_cat-kuechengeraete","11":"first","12":"outofstock","13":"taxable","14":"shipping-taxable","15":"purchasable","16":"product-type-simple","17":"add-to-wishlist-after_add_to_cart"},"jetpack_sharing_enabled":true,"_links":{"self":[{"href":"https:\/\/de-prime.com\/index.php\/wp-json\/wp\/v2\/product\/58296","targetHints":{"allow":["GET"]}}],"collection":[{"href":"https:\/\/de-prime.com\/index.php\/wp-json\/wp\/v2\/product"}],"about":[{"href":"https:\/\/de-prime.com\/index.php\/wp-json\/wp\/v2\/types\/product"}],"replies":[{"embeddable":true,"href":"https:\/\/de-prime.com\/index.php\/wp-json\/wp\/v2\/comments?post=58296"}],"wp:featuredmedia":[{"embeddable":true,"href":"https:\/\/de-prime.com\/index.php\/wp-json\/"}],"wp:attachment":[{"href":"https:\/\/de-prime.com\/index.php\/wp-json\/wp\/v2\/media?parent=58296"}],"wp:term":[{"taxonomy":"product_brand","embeddable":true,"href":"https:\/\/de-prime.com\/index.php\/wp-json\/wp\/v2\/product_brand?post=58296"},{"taxonomy":"product_cat","embeddable":true,"href":"https:\/\/de-prime.com\/index.php\/wp-json\/wp\/v2\/product_cat?post=58296"},{"taxonomy":"product_tag","embeddable":true,"href":"https:\/\/de-prime.com\/index.php\/wp-json\/wp\/v2\/product_tag?post=58296"}],"curies":[{"name":"wp","href":"https:\/\/api.w.org\/{rel}","templated":true}]}}