{"id":58230,"date":"2024-10-04T11:19:25","date_gmt":"2024-10-04T09:19:25","guid":{"rendered":"https:\/\/de-prime.com\/?p=58230"},"modified":"2024-10-04T11:19:26","modified_gmt":"2024-10-04T09:19:26","slug":"wasserspender-xxl-mit-zapfhahn-transparent-8-l-glas","status":"publish","type":"product","link":"https:\/\/de-prime.com\/index.php\/product\/wasserspender-xxl-mit-zapfhahn-transparent-8-l-glas\/","title":{"rendered":"Wasserspender XXL mit Zapfhahn Transparent 8 L Glas"},"content":{"rendered":"<p>Verleihen Sie Ihrem K\u00fcchen- und Barbereich einen Vintage-Charme mit unserem Glas-Wasserspender! Dieser Vintage-Wasserkrug eignet sich zum Ausschennken vieler verschiedener Getr\u00e4nke auf Partys und BBQs. Der Spender aus transparentem Glas strahlt ein einfaches und klares Aussehen aus, mit dem Sie das Getr\u00e4nk leicht \u00fcberwachen und identifizieren k\u00f6nnen. Der weite Mund sorgt daf\u00fcr, dass Sie Fr\u00fcchte einfach und schnell hinein- bzw. herausnehmen k\u00f6nnen. Dank der mitgelieferten Verriegelung bleibt der Glasbeh\u00e4lter gut verschlossen, sodass Ihr Getr\u00e4nk l\u00e4nger frisch bleibt. Dar\u00fcber hinaus macht es der integrierte Wasserhahn Ihren G\u00e4sten leicht, sich auf Ihrer Party selbst zu bedienen.<\/p>\n<ul>\n<li>Farbe: Transparent<\/li>\n<li>Material: Glas<\/li>\n<li>Abmessungen: 18,7 x 36 cm (Durchmesser x H)<\/li>\n<li>Inhalt: 8 L<\/li>\n<li>Mit Kunststoff-Zapfhahn<\/li>\n<\/ul>\n","protected":false},"excerpt":{"rendered":"<ul>\n<li>Farbe: Transparent<\/li>\n<li>Material: Glas<\/li>\n<li>Abmessungen: 18,7 x 36 cm (Durchmesser x H)<\/li>\n<li>Inhalt: 8 L<\/li>\n<li>Mit Kunststoff-Zapfhahn<\/li>\n<\/ul>\n","protected":false},"featured_media":10000058230,"comment_status":"closed","ping_status":"closed","template":"","meta":[],"product_brand":[],"product_cat":[7084,7048,7051,7062],"product_tag":[],"class_list":{"0":"post-58230","1":"product","2":"type-product","3":"status-publish","4":"has-post-thumbnail","6":"product_cat-getraenkespender","7":"product_cat-heim-garten","8":"product_cat-kueche-esszimmer","9":"product_cat-kuechenhelfer-utensilien","11":"first","12":"instock","13":"taxable","14":"shipping-taxable","15":"purchasable","16":"product-type-simple","17":"add-to-wishlist-after_add_to_cart"},"jetpack_sharing_enabled":true,"_links":{"self":[{"href":"https:\/\/de-prime.com\/index.php\/wp-json\/wp\/v2\/product\/58230","targetHints":{"allow":["GET"]}}],"collection":[{"href":"https:\/\/de-prime.com\/index.php\/wp-json\/wp\/v2\/product"}],"about":[{"href":"https:\/\/de-prime.com\/index.php\/wp-json\/wp\/v2\/types\/product"}],"replies":[{"embeddable":true,"href":"https:\/\/de-prime.com\/index.php\/wp-json\/wp\/v2\/comments?post=58230"}],"wp:featuredmedia":[{"embeddable":true,"href":"https:\/\/de-prime.com\/index.php\/wp-json\/"}],"wp:attachment":[{"href":"https:\/\/de-prime.com\/index.php\/wp-json\/wp\/v2\/media?parent=58230"}],"wp:term":[{"taxonomy":"product_brand","embeddable":true,"href":"https:\/\/de-prime.com\/index.php\/wp-json\/wp\/v2\/product_brand?post=58230"},{"taxonomy":"product_cat","embeddable":true,"href":"https:\/\/de-prime.com\/index.php\/wp-json\/wp\/v2\/product_cat?post=58230"},{"taxonomy":"product_tag","embeddable":true,"href":"https:\/\/de-prime.com\/index.php\/wp-json\/wp\/v2\/product_tag?post=58230"}],"curies":[{"name":"wp","href":"https:\/\/api.w.org\/{rel}","templated":true}]}}