{"id":58182,"date":"2024-10-03T21:16:03","date_gmt":"2024-10-03T19:16:03","guid":{"rendered":"https:\/\/de-prime.com\/?p=58182"},"modified":"2024-10-03T21:35:51","modified_gmt":"2024-10-03T19:35:51","slug":"eiswuerfelbereiter-silbern-24-l-15-kg-24-h","status":"publish","type":"product","link":"https:\/\/de-prime.com\/index.php\/product\/eiswuerfelbereiter-silbern-24-l-15-kg-24-h\/","title":{"rendered":"Eisw\u00fcrfelbereiter Silbern 2,4 L 15 kg \/ 24 h"},"content":{"rendered":"<p>Mit dieser modernen Eisw\u00fcrfelmaschine k\u00f6nnen Sie die besten eiskalten Getr\u00e4nke und Smoothies jederzeit f\u00fcr Sie und Ihre G\u00e4ste zubereiten. Diese Maschine kann bis zu 12 &#8211; 15 kg Eis pro Tag und 9 Eisw\u00fcrfel pro Zyklus herstellen. Der eingebaute Lagerbeh\u00e4lter kann bis zu 2,4 L Wasser auf einmal speichern. Zudem lassen sich mit dieser Maschine Eisw\u00fcrfel schnell und ger\u00e4uscharm produzieren. Sie kommt mit einem transparenten Fenster im Deckel und verf\u00fcgt \u00fcber eine LCD-Anzeige, damit Sie den Status der Eisw\u00fcrfel stets verfolgen k\u00f6nnen. Ein Warnton wird ausgegeben, sobald die Eisw\u00fcrfel fertig sind oder zu wenig Wasser vorhanden ist. Bitte beachten Sie, dass dieser Eisw\u00fcrfelbereiter vor dem Gebrauch 48 Stunden lang aufrecht stehen sollte.<\/p>\n<ul>\n<li>Farbe: Silber<\/li>\n<li>Material: ABS<\/li>\n<li>Abmessungen: 242 x 358 x 328 mm (L x B x H)<\/li>\n<li>Spannung: 220-240 V~, 50\/60 Hz<\/li>\n<li>Leistung: 112 W<\/li>\n<li>Fassungsverm\u00f6gen des Wasserbeh\u00e4lters: 2,4 L<\/li>\n<li>Eis-Produktionskapazit\u00e4t: 12-15 kg \/ 24 Stunden<\/li>\n<li>9 Eisw\u00fcrfel pro Zyklus<\/li>\n<li>Deckel mit transparentem Fenster<\/li>\n<li>Schnelle Eisherstellung<\/li>\n<li>LED-Display<\/li>\n<li>Ger\u00e4uscharmer Betrieb<\/li>\n<li>Mit Eiskorb und Eisschaufel<\/li>\n<li>Warnton ert\u00f6nt wenn das Gefrierfach voll ist oder zu wenig Wasser vorhanden ist<\/li>\n<\/ul>\n","protected":false},"excerpt":{"rendered":"<ul>\n<li>Farbe: Silber<\/li>\n<li>Material: ABS<\/li>\n<li>Abmessungen: 242 x 358 x 328 mm (L x B x H)<\/li>\n<li>Spannung: 220-240 V~, 50\/60 Hz<\/li>\n<li>Leistung: 112 W<\/li>\n<li>Fassungsverm\u00f6gen des Wasserbeh\u00e4lters: 2,4 L<\/li>\n<li>Eis-Produktionskapazit\u00e4t: 12-15 kg \/ 24 Stunden<\/li>\n<li>9 Eisw\u00fcrfel pro Zyklus<\/li>\n<li>Deckel mit transparentem Fenster<\/li>\n<li>Schnelle Eisherstellung<\/li>\n<li>LED-Display<\/li>\n<li>Ger\u00e4uscharmer Betrieb<\/li>\n<li>Mit Eiskorb und Eisschaufel<\/li>\n<li>Warnton ert\u00f6nt wenn das Gefrierfach voll ist oder zu wenig Wasser vorhanden ist<\/li>\n<\/ul>\n","protected":false},"featured_media":10000058182,"comment_status":"closed","ping_status":"closed","template":"","meta":[],"product_brand":[],"product_cat":[7077,7048,7051,7052],"product_tag":[],"class_list":{"0":"post-58182","1":"product","2":"type-product","3":"status-publish","4":"has-post-thumbnail","6":"product_cat-eismaschinen","7":"product_cat-heim-garten","8":"product_cat-kueche-esszimmer","9":"product_cat-kuechengeraete","11":"first","12":"instock","13":"taxable","14":"shipping-taxable","15":"purchasable","16":"product-type-simple","17":"add-to-wishlist-after_add_to_cart"},"jetpack_sharing_enabled":true,"_links":{"self":[{"href":"https:\/\/de-prime.com\/index.php\/wp-json\/wp\/v2\/product\/58182","targetHints":{"allow":["GET"]}}],"collection":[{"href":"https:\/\/de-prime.com\/index.php\/wp-json\/wp\/v2\/product"}],"about":[{"href":"https:\/\/de-prime.com\/index.php\/wp-json\/wp\/v2\/types\/product"}],"replies":[{"embeddable":true,"href":"https:\/\/de-prime.com\/index.php\/wp-json\/wp\/v2\/comments?post=58182"}],"wp:featuredmedia":[{"embeddable":true,"href":"https:\/\/de-prime.com\/index.php\/wp-json\/"}],"wp:attachment":[{"href":"https:\/\/de-prime.com\/index.php\/wp-json\/wp\/v2\/media?parent=58182"}],"wp:term":[{"taxonomy":"product_brand","embeddable":true,"href":"https:\/\/de-prime.com\/index.php\/wp-json\/wp\/v2\/product_brand?post=58182"},{"taxonomy":"product_cat","embeddable":true,"href":"https:\/\/de-prime.com\/index.php\/wp-json\/wp\/v2\/product_cat?post=58182"},{"taxonomy":"product_tag","embeddable":true,"href":"https:\/\/de-prime.com\/index.php\/wp-json\/wp\/v2\/product_tag?post=58182"}],"curies":[{"name":"wp","href":"https:\/\/api.w.org\/{rel}","templated":true}]}}