{"id":58176,"date":"2024-10-04T11:16:58","date_gmt":"2024-10-04T09:16:58","guid":{"rendered":"https:\/\/de-prime.com\/?p=58176"},"modified":"2024-10-04T11:16:58","modified_gmt":"2024-10-04T09:16:58","slug":"ridder-duschvorhang-skyline-180x200-cm","status":"publish","type":"product","link":"https:\/\/de-prime.com\/index.php\/product\/ridder-duschvorhang-skyline-180x200-cm\/","title":{"rendered":"RIDDER Duschvorhang Skyline 180&#215;200 cm"},"content":{"rendered":"<p>Der Skyline Textil-Duschvorhang von RIDDER besteht zu 100 % aus Polyester und ist wasserabweisend impr\u00e4gniert und beschichtet, um seine Lebensdauer zu verl\u00e4ngern. Langlebiges Material: Dieser Textil-Duschvorhang ist rundum ges\u00e4umt. Zudem ist er mit Kunststoff verst\u00e4rkten \u00d6sen zur Befestigung der Duschvorhangringe sowie einem eingen\u00e4hten, bleifreien Beschwerungsband aus umweltfreundlichem Kautschuk versehen.Pflegeleicht: Du kannst den Duschvorhang in der Waschmaschine gem\u00e4\u00df den Pflegehinweisen reinigen und sogar \u200b\u200bauf niedriger Temperatur b\u00fcgeln. Wichtig: Vor dem B\u00fcgeln muss der Duschvorhang vollst\u00e4ndig getrocknet sein.Keine Schadstoffe: Die Mehrheit der Duschvorh\u00e4nge von Ridder tragen das \u00d6koTex-Zeichen. Dadurch wird sichergestellt, dass sie keine sch\u00e4dlichen Stoffe enthalten. Der Vorhang ist somit auch umweltfreundlich.<\/p>\n<ul>\n<li>Hauptfarbe: Wei\u00df<\/li>\n<li>Drucktinte: Anthrazit<\/li>\n<li>Gr\u00f6\u00dfe: ca. 180 x 200 cm (L x B)<\/li>\n<li>Material: 100 % Polyester<\/li>\n<li>Wasserabweisend impr\u00e4gniert und beschichtet<\/li>\n<li>Umweltneutrale Drucktinten<\/li>\n<li>Hohe Farbstabilit\u00e4t<\/li>\n<li>Hohe Abriebfestigkeit<\/li>\n<li>Kunststoff\u00f6sen (rostfrei)<\/li>\n<li>Rundum ges\u00e4umt<\/li>\n<li>Beschwerungsband aus umweltfreundlichem Kautschuk (TPE &#8211; Thermoplastische Elastomere)<\/li>\n<li>Maschinenwaschbar bis 60 \u00b0C<\/li>\n<li>Nicht bleichen<\/li>\n<li>Nicht im Trockner trocknen<\/li>\n<li>B\u00fcgeln auf niedriger Temperatur m\u00f6glich<\/li>\n<li>Nicht chemisch reinigen<\/li>\n<li>\u00d6koTex-zertifiziert<\/li>\n<\/ul>\n","protected":false},"excerpt":{"rendered":"<ul>\n<li>Hauptfarbe: Wei\u00df<\/li>\n<li>Drucktinte: Anthrazit<\/li>\n<li>Gr\u00f6\u00dfe: ca. 180 x 200 cm (L x B)<\/li>\n<li>Material: 100 % Polyester<\/li>\n<li>Wasserabweisend impr\u00e4gniert und beschichtet<\/li>\n<li>Umweltneutrale Drucktinten<\/li>\n<li>Hohe Farbstabilit\u00e4t<\/li>\n<li>Hohe Abriebfestigkeit<\/li>\n<li>Kunststoff\u00f6sen (rostfrei)<\/li>\n<li>Rundum ges\u00e4umt<\/li>\n<li>Beschwerungsband aus umweltfreundlichem Kautschuk (TPE &#8211; Thermoplastische Elastomere)<\/li>\n<li>Maschinenwaschbar bis 60 \u00b0C<\/li>\n<li>Nicht bleichen<\/li>\n<li>Nicht im Trockner trocknen<\/li>\n<li>B\u00fcgeln auf niedriger Temperatur m\u00f6glich<\/li>\n<li>Nicht chemisch reinigen<\/li>\n<li>\u00d6koTex-zertifiziert<\/li>\n<\/ul>\n","protected":false},"featured_media":10000058176,"comment_status":"closed","ping_status":"closed","template":"","meta":[],"product_brand":[],"product_cat":[7057,7075,7048],"product_tag":[],"class_list":{"0":"post-58176","1":"product","2":"type-product","3":"status-publish","4":"has-post-thumbnail","6":"product_cat-badzubehoer","7":"product_cat-duschvorhaenge","8":"product_cat-heim-garten","10":"first","11":"outofstock","12":"taxable","13":"shipping-taxable","14":"purchasable","15":"product-type-simple","16":"add-to-wishlist-after_add_to_cart"},"jetpack_sharing_enabled":true,"_links":{"self":[{"href":"https:\/\/de-prime.com\/index.php\/wp-json\/wp\/v2\/product\/58176","targetHints":{"allow":["GET"]}}],"collection":[{"href":"https:\/\/de-prime.com\/index.php\/wp-json\/wp\/v2\/product"}],"about":[{"href":"https:\/\/de-prime.com\/index.php\/wp-json\/wp\/v2\/types\/product"}],"replies":[{"embeddable":true,"href":"https:\/\/de-prime.com\/index.php\/wp-json\/wp\/v2\/comments?post=58176"}],"wp:featuredmedia":[{"embeddable":true,"href":"https:\/\/de-prime.com\/index.php\/wp-json\/"}],"wp:attachment":[{"href":"https:\/\/de-prime.com\/index.php\/wp-json\/wp\/v2\/media?parent=58176"}],"wp:term":[{"taxonomy":"product_brand","embeddable":true,"href":"https:\/\/de-prime.com\/index.php\/wp-json\/wp\/v2\/product_brand?post=58176"},{"taxonomy":"product_cat","embeddable":true,"href":"https:\/\/de-prime.com\/index.php\/wp-json\/wp\/v2\/product_cat?post=58176"},{"taxonomy":"product_tag","embeddable":true,"href":"https:\/\/de-prime.com\/index.php\/wp-json\/wp\/v2\/product_tag?post=58176"}],"curies":[{"name":"wp","href":"https:\/\/api.w.org\/{rel}","templated":true}]}}