{"id":58140,"date":"2024-10-04T11:23:20","date_gmt":"2024-10-04T09:23:20","guid":{"rendered":"https:\/\/de-prime.com\/?p=58140"},"modified":"2024-10-04T11:23:20","modified_gmt":"2024-10-04T09:23:20","slug":"sealskin-duschvorgang-clear-180-cm-transparent-210041300","status":"publish","type":"product","link":"https:\/\/de-prime.com\/index.php\/product\/sealskin-duschvorgang-clear-180-cm-transparent-210041300\/","title":{"rendered":"Sealskin Duschvorgang Clear 180 cm Transparent 210041300"},"content":{"rendered":"<p>Dieser Duschvorhang Clear von Sealskin ist der perfekte Trenner f\u00fcr Ihren Duschbereich. Der Duschvorhang ist nicht vollst\u00e4ndig durchsichtig. Er besteht aus strapazierf\u00e4higem und wasserfestem PEVA (Polyethylenvinylacetat), sodass kein Wasser durch ihn hindurch kommen kann. Das h\u00e4lt den Rest Ihres Badezimmers trocken und sauber, wenn Sie sich duschen. Bitte beachten Sie, dass die Vorhangringe \u200b\u200bnicht im Lieferumfang enthalten sind.<\/p>\n<ul>\n<li>Farbe: Transparent<\/li>\n<li>Material: PEVA (Polyethylenvinylacetat)<\/li>\n<li>Gr\u00f6\u00dfe: 180 \u00d7 200 cm (B \u00d7 L)<\/li>\n<li>Wasserdicht<\/li>\n<li>Vorhangringe sind nicht im Lieferumfang enthalten<\/li>\n<\/ul>\n","protected":false},"excerpt":{"rendered":"<ul>\n<li>Farbe: Transparent<\/li>\n<li>Material: PEVA (Polyethylenvinylacetat)<\/li>\n<li>Gr\u00f6\u00dfe: 180 \u00d7 200 cm (B \u00d7 L)<\/li>\n<li>Wasserdicht<\/li>\n<li>Vorhangringe sind nicht im Lieferumfang enthalten<\/li>\n<\/ul>\n","protected":false},"featured_media":10000058140,"comment_status":"closed","ping_status":"closed","template":"","meta":[],"product_brand":[],"product_cat":[7057,7075,7048],"product_tag":[],"class_list":{"0":"post-58140","1":"product","2":"type-product","3":"status-publish","4":"has-post-thumbnail","6":"product_cat-badzubehoer","7":"product_cat-duschvorhaenge","8":"product_cat-heim-garten","10":"first","11":"instock","12":"taxable","13":"shipping-taxable","14":"purchasable","15":"product-type-simple","16":"add-to-wishlist-after_add_to_cart"},"jetpack_sharing_enabled":true,"_links":{"self":[{"href":"https:\/\/de-prime.com\/index.php\/wp-json\/wp\/v2\/product\/58140","targetHints":{"allow":["GET"]}}],"collection":[{"href":"https:\/\/de-prime.com\/index.php\/wp-json\/wp\/v2\/product"}],"about":[{"href":"https:\/\/de-prime.com\/index.php\/wp-json\/wp\/v2\/types\/product"}],"replies":[{"embeddable":true,"href":"https:\/\/de-prime.com\/index.php\/wp-json\/wp\/v2\/comments?post=58140"}],"wp:featuredmedia":[{"embeddable":true,"href":"https:\/\/de-prime.com\/index.php\/wp-json\/"}],"wp:attachment":[{"href":"https:\/\/de-prime.com\/index.php\/wp-json\/wp\/v2\/media?parent=58140"}],"wp:term":[{"taxonomy":"product_brand","embeddable":true,"href":"https:\/\/de-prime.com\/index.php\/wp-json\/wp\/v2\/product_brand?post=58140"},{"taxonomy":"product_cat","embeddable":true,"href":"https:\/\/de-prime.com\/index.php\/wp-json\/wp\/v2\/product_cat?post=58140"},{"taxonomy":"product_tag","embeddable":true,"href":"https:\/\/de-prime.com\/index.php\/wp-json\/wp\/v2\/product_tag?post=58140"}],"curies":[{"name":"wp","href":"https:\/\/api.w.org\/{rel}","templated":true}]}}