{"id":58103,"date":"2024-10-03T21:13:53","date_gmt":"2024-10-03T19:13:53","guid":{"rendered":"https:\/\/de-prime.com\/?p=58103"},"modified":"2024-10-03T21:37:29","modified_gmt":"2024-10-03T19:37:29","slug":"duschrollo-120x240-cm-weiss","status":"publish","type":"product","link":"https:\/\/de-prime.com\/index.php\/product\/duschrollo-120x240-cm-weiss\/","title":{"rendered":"Duschrollo 120&#215;240 cm Wei\u00df"},"content":{"rendered":"<p>Dieses Duschrollo ist eine ideale Alternative zu einem herk\u00f6mmlichen Duschvorhang oder einem Raumteiler f\u00fcr das Badezimmer. Sein schlichtes, modernes Design wird dein Bad wunderbar erg\u00e4nzen. Rolle das Duschrollo bei Bedarf einfach herunter, um deinen Fu\u00dfboden zu sch\u00fctzen, und rolle es auf, um es an der Decke zu verbergen, wenn es nicht verwendet wird. Der Duschvorhang ist aus hochwertigem, chloridfreiem Material EVA (auch bekannt als PEVA) gefertigt. Es ist wasserabweisend, schnelltrocknend und leicht zu reinigen. Die Zugschnur kann auf jeder Seite angebracht werden. Das Duschrollo ist einfach zu montieren.<\/p>\n<ul>\n<li>Farbe: Wei\u00df (halbtransparent)<\/li>\n<li>Material: 100% EVA mit Aluminiumteilen<\/li>\n<li>Gr\u00f6\u00dfe: 120 x 240 cm (B x L)<\/li>\n<li>Wasserfest<\/li>\n<li>Schnell trocknend<\/li>\n<li>Die Zugschnur entweder auf der rechten oder linken Seite montierbar<\/li>\n<li>Befestigungsmaterial inklusive<\/li>\n<li>Einfacher Zusammenbau<\/li>\n<li>Material: PEVA: 100%<\/li>\n<\/ul>\n","protected":false},"excerpt":{"rendered":"<ul>\n<li>Farbe: Wei\u00df (halbtransparent)<\/li>\n<li>Material: 100% EVA mit Aluminiumteilen<\/li>\n<li>Gr\u00f6\u00dfe: 120 x 240 cm (B x L)<\/li>\n<li>Wasserfest<\/li>\n<li>Schnell trocknend<\/li>\n<li>Die Zugschnur entweder auf der rechten oder linken Seite montierbar<\/li>\n<li>Befestigungsmaterial inklusive<\/li>\n<li>Einfacher Zusammenbau<\/li>\n<li>Material: PEVA: 100%<\/li>\n<\/ul>\n","protected":false},"featured_media":10000058103,"comment_status":"closed","ping_status":"closed","template":"","meta":[],"product_brand":[],"product_cat":[7057,7075,7048],"product_tag":[],"class_list":{"0":"post-58103","1":"product","2":"type-product","3":"status-publish","4":"has-post-thumbnail","6":"product_cat-badzubehoer","7":"product_cat-duschvorhaenge","8":"product_cat-heim-garten","10":"first","11":"instock","12":"taxable","13":"shipping-taxable","14":"purchasable","15":"product-type-simple","16":"add-to-wishlist-after_add_to_cart"},"jetpack_sharing_enabled":true,"_links":{"self":[{"href":"https:\/\/de-prime.com\/index.php\/wp-json\/wp\/v2\/product\/58103","targetHints":{"allow":["GET"]}}],"collection":[{"href":"https:\/\/de-prime.com\/index.php\/wp-json\/wp\/v2\/product"}],"about":[{"href":"https:\/\/de-prime.com\/index.php\/wp-json\/wp\/v2\/types\/product"}],"replies":[{"embeddable":true,"href":"https:\/\/de-prime.com\/index.php\/wp-json\/wp\/v2\/comments?post=58103"}],"wp:featuredmedia":[{"embeddable":true,"href":"https:\/\/de-prime.com\/index.php\/wp-json\/"}],"wp:attachment":[{"href":"https:\/\/de-prime.com\/index.php\/wp-json\/wp\/v2\/media?parent=58103"}],"wp:term":[{"taxonomy":"product_brand","embeddable":true,"href":"https:\/\/de-prime.com\/index.php\/wp-json\/wp\/v2\/product_brand?post=58103"},{"taxonomy":"product_cat","embeddable":true,"href":"https:\/\/de-prime.com\/index.php\/wp-json\/wp\/v2\/product_cat?post=58103"},{"taxonomy":"product_tag","embeddable":true,"href":"https:\/\/de-prime.com\/index.php\/wp-json\/wp\/v2\/product_tag?post=58103"}],"curies":[{"name":"wp","href":"https:\/\/api.w.org\/{rel}","templated":true}]}}