{"id":58087,"date":"2024-10-03T21:14:38","date_gmt":"2024-10-03T19:14:38","guid":{"rendered":"https:\/\/de-prime.com\/?p=58087"},"modified":"2024-10-03T21:36:52","modified_gmt":"2024-10-03T19:36:52","slug":"sealskin-duschvorhangschienen-set-easy-roll-matt-aluminium","status":"publish","type":"product","link":"https:\/\/de-prime.com\/index.php\/product\/sealskin-duschvorhangschienen-set-easy-roll-matt-aluminium\/","title":{"rendered":"Sealskin Duschvorhangschienen-Set Easy-Roll Matt Aluminium"},"content":{"rendered":"<p>Das Easy-Roll Duschvorhangstange Set von Sealskin enth\u00e4lt alles, was du zum Anbringen deines Duschvorhangs ben\u00f6tigst. Dieses Set besteht aus drei geraden Duschstangen mit integrierten Schienen, zwei gebogenen Verbindungsst\u00fccken, zw\u00f6lf Haken und einer Deckenhalterung. Die Duschvorhangstangen lassen sich leicht auf die gew\u00fcnschte L\u00e4nge zuschneiden. Die Deckenhalterung wird an der Schiene festgeklemmt, sodass die Haken entlang der Duschvorhangschiene frei bewegt werden k\u00f6nnen. Jedes Duschvorhangstangen-Set kann um eine Badewanne von 90 x 170 cm bzw. um eine Duschwanne in L-Form (90 x 90 cm) oder in U-Form (90 x 90 x 90 cm) montiert werden.<\/p>\n<ul>\n<li>Farbe: Matt-Aluminium<\/li>\n<li>Material: Aluminium und ABS<\/li>\n<li>Abmessungen: 90 x 2,7 x 1,6 cm (L x B x T)<\/li>\n<li>Einfaches Zuschneiden der Stangen auf die gew\u00fcnschte Gr\u00f6\u00dfe<\/li>\n<li>Geeignet f\u00fcr eine Badewanne von 90 x 170 cm<\/li>\n<li>Geeignet f\u00fcr eine Dusche in L-Form von 90 x 90 cm<\/li>\n<li>Geeignet f\u00fcr eine Dusche in U-Form von 90 x 90 x 90 cm<\/li>\n<li>Einfacher Zusammenbau<\/li>\n<li><strong>Lieferung beinhaltet<\/strong>:<\/li>\n<li>3 x gerade Duschvorhangschiene mit eingebauten Schienen<\/li>\n<li>2 x Gebogenes Verbindungsst\u00fcck<\/li>\n<li>1 x Deckenhalterung<\/li>\n<li>12 x Haken<\/li>\n<\/ul>\n","protected":false},"excerpt":{"rendered":"<ul>\n<li>Farbe: Matt-Aluminium<\/li>\n<li>Material: Aluminium und ABS<\/li>\n<li>Abmessungen: 90 x 2,7 x 1,6 cm (L x B x T)<\/li>\n<li>Einfaches Zuschneiden der Stangen auf die gew\u00fcnschte Gr\u00f6\u00dfe<\/li>\n<li>Geeignet f\u00fcr eine Badewanne von 90 x 170 cm<\/li>\n<li>Geeignet f\u00fcr eine Dusche in L-Form von 90 x 90 cm<\/li>\n<li>Geeignet f\u00fcr eine Dusche in U-Form von 90 x 90 x 90 cm<\/li>\n<li>Einfacher Zusammenbau<\/li>\n<li><strong>Lieferung beinhaltet<\/strong>:<\/li>\n<li>3 x gerade Duschvorhangschiene mit eingebauten Schienen<\/li>\n<li>2 x Gebogenes Verbindungsst\u00fcck<\/li>\n<li>1 x Deckenhalterung<\/li>\n<li>12 x Haken<\/li>\n<\/ul>\n","protected":false},"featured_media":10000058087,"comment_status":"closed","ping_status":"closed","template":"","meta":[],"product_brand":[],"product_cat":[7057,7074,7048],"product_tag":[],"class_list":{"0":"post-58087","1":"product","2":"type-product","3":"status-publish","4":"has-post-thumbnail","6":"product_cat-badzubehoer","7":"product_cat-duschvorhangstangen","8":"product_cat-heim-garten","10":"first","11":"outofstock","12":"taxable","13":"shipping-taxable","14":"purchasable","15":"product-type-simple","16":"add-to-wishlist-after_add_to_cart"},"jetpack_sharing_enabled":true,"_links":{"self":[{"href":"https:\/\/de-prime.com\/index.php\/wp-json\/wp\/v2\/product\/58087","targetHints":{"allow":["GET"]}}],"collection":[{"href":"https:\/\/de-prime.com\/index.php\/wp-json\/wp\/v2\/product"}],"about":[{"href":"https:\/\/de-prime.com\/index.php\/wp-json\/wp\/v2\/types\/product"}],"replies":[{"embeddable":true,"href":"https:\/\/de-prime.com\/index.php\/wp-json\/wp\/v2\/comments?post=58087"}],"wp:featuredmedia":[{"embeddable":true,"href":"https:\/\/de-prime.com\/index.php\/wp-json\/"}],"wp:attachment":[{"href":"https:\/\/de-prime.com\/index.php\/wp-json\/wp\/v2\/media?parent=58087"}],"wp:term":[{"taxonomy":"product_brand","embeddable":true,"href":"https:\/\/de-prime.com\/index.php\/wp-json\/wp\/v2\/product_brand?post=58087"},{"taxonomy":"product_cat","embeddable":true,"href":"https:\/\/de-prime.com\/index.php\/wp-json\/wp\/v2\/product_cat?post=58087"},{"taxonomy":"product_tag","embeddable":true,"href":"https:\/\/de-prime.com\/index.php\/wp-json\/wp\/v2\/product_tag?post=58087"}],"curies":[{"name":"wp","href":"https:\/\/api.w.org\/{rel}","templated":true}]}}