{"id":58069,"date":"2024-10-04T11:17:28","date_gmt":"2024-10-04T09:17:28","guid":{"rendered":"https:\/\/de-prime.com\/?p=58069"},"modified":"2024-10-04T11:17:28","modified_gmt":"2024-10-04T09:17:28","slug":"dosenoeffner-silbern-70-cm-aluminium-und-edelstahl","status":"publish","type":"product","link":"https:\/\/de-prime.com\/index.php\/product\/dosenoeffner-silbern-70-cm-aluminium-und-edelstahl\/","title":{"rendered":"Dosen\u00f6ffner Silbern 70 cm Aluminium und Edelstahl"},"content":{"rendered":"<p>Dieser professionelle Dosen\u00f6ffner ist ein Allround-K\u00fcchenger\u00e4t, mit dem sich Konservendosen m\u00fchelos und schnell \u00f6ffnen lassen. Der aus Aluminium und starkem Edelstahl gefertigte Dosen\u00f6ffner ist \u00e4u\u00dferst stabil und langlebig und eignet sich sowohl f\u00fcr den privaten als auch f\u00fcr den professionellen Gebrauch, einschlie\u00dflich in Hotels, Restaurants, Schulen, bei Veranstaltungen usw. Mit der mitgelieferten Befestigungsklammer l\u00e4sst er sich einfach am Tisch oder an der Arbeitsplatte befestigen und hilft beim schnellen und einfachen \u00d6ffnen verschiedener Dosen mit einer H\u00f6he von bis zu 55 cm. Der um 360 Grad drehbare Griff bietet maximale Flexibilit\u00e4t, um unterschiedlichen Anforderungen gerecht zu werden.<\/p>\n<ul>\n<li>Material: Aluminium und Edelstahl<\/li>\n<li>Abmessungen: 20 x 12 x 70 cm (L x B x H)<\/li>\n<li>Maximaler Abstand zwischen Dosen und Messer: 55 cm<\/li>\n<li>360-Grad-Drehgriff<\/li>\n<li>Handbetrieben<\/li>\n<li>Einfache Befestigung an der Tischplatte mit der mitgelieferten Befestigungsklammer<\/li>\n<li>Einfach zu stapeln und zu verwenden<\/li>\n<\/ul>\n","protected":false},"excerpt":{"rendered":"<ul>\n<li>Material: Aluminium und Edelstahl<\/li>\n<li>Abmessungen: 20 x 12 x 70 cm (L x B x H)<\/li>\n<li>Maximaler Abstand zwischen Dosen und Messer: 55 cm<\/li>\n<li>360-Grad-Drehgriff<\/li>\n<li>Handbetrieben<\/li>\n<li>Einfache Befestigung an der Tischplatte mit der mitgelieferten Befestigungsklammer<\/li>\n<li>Einfach zu stapeln und zu verwenden<\/li>\n<\/ul>\n","protected":false},"featured_media":10000058069,"comment_status":"closed","ping_status":"closed","template":"","meta":[],"product_brand":[],"product_cat":[7072,7048,7051,7062],"product_tag":[],"class_list":{"0":"post-58069","1":"product","2":"type-product","3":"status-publish","4":"has-post-thumbnail","6":"product_cat-dosenoeffner","7":"product_cat-heim-garten","8":"product_cat-kueche-esszimmer","9":"product_cat-kuechenhelfer-utensilien","11":"first","12":"instock","13":"taxable","14":"shipping-taxable","15":"purchasable","16":"product-type-simple","17":"add-to-wishlist-after_add_to_cart"},"jetpack_sharing_enabled":true,"_links":{"self":[{"href":"https:\/\/de-prime.com\/index.php\/wp-json\/wp\/v2\/product\/58069","targetHints":{"allow":["GET"]}}],"collection":[{"href":"https:\/\/de-prime.com\/index.php\/wp-json\/wp\/v2\/product"}],"about":[{"href":"https:\/\/de-prime.com\/index.php\/wp-json\/wp\/v2\/types\/product"}],"replies":[{"embeddable":true,"href":"https:\/\/de-prime.com\/index.php\/wp-json\/wp\/v2\/comments?post=58069"}],"wp:featuredmedia":[{"embeddable":true,"href":"https:\/\/de-prime.com\/index.php\/wp-json\/"}],"wp:attachment":[{"href":"https:\/\/de-prime.com\/index.php\/wp-json\/wp\/v2\/media?parent=58069"}],"wp:term":[{"taxonomy":"product_brand","embeddable":true,"href":"https:\/\/de-prime.com\/index.php\/wp-json\/wp\/v2\/product_brand?post=58069"},{"taxonomy":"product_cat","embeddable":true,"href":"https:\/\/de-prime.com\/index.php\/wp-json\/wp\/v2\/product_cat?post=58069"},{"taxonomy":"product_tag","embeddable":true,"href":"https:\/\/de-prime.com\/index.php\/wp-json\/wp\/v2\/product_tag?post=58069"}],"curies":[{"name":"wp","href":"https:\/\/api.w.org\/{rel}","templated":true}]}}