{"id":58065,"date":"2024-10-04T11:16:28","date_gmt":"2024-10-04T09:16:28","guid":{"rendered":"https:\/\/de-prime.com\/?p=58065"},"modified":"2024-10-04T11:16:28","modified_gmt":"2024-10-04T09:16:28","slug":"deckenleuchte-fuer-3-g9-gluehlampen-120-w","status":"publish","type":"product","link":"https:\/\/de-prime.com\/index.php\/product\/deckenleuchte-fuer-3-g9-gluehlampen-120-w\/","title":{"rendered":"Deckenleuchte f\u00fcr 3 G9-Gl\u00fchlampen 120 W"},"content":{"rendered":"<p>Diese Deckenleuchte wird eine gro\u00dfartige Bereicherung f\u00fcr Ihr Interieur.Diese Leuchte l\u00e4sst sich dank ihres hochwertigen Metallrahmens problemlos an jede Decke anbringen. Die spiralm\u00e4\u00dfigen Metallarme verleihen der leuchte einen besonders schicken Look. Die sch\u00f6nen, gebogenen Metallr\u00f6hrchen verleihen der Lampe einen schicken Look. Ein angenehmes Licht wird durch die zierlichen Glaslampenschirme verstrahlt und dadurch jede Ecke Ihres Zimmers wunderbar erhellen. Diese ausgezeichnete Deckenleuchte wird in jedem Raum Ihres Hauses gro\u00dfartig aussehen.Diese Deckenleuchte verwendet sechs G9-Gl\u00fchlampen. Bitte beachten: die Gl\u00fchlampen sind nicht im Lieferumfang enthalten.<\/p>\n<ul>\n<li>Material: Glas-Lampenschirm + Metallrahmen<\/li>\n<li>Gesamtma\u00dfe: 33 x 28 x 16 cm (L x B x H)<\/li>\n<li>Stromversorgung: 220-240 V~, 50\/60 Hz<\/li>\n<li>H\u00f6chstleistung (Gl\u00fchlampe): 3 x 40 W<\/li>\n<li>Lampenfasung: G9<\/li>\n<li>Mikrolierte Oberfl\u00e4che<\/li>\n<li>Schutzart: IP 20<\/li>\n<li>Ben\u00f6tigt 3 Gl\u00fchlampen (nicht im Lieferumfang enthalten)<\/li>\n<\/ul>\n","protected":false},"excerpt":{"rendered":"<ul>\n<li>Material: Glas-Lampenschirm + Metallrahmen<\/li>\n<li>Gesamtma\u00dfe: 33 x 28 x 16 cm (L x B x H)<\/li>\n<li>Stromversorgung: 220-240 V~, 50\/60 Hz<\/li>\n<li>H\u00f6chstleistung (Gl\u00fchlampe): 3 x 40 W<\/li>\n<li>Lampenfasung: G9<\/li>\n<li>Mikrolierte Oberfl\u00e4che<\/li>\n<li>Schutzart: IP 20<\/li>\n<li>Ben\u00f6tigt 3 Gl\u00fchlampen (nicht im Lieferumfang enthalten)<\/li>\n<\/ul>\n","protected":false},"featured_media":10000058065,"comment_status":"closed","ping_status":"closed","template":"","meta":[],"product_brand":[],"product_cat":[7054,7071,7048,7070],"product_tag":[],"class_list":{"0":"post-58065","1":"product","2":"type-product","3":"status-publish","4":"has-post-thumbnail","6":"product_cat-beleuchtung","7":"product_cat-deckenleuchten","8":"product_cat-heim-garten","9":"product_cat-kronleuchter-wand-deckenbeleuchtung","11":"first","12":"instock","13":"taxable","14":"shipping-taxable","15":"purchasable","16":"product-type-simple","17":"add-to-wishlist-after_add_to_cart"},"jetpack_sharing_enabled":true,"_links":{"self":[{"href":"https:\/\/de-prime.com\/index.php\/wp-json\/wp\/v2\/product\/58065","targetHints":{"allow":["GET"]}}],"collection":[{"href":"https:\/\/de-prime.com\/index.php\/wp-json\/wp\/v2\/product"}],"about":[{"href":"https:\/\/de-prime.com\/index.php\/wp-json\/wp\/v2\/types\/product"}],"replies":[{"embeddable":true,"href":"https:\/\/de-prime.com\/index.php\/wp-json\/wp\/v2\/comments?post=58065"}],"wp:featuredmedia":[{"embeddable":true,"href":"https:\/\/de-prime.com\/index.php\/wp-json\/"}],"wp:attachment":[{"href":"https:\/\/de-prime.com\/index.php\/wp-json\/wp\/v2\/media?parent=58065"}],"wp:term":[{"taxonomy":"product_brand","embeddable":true,"href":"https:\/\/de-prime.com\/index.php\/wp-json\/wp\/v2\/product_brand?post=58065"},{"taxonomy":"product_cat","embeddable":true,"href":"https:\/\/de-prime.com\/index.php\/wp-json\/wp\/v2\/product_cat?post=58065"},{"taxonomy":"product_tag","embeddable":true,"href":"https:\/\/de-prime.com\/index.php\/wp-json\/wp\/v2\/product_tag?post=58065"}],"curies":[{"name":"wp","href":"https:\/\/api.w.org\/{rel}","templated":true}]}}