{"id":58044,"date":"2024-10-04T11:19:54","date_gmt":"2024-10-04T09:19:54","guid":{"rendered":"https:\/\/de-prime.com\/?p=58044"},"modified":"2024-10-04T11:19:54","modified_gmt":"2024-10-04T09:19:54","slug":"deckenlampe-mit-ellipsenfoermigen-glasschirmen-4-stk-e14","status":"publish","type":"product","link":"https:\/\/de-prime.com\/index.php\/product\/deckenlampe-mit-ellipsenfoermigen-glasschirmen-4-stk-e14\/","title":{"rendered":"Deckenlampe mit ellipsenf\u00f6rmigen Glasschirmen 4 Stk. E14"},"content":{"rendered":"<p>Diese einzigartige Deckenlampe mit sechs Glasschirmen verf\u00fcgt \u00fcber ein modernes Design. Das Chromfinish verleiht dieser Leuchte einen zeitgem\u00e4\u00dfen Stil &#8211; perfekt f\u00fcr jedes Wohn- oder Schlafzimmer. Diese Lampe kann einfach an jeder Decke mit einem hochwertigen quaderf\u00f6rmigen Metallfu\u00df montiert werden. Wunderbares Licht kommt durch die zarten, ellipsenf\u00f6rmigen Schirme, die jede Ecke des Raumes erhellen. Diese exklusive Deckenleuchte zeichnet sich garantiert durch ihre angenehme Schlichtheit aus. Diese Lampe ist f\u00fcr sechs E14-Gl\u00fchlampen geeignet. Bitte beachten Sie, dass die Gl\u00fchbirnen nicht im Lieferumfang enthalten sind. Lieferung inklusive 4 Lampen.<\/p>\n<ul>\n<li>Material: Metallrahmen + Glas-Lampenschirme<\/li>\n<li>Gesamtgr\u00f6\u00dfe: 550 x 250 x 275 mm (L x B x H)<\/li>\n<li>Spannung: 230 V~<\/li>\n<li>Frequenz: 50 Hz<\/li>\n<li>Max. Leistung: 6 x 40 W<\/li>\n<li>Lampenfassung: E14<\/li>\n<li>Verchromt<\/li>\n<li>Leuchtmittel sind nicht im Lieferumfang enthalten<\/li>\n<li>Lieferung umfasst 4 Lampen<\/li>\n<\/ul>\n","protected":false},"excerpt":{"rendered":"<ul>\n<li>Material: Metallrahmen + Glas-Lampenschirme<\/li>\n<li>Gesamtgr\u00f6\u00dfe: 550 x 250 x 275 mm (L x B x H)<\/li>\n<li>Spannung: 230 V~<\/li>\n<li>Frequenz: 50 Hz<\/li>\n<li>Max. Leistung: 6 x 40 W<\/li>\n<li>Lampenfassung: E14<\/li>\n<li>Verchromt<\/li>\n<li>Leuchtmittel sind nicht im Lieferumfang enthalten<\/li>\n<li>Lieferung umfasst 4 Lampen<\/li>\n<\/ul>\n","protected":false},"featured_media":10000058044,"comment_status":"closed","ping_status":"closed","template":"","meta":[],"product_brand":[],"product_cat":[7054,7071,7048,7070],"product_tag":[],"class_list":{"0":"post-58044","1":"product","2":"type-product","3":"status-publish","4":"has-post-thumbnail","6":"product_cat-beleuchtung","7":"product_cat-deckenleuchten","8":"product_cat-heim-garten","9":"product_cat-kronleuchter-wand-deckenbeleuchtung","11":"first","12":"instock","13":"taxable","14":"shipping-taxable","15":"purchasable","16":"product-type-simple","17":"add-to-wishlist-after_add_to_cart"},"jetpack_sharing_enabled":true,"_links":{"self":[{"href":"https:\/\/de-prime.com\/index.php\/wp-json\/wp\/v2\/product\/58044","targetHints":{"allow":["GET"]}}],"collection":[{"href":"https:\/\/de-prime.com\/index.php\/wp-json\/wp\/v2\/product"}],"about":[{"href":"https:\/\/de-prime.com\/index.php\/wp-json\/wp\/v2\/types\/product"}],"replies":[{"embeddable":true,"href":"https:\/\/de-prime.com\/index.php\/wp-json\/wp\/v2\/comments?post=58044"}],"wp:featuredmedia":[{"embeddable":true,"href":"https:\/\/de-prime.com\/index.php\/wp-json\/"}],"wp:attachment":[{"href":"https:\/\/de-prime.com\/index.php\/wp-json\/wp\/v2\/media?parent=58044"}],"wp:term":[{"taxonomy":"product_brand","embeddable":true,"href":"https:\/\/de-prime.com\/index.php\/wp-json\/wp\/v2\/product_brand?post=58044"},{"taxonomy":"product_cat","embeddable":true,"href":"https:\/\/de-prime.com\/index.php\/wp-json\/wp\/v2\/product_cat?post=58044"},{"taxonomy":"product_tag","embeddable":true,"href":"https:\/\/de-prime.com\/index.php\/wp-json\/wp\/v2\/product_tag?post=58044"}],"curies":[{"name":"wp","href":"https:\/\/api.w.org\/{rel}","templated":true}]}}