{"id":57957,"date":"2024-10-03T21:16:28","date_gmt":"2024-10-03T19:16:28","guid":{"rendered":"https:\/\/de-prime.com\/?p=57957"},"modified":"2024-10-03T21:35:35","modified_gmt":"2024-10-03T19:35:35","slug":"sealskin-antirutschmatte-unilux-35x90-cm-anthrazit","status":"publish","type":"product","link":"https:\/\/de-prime.com\/index.php\/product\/sealskin-antirutschmatte-unilux-35x90-cm-anthrazit\/","title":{"rendered":"Sealskin Antirutschmatte Unilux 35&#215;90 cm Anthrazit"},"content":{"rendered":"<p>Sorgen Sie f\u00fcr zus\u00e4tzliche Sicherheit in Ihrem Badezimmer mit der rutschfesten Unilux Badematte in Anthrazit von Sealskin. Diese rechteckige Wanneneinlage verf\u00fcgt \u00fcber Saugn\u00e4pfe an der Unterseite, die f\u00fcr einen sicheren Halt in der Dusche sorgen und ein Ausrutschen verhindern. Das Wasser kann durch die L\u00f6cher in der Matte einfach abflie\u00dfen. Die Antirutschmatte hat eine anthrazitgraue Oberfl\u00e4che und ist dank ihrer Gr\u00f6\u00dfe von 35 x 90 cm bestens f\u00fcr den Einsatz in Ihrer Duschkabine geeignet. Die Matte kann leicht von Hand oder sogar in der Waschmaschine im Feinwaschgang bei 40 Grad gereinigt werden. Die Sicherheitsmatten von Sealskin sind in verschiedenen Stilen und Farben erh\u00e4ltlich, so finden Sie immer eine die perfekt zu Ihrem Badezimmer passt!<\/p>\n<ul>\n<li>Farbe: Anthrazit<\/li>\n<li>Material: PVC<\/li>\n<li>Gr\u00f6\u00dfe: 35 x 90 cm (B x L)<\/li>\n<li>Saugn\u00e4pfe an der Unterseite<\/li>\n<li>Saugn\u00e4pfe an der Unterseite<\/li>\n<li>Kann sogar im Feinwaschgang bei 40 \u00baC gewaschen werden<\/li>\n<\/ul>\n","protected":false},"excerpt":{"rendered":"<ul>\n<li>Farbe: Anthrazit<\/li>\n<li>Material: PVC<\/li>\n<li>Gr\u00f6\u00dfe: 35 x 90 cm (B x L)<\/li>\n<li>Saugn\u00e4pfe an der Unterseite<\/li>\n<li>Saugn\u00e4pfe an der Unterseite<\/li>\n<li>Kann sogar im Feinwaschgang bei 40 \u00baC gewaschen werden<\/li>\n<\/ul>\n","protected":false},"featured_media":10000057957,"comment_status":"closed","ping_status":"closed","template":"","meta":[],"product_brand":[],"product_cat":[7059,7057,7048],"product_tag":[],"class_list":{"0":"post-57957","1":"product","2":"type-product","3":"status-publish","4":"has-post-thumbnail","6":"product_cat-badematten-badteppiche","7":"product_cat-badzubehoer","8":"product_cat-heim-garten","10":"first","11":"instock","12":"taxable","13":"shipping-taxable","14":"purchasable","15":"product-type-simple","16":"add-to-wishlist-after_add_to_cart"},"jetpack_sharing_enabled":true,"_links":{"self":[{"href":"https:\/\/de-prime.com\/index.php\/wp-json\/wp\/v2\/product\/57957","targetHints":{"allow":["GET"]}}],"collection":[{"href":"https:\/\/de-prime.com\/index.php\/wp-json\/wp\/v2\/product"}],"about":[{"href":"https:\/\/de-prime.com\/index.php\/wp-json\/wp\/v2\/types\/product"}],"replies":[{"embeddable":true,"href":"https:\/\/de-prime.com\/index.php\/wp-json\/wp\/v2\/comments?post=57957"}],"wp:featuredmedia":[{"embeddable":true,"href":"https:\/\/de-prime.com\/index.php\/wp-json\/"}],"wp:attachment":[{"href":"https:\/\/de-prime.com\/index.php\/wp-json\/wp\/v2\/media?parent=57957"}],"wp:term":[{"taxonomy":"product_brand","embeddable":true,"href":"https:\/\/de-prime.com\/index.php\/wp-json\/wp\/v2\/product_brand?post=57957"},{"taxonomy":"product_cat","embeddable":true,"href":"https:\/\/de-prime.com\/index.php\/wp-json\/wp\/v2\/product_cat?post=57957"},{"taxonomy":"product_tag","embeddable":true,"href":"https:\/\/de-prime.com\/index.php\/wp-json\/wp\/v2\/product_tag?post=57957"}],"curies":[{"name":"wp","href":"https:\/\/api.w.org\/{rel}","templated":true}]}}