{"id":57598,"date":"2024-10-03T21:16:44","date_gmt":"2024-10-03T19:16:44","guid":{"rendered":"https:\/\/de-prime.com\/?p=57598"},"modified":"2024-10-03T21:35:24","modified_gmt":"2024-10-03T19:35:24","slug":"wegeleuchten-2-stk-led-50-cm-mit-erdspiess","status":"publish","type":"product","link":"https:\/\/de-prime.com\/index.php\/product\/wegeleuchten-2-stk-led-50-cm-mit-erdspiess\/","title":{"rendered":"Wegeleuchten 2 Stk. LED 50 cm mit Erdspie\u00df"},"content":{"rendered":"<p>Dieses 2-teilige LED-Solarleuchten-Set wird komplett mit R\u00f6hre, Erdspie\u00df und Akku geliefert und ist einfach zu installieren. Es ist eine perfekte dekorative Beleuchtung f\u00fcr G\u00e4rten, Terrassen, Wege, H\u00f6fe und Balkone.Diese Solarkugellampe besteht aus strapazierf\u00e4higem Kunststoff und wird jahrelang verwendet. Mit zw\u00f6lf 0,1 W LED-Leuchten im Inneren kann die Lampe 1,2 W Beleuchtung liefern. Die Lampe schaltet sich automatisch ein, wenn es dunkel wird. Die Beleuchtungsdauer h\u00e4ngt vom Wetterzustand ab. Normalerweise kann sie nach 3 Stunden Sonneneinstrahlung etwa 8 Stunden leuchten.Da die Batterie durch Sonneneinstrahlung aufgeladen wird, verbraucht die Gartenleuchte keine Elektroenergie und schont daher die Umwelt. Weil sie keine Kabel zum Aufladen ben\u00f6tigt, wird ein sicherer Einsatz und bequemer Transport gewahrleistet. Au\u00dferdem spart diese Leuchte Ihre Stromkosten, da sie solarbetrieben ist. Eine einmalige Investition, die sich n\u00e4chtlich auszahlt!<\/p>\n<ul>\n<li>2 St\u00fcck LED-Solarleuchte mit Erdspie\u00df <\/li>\n<li>12 LEDs von 0,1W mit warmwei\u00dfem Licht (pro Stk.)<\/li>\n<li>Farbe: gl\u00e4nzend wei\u00dfe Kugel, schwarzes Rohr <\/li>\n<li>PP\/Material, strapazierf\u00e4higer Kunststoff, schlagfest, UV-best\u00e4ndig <\/li>\n<li>Dia. Kugel Licht: 50 cm<\/li>\n<li>Rohr-L\u00e4nge: 11 cm <\/li>\n<li>Erdspie\u00df-L\u00e4nge: 10 cm<\/li>\n<li>Gesamtl\u00e4nge: 71 cm<\/li>\n<li>Schalter: EIN\/AUS<\/li>\n<li>1 vorinstallierte wiederaufladbare AA von 1,2V \/ NI-MH 600mAh <\/li>\n<li>Stromquelle: Sonnenenergie<\/li>\n<\/ul>\n","protected":false},"excerpt":{"rendered":"<ul>\n<li>2 St\u00fcck LED-Solarleuchte mit Erdspie\u00df <\/li>\n<li>12 LEDs von 0,1W mit warmwei\u00dfem Licht (pro Stk.)<\/li>\n<li>Farbe: gl\u00e4nzend wei\u00dfe Kugel, schwarzes Rohr <\/li>\n<li>PP\/Material, strapazierf\u00e4higer Kunststoff, schlagfest, UV-best\u00e4ndig <\/li>\n<li>Dia. Kugel Licht: 50 cm<\/li>\n<li>Rohr-L\u00e4nge: 11 cm <\/li>\n<li>Erdspie\u00df-L\u00e4nge: 10 cm<\/li>\n<li>Gesamtl\u00e4nge: 71 cm<\/li>\n<li>Schalter: EIN\/AUS<\/li>\n<li>1 vorinstallierte wiederaufladbare AA von 1,2V \/ NI-MH 600mAh <\/li>\n<li>Stromquelle: Sonnenenergie<\/li>\n<\/ul>\n","protected":false},"featured_media":10000057598,"comment_status":"closed","ping_status":"closed","template":"","meta":[],"product_brand":[],"product_cat":[7055,7054,7048],"product_tag":[],"class_list":{"0":"post-57598","1":"product","2":"type-product","3":"status-publish","4":"has-post-thumbnail","6":"product_cat-aussenbeleuchtung","7":"product_cat-beleuchtung","8":"product_cat-heim-garten","10":"first","11":"instock","12":"taxable","13":"shipping-taxable","14":"purchasable","15":"product-type-simple","16":"add-to-wishlist-after_add_to_cart"},"jetpack_sharing_enabled":true,"_links":{"self":[{"href":"https:\/\/de-prime.com\/index.php\/wp-json\/wp\/v2\/product\/57598","targetHints":{"allow":["GET"]}}],"collection":[{"href":"https:\/\/de-prime.com\/index.php\/wp-json\/wp\/v2\/product"}],"about":[{"href":"https:\/\/de-prime.com\/index.php\/wp-json\/wp\/v2\/types\/product"}],"replies":[{"embeddable":true,"href":"https:\/\/de-prime.com\/index.php\/wp-json\/wp\/v2\/comments?post=57598"}],"wp:featuredmedia":[{"embeddable":true,"href":"https:\/\/de-prime.com\/index.php\/wp-json\/"}],"wp:attachment":[{"href":"https:\/\/de-prime.com\/index.php\/wp-json\/wp\/v2\/media?parent=57598"}],"wp:term":[{"taxonomy":"product_brand","embeddable":true,"href":"https:\/\/de-prime.com\/index.php\/wp-json\/wp\/v2\/product_brand?post=57598"},{"taxonomy":"product_cat","embeddable":true,"href":"https:\/\/de-prime.com\/index.php\/wp-json\/wp\/v2\/product_cat?post=57598"},{"taxonomy":"product_tag","embeddable":true,"href":"https:\/\/de-prime.com\/index.php\/wp-json\/wp\/v2\/product_tag?post=57598"}],"curies":[{"name":"wp","href":"https:\/\/api.w.org\/{rel}","templated":true}]}}