{"id":57590,"date":"2024-10-03T21:16:52","date_gmt":"2024-10-03T19:16:52","guid":{"rendered":"https:\/\/de-prime.com\/?p=57590"},"modified":"2024-10-03T21:35:17","modified_gmt":"2024-10-03T19:35:17","slug":"wegeleuchten-8-stk-led-15-cm-mit-erdspiess","status":"publish","type":"product","link":"https:\/\/de-prime.com\/index.php\/product\/wegeleuchten-8-stk-led-15-cm-mit-erdspiess\/","title":{"rendered":"Wegeleuchten 8 Stk. LED 15 cm mit Erdspie\u00df"},"content":{"rendered":"<p>Das 8 tlg. LED Solarlampen-Set kommt komplett mit R\u00f6hren, Erdspie\u00dfen und Akkus. Die Solar-Leuchten sind perfekt f\u00fcr Ihren Garten, Terrasse, Hof, Balkon oder als Wegbeleuchtung geeignet. Jede LED Solar-Kugelleuchte besteht aus strapazierf\u00e4higem Kunststoff, um jahrelange Nutzung zu gew\u00e4hrleisten. Jede Kugel ist mit 2 langlebigen LEDs (0,1 W) ausgestattet, so dass jede Leuchte 0,2 W Licht erzeugen kann. Also 1,6 W f\u00fcr das ganze Set.V\u00f6llig m\u00fchelos l\u00e4sst sich diese Leuchte in Ihr bestehendes Gartenambiente einsetzen, ohne ein Kabel zu verlegen oder Ihren Elektriker anrufen zu m\u00fcssen. Die H\u00f6he jeder Lampe kann durch die Verwendung von einem oder zwei R\u00f6hren eingestellt werden. Wenn es dunkel wird, schalten sich die Leuchten automatisch ein. Nachdem die Akkus mit Solarenergie aufgeladen sind, beleuchten die Lampen bis zu 8 Stunden den gew\u00fcnschten Bereich. (Die Dauer der Beleuchtung h\u00e4ngt von der Witterung ab.)Diese Leuchten sind sehr umweltfreundlich, da die Batterien dieser Lampen tags\u00fcber durch Sonnenenergie aufgeladen werden. Und da keine Kabel n\u00f6tig sind, um die Leuchten an Steckdosen anzuschlie\u00dfen, sind sie sicherer zu verwenden, praktischer und leichter zu verschieben. Au\u00dferdem sparen Sie Energiekosten, da sie solarbetrieben sind. Sie sind wirklich eine einmalige Investition mit dauerhafter Wirkung.<\/p>\n<ul>\n<li>Set von 8 x LED-Solarleuchten <\/li>\n<li>2 x 0,1 W LED mit warmwei\u00dfem Licht\/Stk.<\/li>\n<li>Farbe: gl\u00e4nzend wei\u00dfe Kugel, schwarzes Rohr <\/li>\n<li>PP\/Material, strapazierf\u00e4higer Kunststoff, schlagfest, UV-best\u00e4ndig <\/li>\n<li>Balldurchmesser: 15 cm<\/li>\n<li>Rohr-L\u00e4nge: 11 cm <\/li>\n<li>Erdspie\u00df-L\u00e4nge: 10 cm<\/li>\n<li>Gesamtl\u00e4nge: 36 cm, wenn ein Rohr verwendet wird; 47 cm, wenn beide R\u00f6hre verwendet werden<\/li>\n<li>Schalter: EIN\/AUS<\/li>\n<li>1 vorinstallierte wiederaufladbare AAA 1, 2V\/NI-MH 600mAh Batterie f\u00fcr jede Lampe <\/li>\n<li>Stromquelle: Sonnenenergie <\/li>\n<\/ul>\n","protected":false},"excerpt":{"rendered":"<ul>\n<li>Set von 8 x LED-Solarleuchten <\/li>\n<li>2 x 0,1 W LED mit warmwei\u00dfem Licht\/Stk.<\/li>\n<li>Farbe: gl\u00e4nzend wei\u00dfe Kugel, schwarzes Rohr <\/li>\n<li>PP\/Material, strapazierf\u00e4higer Kunststoff, schlagfest, UV-best\u00e4ndig <\/li>\n<li>Balldurchmesser: 15 cm<\/li>\n<li>Rohr-L\u00e4nge: 11 cm <\/li>\n<li>Erdspie\u00df-L\u00e4nge: 10 cm<\/li>\n<li>Gesamtl\u00e4nge: 36 cm, wenn ein Rohr verwendet wird; 47 cm, wenn beide R\u00f6hre verwendet werden<\/li>\n<li>Schalter: EIN\/AUS<\/li>\n<li>1 vorinstallierte wiederaufladbare AAA 1, 2V\/NI-MH 600mAh Batterie f\u00fcr jede Lampe <\/li>\n<li>Stromquelle: Sonnenenergie <\/li>\n<\/ul>\n","protected":false},"featured_media":10000057590,"comment_status":"closed","ping_status":"closed","template":"","meta":[],"product_brand":[],"product_cat":[7055,7054,7048],"product_tag":[],"class_list":{"0":"post-57590","1":"product","2":"type-product","3":"status-publish","4":"has-post-thumbnail","6":"product_cat-aussenbeleuchtung","7":"product_cat-beleuchtung","8":"product_cat-heim-garten","10":"first","11":"instock","12":"taxable","13":"shipping-taxable","14":"purchasable","15":"product-type-simple","16":"add-to-wishlist-after_add_to_cart"},"jetpack_sharing_enabled":true,"_links":{"self":[{"href":"https:\/\/de-prime.com\/index.php\/wp-json\/wp\/v2\/product\/57590","targetHints":{"allow":["GET"]}}],"collection":[{"href":"https:\/\/de-prime.com\/index.php\/wp-json\/wp\/v2\/product"}],"about":[{"href":"https:\/\/de-prime.com\/index.php\/wp-json\/wp\/v2\/types\/product"}],"replies":[{"embeddable":true,"href":"https:\/\/de-prime.com\/index.php\/wp-json\/wp\/v2\/comments?post=57590"}],"wp:featuredmedia":[{"embeddable":true,"href":"https:\/\/de-prime.com\/index.php\/wp-json\/"}],"wp:attachment":[{"href":"https:\/\/de-prime.com\/index.php\/wp-json\/wp\/v2\/media?parent=57590"}],"wp:term":[{"taxonomy":"product_brand","embeddable":true,"href":"https:\/\/de-prime.com\/index.php\/wp-json\/wp\/v2\/product_brand?post=57590"},{"taxonomy":"product_cat","embeddable":true,"href":"https:\/\/de-prime.com\/index.php\/wp-json\/wp\/v2\/product_cat?post=57590"},{"taxonomy":"product_tag","embeddable":true,"href":"https:\/\/de-prime.com\/index.php\/wp-json\/wp\/v2\/product_tag?post=57590"}],"curies":[{"name":"wp","href":"https:\/\/api.w.org\/{rel}","templated":true}]}}