{"id":57538,"date":"2024-10-04T11:17:26","date_gmt":"2024-10-04T09:17:26","guid":{"rendered":"https:\/\/de-prime.com\/?p=57538"},"modified":"2024-10-04T11:17:26","modified_gmt":"2024-10-04T09:17:26","slug":"abzughaube-dunstabzug-hartglas-weiss-600-mm","status":"publish","type":"product","link":"https:\/\/de-prime.com\/index.php\/product\/abzughaube-dunstabzug-hartglas-weiss-600-mm\/","title":{"rendered":"Abzughaube Dunstabzug Hartglas Wei\u00df 600 mm"},"content":{"rendered":"<p>Unsere ultraleise und leistungsstarke Abzugshaube wird Abgasen und Rauch, Fett, Feuchtigkeit und sogar W\u00e4rme fern von Ihrer K\u00fcche halten. Sie verf\u00fcgt \u00fcber ein starkes Gebl\u00e4se von 720 m\u00b3 \/ h, zwei waschbare Fettfilter aus Aluminium und ein inneres Entl\u00fcftungsloch. Die 2 eingebauten LED-Leuchten beleuchten die darunter liegende Kochfl\u00e4che. Sie ist auch mit einer ber\u00fchrungsempfindlichen Touch-Schalttafel mit Digitaldisplay ausgestattet, die f\u00fcr eine einfache Steuerung der Abzugshaube sorgt. Sie ist aus dauerhaften, hochwertigen Materialien hergestellt worden. Zur Lieferung geh\u00f6ren 1 x Abzugshaube, 1 x Kohlefilter und 1 x Entl\u00fcftungsrohr.<\/p>\n<ul>\n<li>Material: Einscheibensicherheitsglas und Kamin aus Edelstahl<\/li>\n<li>Farbe: Gr\u00fcnlichwei\u00df und Silber<\/li>\n<li>Gesamtabmessungen: 600 x 360 x 900 mm (B x T x H)<\/li>\n<li>Abluftrohr-Durchmesser: 150 mm <\/li>\n<li>Luftstrom: 720 m\u00b3\/h<\/li>\n<li>Kaminma\u00dfe: 275 x 283 x 400 mm (B x T x H)<\/li>\n<li>Beleuchtung: 2 x max. 1,5 W<\/li>\n<li>Spannung: 220-240 V~, 50 Hz<\/li>\n<li>Nennleistung: 180 W<\/li>\n<li>3 Geschwindigkeitsstufen<\/li>\n<li><strong>Lieferung beinhaltet:<\/strong><\/li>\n<li>1 x Dunstabzugshaube<\/li>\n<li>1 x Entl\u00fcftungsrohr<\/li>\n<li>1 x Kohlefilter<\/li>\n<\/ul>\n","protected":false},"excerpt":{"rendered":"<ul>\n<li>Material: Einscheibensicherheitsglas und Kamin aus Edelstahl<\/li>\n<li>Farbe: Gr\u00fcnlichwei\u00df und Silber<\/li>\n<li>Gesamtabmessungen: 600 x 360 x 900 mm (B x T x H)<\/li>\n<li>Abluftrohr-Durchmesser: 150 mm <\/li>\n<li>Luftstrom: 720 m\u00b3\/h<\/li>\n<li>Kaminma\u00dfe: 275 x 283 x 400 mm (B x T x H)<\/li>\n<li>Beleuchtung: 2 x max. 1,5 W<\/li>\n<li>Spannung: 220-240 V~, 50 Hz<\/li>\n<li>Nennleistung: 180 W<\/li>\n<li>3 Geschwindigkeitsstufen<\/li>\n<li><strong>Lieferung beinhaltet:<\/strong><\/li>\n<li>1 x Dunstabzugshaube<\/li>\n<li>1 x Entl\u00fcftungsrohr<\/li>\n<li>1 x Kohlefilter<\/li>\n<\/ul>\n","protected":false},"featured_media":10000057538,"comment_status":"closed","ping_status":"closed","template":"","meta":[],"product_brand":[],"product_cat":[7053,7048,7051,7052],"product_tag":[],"class_list":{"0":"post-57538","1":"product","2":"type-product","3":"status-publish","4":"has-post-thumbnail","6":"product_cat-abzugshauben","7":"product_cat-heim-garten","8":"product_cat-kueche-esszimmer","9":"product_cat-kuechengeraete","11":"first","12":"instock","13":"taxable","14":"shipping-taxable","15":"purchasable","16":"product-type-simple","17":"add-to-wishlist-after_add_to_cart"},"jetpack_sharing_enabled":true,"_links":{"self":[{"href":"https:\/\/de-prime.com\/index.php\/wp-json\/wp\/v2\/product\/57538","targetHints":{"allow":["GET"]}}],"collection":[{"href":"https:\/\/de-prime.com\/index.php\/wp-json\/wp\/v2\/product"}],"about":[{"href":"https:\/\/de-prime.com\/index.php\/wp-json\/wp\/v2\/types\/product"}],"replies":[{"embeddable":true,"href":"https:\/\/de-prime.com\/index.php\/wp-json\/wp\/v2\/comments?post=57538"}],"wp:featuredmedia":[{"embeddable":true,"href":"https:\/\/de-prime.com\/index.php\/wp-json\/"}],"wp:attachment":[{"href":"https:\/\/de-prime.com\/index.php\/wp-json\/wp\/v2\/media?parent=57538"}],"wp:term":[{"taxonomy":"product_brand","embeddable":true,"href":"https:\/\/de-prime.com\/index.php\/wp-json\/wp\/v2\/product_brand?post=57538"},{"taxonomy":"product_cat","embeddable":true,"href":"https:\/\/de-prime.com\/index.php\/wp-json\/wp\/v2\/product_cat?post=57538"},{"taxonomy":"product_tag","embeddable":true,"href":"https:\/\/de-prime.com\/index.php\/wp-json\/wp\/v2\/product_tag?post=57538"}],"curies":[{"name":"wp","href":"https:\/\/api.w.org\/{rel}","templated":true}]}}