{"id":57534,"date":"2024-10-04T11:08:43","date_gmt":"2024-10-04T09:08:43","guid":{"rendered":"https:\/\/de-prime.com\/?p=57534"},"modified":"2024-10-04T11:08:43","modified_gmt":"2024-10-04T09:08:43","slug":"dunstabzugshaube-90-cm-stahl-und-hartglas-weiss-3","status":"publish","type":"product","link":"https:\/\/de-prime.com\/index.php\/product\/dunstabzugshaube-90-cm-stahl-und-hartglas-weiss-3\/","title":{"rendered":"Dunstabzugshaube 90 cm Stahl und Hartglas Wei\u00df"},"content":{"rendered":"<p>Diese ger\u00e4uscharme und leistungsstarke Dunstabzugshaube eignet sich ideal f\u00fcr die effektive Absaugung von Rauch, Fett, Feuchtigkeit und sogar Hitze in Ihrer K\u00fcche. Erstklassiges Material: Die Dunstabzugshaube verf\u00fcgt \u00fcber ein robustes Geh\u00e4use mit einem gebogenen Paneel aus geh\u00e4rtetem Glas, das Ihrer K\u00fcche einen stilvollen und modernen Look verleiht.Waschbarer Fettfilter: Die Dunstabzugshaube ist mit dem waschbaren Fettfilter ausgestattet, um das Innere der Haube und das Abgasrohr vor Fett zu sch\u00fctzen.Eingebaute LED-Lampen: Die Abzugshaube verf\u00fcgt \u00fcber zwei eingebaute LED-Lampen, die die Kochfl\u00e4che effektiv beleuchten und Energie sparen.Sensortaste f\u00fcr 3 Geschwindigkeiten: Die variable Geschwindigkeit der K\u00fcchenabzugshaube l\u00e4sst sich \u00fcber Sensortasten einstellen, um volle Kontrolle \u00fcber die Absaugleistung zu haben.Schr\u00e4ge Form: Dank der schr\u00e4gen Form der Dunstabzugshaube k\u00f6nnen Sie beim Kochen aufrecht stehen, ohne Ihren Kopf zu sto\u00dfen.<\/p>\n<ul>\n<li>Farbe: Wei\u00df<\/li>\n<li>Material: Stahl, Hartglas, Aluminium<\/li>\n<li>Gesamtabmessungen: 90 x 31 x (78-108) cm (B x T x H)<\/li>\n<li>Luftstrom bei maximaler Geschwindigkeit: 297 m\u00b3\/h<\/li>\n<li>Mit 2 x 1,5 W LED-Lampen ausgestattet<\/li>\n<li>Sensortaste f\u00fcr 3 Geschwindigkeiten<\/li>\n<li>Spannung: 220-240 V~, 50\/60 Hz<\/li>\n<li>Leistung: 180 W<\/li>\n<li>Mit Finger-Touch-Schalter und LCD-Display<\/li>\n<li>Anschluss: Abluft oder Umluft<\/li>\n<li>Mit einem Abluftrohr (\u00d8150 mm x 1,5 m)<\/li>\n<li>Mit 2 Rauchabz\u00fcgen (400+330) mm<\/li>\n<li>Mit internem Entl\u00fcftungsloch<\/li>\n<li>Mit 2 Aktivkohlefiltern<\/li>\n<li>Energieeffizienzklasse: C<\/li>\n<li>Zusammenbau erforderlich: Ja<\/li>\n<\/ul>\n","protected":false},"excerpt":{"rendered":"<ul>\n<li>Farbe: Wei\u00df<\/li>\n<li>Material: Stahl, Hartglas, Aluminium<\/li>\n<li>Gesamtabmessungen: 90 x 31 x (78-108) cm (B x T x H)<\/li>\n<li>Luftstrom bei maximaler Geschwindigkeit: 297 m\u00b3\/h<\/li>\n<li>Mit 2 x 1,5 W LED-Lampen ausgestattet<\/li>\n<li>Sensortaste f\u00fcr 3 Geschwindigkeiten<\/li>\n<li>Spannung: 220-240 V~, 50\/60 Hz<\/li>\n<li>Leistung: 180 W<\/li>\n<li>Mit Finger-Touch-Schalter und LCD-Display<\/li>\n<li>Anschluss: Abluft oder Umluft<\/li>\n<li>Mit einem Abluftrohr (\u00d8150 mm x 1,5 m)<\/li>\n<li>Mit 2 Rauchabz\u00fcgen (400+330) mm<\/li>\n<li>Mit internem Entl\u00fcftungsloch<\/li>\n<li>Mit 2 Aktivkohlefiltern<\/li>\n<li>Energieeffizienzklasse: C<\/li>\n<li>Zusammenbau erforderlich: Ja<\/li>\n<\/ul>\n","protected":false},"featured_media":10000057534,"comment_status":"closed","ping_status":"closed","template":"","meta":[],"product_brand":[],"product_cat":[7053,7048,7051,7052],"product_tag":[],"class_list":{"0":"post-57534","1":"product","2":"type-product","3":"status-publish","4":"has-post-thumbnail","6":"product_cat-abzugshauben","7":"product_cat-heim-garten","8":"product_cat-kueche-esszimmer","9":"product_cat-kuechengeraete","11":"first","12":"outofstock","13":"taxable","14":"shipping-taxable","15":"purchasable","16":"product-type-simple","17":"add-to-wishlist-after_add_to_cart"},"jetpack_sharing_enabled":true,"_links":{"self":[{"href":"https:\/\/de-prime.com\/index.php\/wp-json\/wp\/v2\/product\/57534","targetHints":{"allow":["GET"]}}],"collection":[{"href":"https:\/\/de-prime.com\/index.php\/wp-json\/wp\/v2\/product"}],"about":[{"href":"https:\/\/de-prime.com\/index.php\/wp-json\/wp\/v2\/types\/product"}],"replies":[{"embeddable":true,"href":"https:\/\/de-prime.com\/index.php\/wp-json\/wp\/v2\/comments?post=57534"}],"wp:featuredmedia":[{"embeddable":true,"href":"https:\/\/de-prime.com\/index.php\/wp-json\/"}],"wp:attachment":[{"href":"https:\/\/de-prime.com\/index.php\/wp-json\/wp\/v2\/media?parent=57534"}],"wp:term":[{"taxonomy":"product_brand","embeddable":true,"href":"https:\/\/de-prime.com\/index.php\/wp-json\/wp\/v2\/product_brand?post=57534"},{"taxonomy":"product_cat","embeddable":true,"href":"https:\/\/de-prime.com\/index.php\/wp-json\/wp\/v2\/product_cat?post=57534"},{"taxonomy":"product_tag","embeddable":true,"href":"https:\/\/de-prime.com\/index.php\/wp-json\/wp\/v2\/product_tag?post=57534"}],"curies":[{"name":"wp","href":"https:\/\/api.w.org\/{rel}","templated":true}]}}