{"id":57525,"date":"2024-10-04T11:10:36","date_gmt":"2024-10-04T09:10:36","guid":{"rendered":"https:\/\/de-prime.com\/?p=57525"},"modified":"2024-10-04T11:10:36","modified_gmt":"2024-10-04T09:10:36","slug":"dunstabzugshaube-90-cm-stahl-und-hartglas-schwarz","status":"publish","type":"product","link":"https:\/\/de-prime.com\/index.php\/product\/dunstabzugshaube-90-cm-stahl-und-hartglas-schwarz\/","title":{"rendered":"Dunstabzugshaube 90 cm Stahl und Hartglas Schwarz"},"content":{"rendered":"<p>Diese ger\u00e4uscharme, leistungsstarke Dunstabzugshaube saugt effektiv D\u00e4mpfe und Rauch, Fett, Feuchtigkeit und sogar Hitze aus Ihrer K\u00fcche ab. Diese Dunstabzugshaube hat einen leistungsstarken Dunstabzug von 297 m\u00b3\/h. Im Lieferumfang ist auch ein abwaschbarer Aluminium-Fettfilter enthalten, um das Innere der Dunstabzugshaube und der Abluftleitung vor Fett zu sch\u00fctzen. Eine eingebaute LED-Lampe beleuchtet effektiv die Kochfl\u00e4che. So k\u00f6nnen Sie Energie sparen. Das Ger\u00e4t l\u00e4sst sich \u00fcber Tasten bequem bedienen. Es bietet 3 verschiedene Geschwindigkeitsstufen zur Auswahl. Dank der schr\u00e4gen Form der Dunstabzugshaube k\u00f6nnen Sie beim Kochen aufrecht stehen, ohne Ihren Kopf zu sto\u00dfen. Mit einer Breite von 90 cm ist sie auch platzsparend und f\u00fcr kleinere K\u00fcchen geeignet. Aus Hartglas gefertigt und mit einem Rauchabzug versehen, ist die Dunstabzugshaube sehr langlebig und einfach zu reinigen.<\/p>\n<ul>\n<li>Farbe: Schwarz<\/li>\n<li>Material: Stahl, Hartglas, Aluminium<\/li>\n<li>Gesamtabmessungen: 90 x 33 x (63,5-93,5) cm (B x T x H)<\/li>\n<li>Luftstrom bei maximaler Geschwindigkeit: 297 m\u00b3\/h<\/li>\n<li>Mit einer 1,5 W LED-Lampe ausgestattet<\/li>\n<li>Spannung: 220-240 V~, 50\/60 Hz<\/li>\n<li>Leistung: 180 W<\/li>\n<li>Anschluss: Abluft oder Umluft<\/li>\n<li>Ger\u00e4uschpegel: &lt;62d\/b<\/li>\n<li>Anzahl der Gebl\u00e4sestufen: 3<\/li>\n<li>Mechanisches Bedienfeld<\/li>\n<li>Drucktaste mit 3 Geschwindigkeiten<\/li>\n<li>Mit einem Abluftrohr (\u00d8150 mm x 1,5 m)<\/li>\n<li>Mit 2 Rauchabz\u00fcgen (330+330) mm<\/li>\n<li>Mit internem Entl\u00fcftungsloch<\/li>\n<li>Ohne Kohlefilter<\/li>\n<li>Energieeffizienzklasse: C<\/li>\n<li>Zusammenbau erforderlich: Ja<\/li>\n<\/ul>\n","protected":false},"excerpt":{"rendered":"<ul>\n<li>Farbe: Schwarz<\/li>\n<li>Material: Stahl, Hartglas, Aluminium<\/li>\n<li>Gesamtabmessungen: 90 x 33 x (63,5-93,5) cm (B x T x H)<\/li>\n<li>Luftstrom bei maximaler Geschwindigkeit: 297 m\u00b3\/h<\/li>\n<li>Mit einer 1,5 W LED-Lampe ausgestattet<\/li>\n<li>Spannung: 220-240 V~, 50\/60 Hz<\/li>\n<li>Leistung: 180 W<\/li>\n<li>Anschluss: Abluft oder Umluft<\/li>\n<li>Ger\u00e4uschpegel: &lt;62d\/b<\/li>\n<li>Anzahl der Gebl\u00e4sestufen: 3<\/li>\n<li>Mechanisches Bedienfeld<\/li>\n<li>Drucktaste mit 3 Geschwindigkeiten<\/li>\n<li>Mit einem Abluftrohr (\u00d8150 mm x 1,5 m)<\/li>\n<li>Mit 2 Rauchabz\u00fcgen (330+330) mm<\/li>\n<li>Mit internem Entl\u00fcftungsloch<\/li>\n<li>Ohne Kohlefilter<\/li>\n<li>Energieeffizienzklasse: C<\/li>\n<li>Zusammenbau erforderlich: Ja<\/li>\n<\/ul>\n","protected":false},"featured_media":10000057525,"comment_status":"closed","ping_status":"closed","template":"","meta":[],"product_brand":[],"product_cat":[7053,7048,7051,7052],"product_tag":[],"class_list":{"0":"post-57525","1":"product","2":"type-product","3":"status-publish","4":"has-post-thumbnail","6":"product_cat-abzugshauben","7":"product_cat-heim-garten","8":"product_cat-kueche-esszimmer","9":"product_cat-kuechengeraete","11":"first","12":"instock","13":"taxable","14":"shipping-taxable","15":"purchasable","16":"product-type-simple","17":"add-to-wishlist-after_add_to_cart"},"jetpack_sharing_enabled":true,"_links":{"self":[{"href":"https:\/\/de-prime.com\/index.php\/wp-json\/wp\/v2\/product\/57525","targetHints":{"allow":["GET"]}}],"collection":[{"href":"https:\/\/de-prime.com\/index.php\/wp-json\/wp\/v2\/product"}],"about":[{"href":"https:\/\/de-prime.com\/index.php\/wp-json\/wp\/v2\/types\/product"}],"replies":[{"embeddable":true,"href":"https:\/\/de-prime.com\/index.php\/wp-json\/wp\/v2\/comments?post=57525"}],"wp:featuredmedia":[{"embeddable":true,"href":"https:\/\/de-prime.com\/index.php\/wp-json\/"}],"wp:attachment":[{"href":"https:\/\/de-prime.com\/index.php\/wp-json\/wp\/v2\/media?parent=57525"}],"wp:term":[{"taxonomy":"product_brand","embeddable":true,"href":"https:\/\/de-prime.com\/index.php\/wp-json\/wp\/v2\/product_brand?post=57525"},{"taxonomy":"product_cat","embeddable":true,"href":"https:\/\/de-prime.com\/index.php\/wp-json\/wp\/v2\/product_cat?post=57525"},{"taxonomy":"product_tag","embeddable":true,"href":"https:\/\/de-prime.com\/index.php\/wp-json\/wp\/v2\/product_tag?post=57525"}],"curies":[{"name":"wp","href":"https:\/\/api.w.org\/{rel}","templated":true}]}}