{"id":57485,"date":"2024-10-04T11:14:22","date_gmt":"2024-10-04T09:14:22","guid":{"rendered":"https:\/\/de-prime.com\/?p=57485"},"modified":"2024-10-04T11:14:22","modified_gmt":"2024-10-04T09:14:22","slug":"eko-sensor-muelleimer-phantom-45-l-mattsilbern","status":"publish","type":"product","link":"https:\/\/de-prime.com\/index.php\/product\/eko-sensor-muelleimer-phantom-45-l-mattsilbern\/","title":{"rendered":"EKO Sensor-M\u00fclleimer Phantom 45 L Mattsilbern"},"content":{"rendered":"<p>Der stylische Phantom 45-Liter-M\u00fclleimer aus geb\u00fcrstetem Edelstahl von EKO verf\u00fcgt \u00fcber eine fingerabdrucksichere Beschichtung und einen Kunststoff-Innenbeh\u00e4lter. Der Sensormechanismus mit Ber\u00fchrungsschalter erm\u00f6glicht das \u00d6ffnen und Schlie\u00dfen des Beh\u00e4lters entweder durch einen Sensor oder durch Ber\u00fchren einer Taste. Das schlanke Design macht es perfekt f\u00fcr kleine R\u00e4ume. Der ger\u00e4uschlos schlie\u00dfende Deckel \u00f6ffnet sich in zwei Teilen, sodass sich der M\u00fclleimer leicht unter Arbeitsplatten montieren l\u00e4sst. Der Sensor sorgt f\u00fcr eine hygienische Nutzung des M\u00fclleimers. Das abnehmbare Oberteil erm\u00f6glicht ein einfaches Wechseln des Beutels.<\/p>\n<ul>\n<li>Farbe: Mattsilber<\/li>\n<li>Material: Geb\u00fcrsteter Edelstahl <\/li>\n<li>Abmessungen: 27 x 46 x 65,5 cm (B x T x H)<\/li>\n<li>Fassungsverm\u00f6gen: 45 L<\/li>\n<li>Mit 1 herausnehmbaren Inneneimer aus Kunststoff<\/li>\n<li>Mit Sensorik bestehend aus Touch-Schalter<\/li>\n<li>Fingerabdrucksichere Beschichtung<\/li>\n<li>Ged\u00e4mpfter Soft-Close-Mechanismus<\/li>\n<li>Abnehmbares Oberteil<\/li>\n<li>Erforderliche Batterie: 6 x AA Batterie (nicht im Lieferumfang enthalten )<\/li>\n<\/ul>\n","protected":false},"excerpt":{"rendered":"<ul>\n<li>Farbe: Mattsilber<\/li>\n<li>Material: Geb\u00fcrsteter Edelstahl <\/li>\n<li>Abmessungen: 27 x 46 x 65,5 cm (B x T x H)<\/li>\n<li>Fassungsverm\u00f6gen: 45 L<\/li>\n<li>Mit 1 herausnehmbaren Inneneimer aus Kunststoff<\/li>\n<li>Mit Sensorik bestehend aus Touch-Schalter<\/li>\n<li>Fingerabdrucksichere Beschichtung<\/li>\n<li>Ged\u00e4mpfter Soft-Close-Mechanismus<\/li>\n<li>Abnehmbares Oberteil<\/li>\n<li>Erforderliche Batterie: 6 x AA Batterie (nicht im Lieferumfang enthalten )<\/li>\n<\/ul>\n","protected":false},"featured_media":10000057485,"comment_status":"closed","ping_status":"closed","template":"","meta":[],"product_brand":[],"product_cat":[7050,7049,7048],"product_tag":[],"class_list":{"0":"post-57485","1":"product","2":"type-product","3":"status-publish","4":"has-post-thumbnail","6":"product_cat-abfallbehaelter","7":"product_cat-haushaltsbedarf","8":"product_cat-heim-garten","10":"first","11":"outofstock","12":"taxable","13":"shipping-taxable","14":"purchasable","15":"product-type-simple","16":"add-to-wishlist-after_add_to_cart"},"jetpack_sharing_enabled":true,"_links":{"self":[{"href":"https:\/\/de-prime.com\/index.php\/wp-json\/wp\/v2\/product\/57485","targetHints":{"allow":["GET"]}}],"collection":[{"href":"https:\/\/de-prime.com\/index.php\/wp-json\/wp\/v2\/product"}],"about":[{"href":"https:\/\/de-prime.com\/index.php\/wp-json\/wp\/v2\/types\/product"}],"replies":[{"embeddable":true,"href":"https:\/\/de-prime.com\/index.php\/wp-json\/wp\/v2\/comments?post=57485"}],"wp:featuredmedia":[{"embeddable":true,"href":"https:\/\/de-prime.com\/index.php\/wp-json\/"}],"wp:attachment":[{"href":"https:\/\/de-prime.com\/index.php\/wp-json\/wp\/v2\/media?parent=57485"}],"wp:term":[{"taxonomy":"product_brand","embeddable":true,"href":"https:\/\/de-prime.com\/index.php\/wp-json\/wp\/v2\/product_brand?post=57485"},{"taxonomy":"product_cat","embeddable":true,"href":"https:\/\/de-prime.com\/index.php\/wp-json\/wp\/v2\/product_cat?post=57485"},{"taxonomy":"product_tag","embeddable":true,"href":"https:\/\/de-prime.com\/index.php\/wp-json\/wp\/v2\/product_tag?post=57485"}],"curies":[{"name":"wp","href":"https:\/\/api.w.org\/{rel}","templated":true}]}}