{"id":57470,"date":"2024-10-04T11:16:58","date_gmt":"2024-10-04T09:16:58","guid":{"rendered":"https:\/\/de-prime.com\/?p=57470"},"modified":"2024-10-04T11:16:58","modified_gmt":"2024-10-04T09:16:58","slug":"eko-tretmuelleimer-e-cube-40-l-mattschwarz","status":"publish","type":"product","link":"https:\/\/de-prime.com\/index.php\/product\/eko-tretmuelleimer-e-cube-40-l-mattschwarz\/","title":{"rendered":"EKO Tretm\u00fclleimer E-Cube 40 L Mattschwarz"},"content":{"rendered":"<p>Der schwarze E-Cube M\u00fclleimer von EKO ist ein stilvoller, rechteckiger Treteimer mit extra breitem Pedal und einem 40-L-Inneneimer aus Kunststoff. Er ist mit einem ger\u00e4uschlos schlie\u00dfenden Deckel und Stay-Open-Funktion zum einfachen Wechsel der M\u00fcllbeutel ausgestattet. Der Treteimer besteht aus geb\u00fcrstetem Edelstahl und ist mit einer cleveren fingerabdrucksicheren Beschichtung versehen. Im Deckel befindet sich auch ein Fach f\u00fcr einen Aktivkohlefilter, der unangenehme Ger\u00fcche absorbiert. Dieser M\u00fclleimer bietet eine ideale L\u00f6sung zur Abfallentsorgung in jeder modernen K\u00fcche.<\/p>\n<ul>\n<li>Farbe: Mattschwarz<\/li>\n<li>Material: Geb\u00fcrsteter Edelstahl und Kunststoff<\/li>\n<li>Ma\u00dfe: 40,3 x 34,5 x 65 cm (B x T x H)<\/li>\n<li>Fassungsverm\u00f6gen: 40 L<\/li>\n<li>Mit herausnehmbarem Inneneimer aus Kunststoff<\/li>\n<li>Extra breites Pedal<\/li>\n<li>Fingerabdrucksichere Beschichtung<\/li>\n<li>Ged\u00e4mpfter Soft-Close-Mechanismus<\/li>\n<li>Stay-Open-Funktion<\/li>\n<li>Silikondichtring<\/li>\n<li>Eingebautes Fach f\u00fcr Aktivkohlefilter<\/li>\n<\/ul>\n","protected":false},"excerpt":{"rendered":"<ul>\n<li>Farbe: Mattschwarz<\/li>\n<li>Material: Geb\u00fcrsteter Edelstahl und Kunststoff<\/li>\n<li>Ma\u00dfe: 40,3 x 34,5 x 65 cm (B x T x H)<\/li>\n<li>Fassungsverm\u00f6gen: 40 L<\/li>\n<li>Mit herausnehmbarem Inneneimer aus Kunststoff<\/li>\n<li>Extra breites Pedal<\/li>\n<li>Fingerabdrucksichere Beschichtung<\/li>\n<li>Ged\u00e4mpfter Soft-Close-Mechanismus<\/li>\n<li>Stay-Open-Funktion<\/li>\n<li>Silikondichtring<\/li>\n<li>Eingebautes Fach f\u00fcr Aktivkohlefilter<\/li>\n<\/ul>\n","protected":false},"featured_media":10000057470,"comment_status":"closed","ping_status":"closed","template":"","meta":[],"product_brand":[],"product_cat":[7050,7049,7048],"product_tag":[],"class_list":{"0":"post-57470","1":"product","2":"type-product","3":"status-publish","4":"has-post-thumbnail","6":"product_cat-abfallbehaelter","7":"product_cat-haushaltsbedarf","8":"product_cat-heim-garten","10":"first","11":"outofstock","12":"taxable","13":"shipping-taxable","14":"purchasable","15":"product-type-simple","16":"add-to-wishlist-after_add_to_cart"},"jetpack_sharing_enabled":true,"_links":{"self":[{"href":"https:\/\/de-prime.com\/index.php\/wp-json\/wp\/v2\/product\/57470","targetHints":{"allow":["GET"]}}],"collection":[{"href":"https:\/\/de-prime.com\/index.php\/wp-json\/wp\/v2\/product"}],"about":[{"href":"https:\/\/de-prime.com\/index.php\/wp-json\/wp\/v2\/types\/product"}],"replies":[{"embeddable":true,"href":"https:\/\/de-prime.com\/index.php\/wp-json\/wp\/v2\/comments?post=57470"}],"wp:featuredmedia":[{"embeddable":true,"href":"https:\/\/de-prime.com\/index.php\/wp-json\/"}],"wp:attachment":[{"href":"https:\/\/de-prime.com\/index.php\/wp-json\/wp\/v2\/media?parent=57470"}],"wp:term":[{"taxonomy":"product_brand","embeddable":true,"href":"https:\/\/de-prime.com\/index.php\/wp-json\/wp\/v2\/product_brand?post=57470"},{"taxonomy":"product_cat","embeddable":true,"href":"https:\/\/de-prime.com\/index.php\/wp-json\/wp\/v2\/product_cat?post=57470"},{"taxonomy":"product_tag","embeddable":true,"href":"https:\/\/de-prime.com\/index.php\/wp-json\/wp\/v2\/product_tag?post=57470"}],"curies":[{"name":"wp","href":"https:\/\/api.w.org\/{rel}","templated":true}]}}