{"id":57454,"date":"2024-10-04T11:19:55","date_gmt":"2024-10-04T09:19:55","guid":{"rendered":"https:\/\/de-prime.com\/?p=57454"},"modified":"2024-10-04T11:19:55","modified_gmt":"2024-10-04T09:19:55","slug":"eko-tretmuelleimer-x-cube-30-l-schwarz","status":"publish","type":"product","link":"https:\/\/de-prime.com\/index.php\/product\/eko-tretmuelleimer-x-cube-30-l-schwarz\/","title":{"rendered":"EKO Tretm\u00fclleimer X-Cube 30 L Schwarz"},"content":{"rendered":"<p>Der schwarze X-Cube M\u00fclleimer von EKO ist ein stilvoller, rechteckiger Treteimer mit extra breitem Pedal und einem 30-L-Inneneimer aus Kunststoff. Er bietet eine ideale L\u00f6sung zur Abfallentsorgung f\u00fcr jede moderne K\u00fcche! Der Eimer ist mit ged\u00e4mpftem Deckel und Stay-Open-Funktion ausgestattet. Er ist aus geb\u00fcrstetem Edelstahl gefertigt und verf\u00fcgt \u00fcber eine clevere fingerabdrucksichere Beschichtung und eine antibakterielle Beschichtung aus Nano-Silber. Der Silikondichtring sorgt daf\u00fcr, dass unangenehme Ger\u00fcche effektiv im Abfallbeh\u00e4lter zur\u00fcckgehalten werden. Dar\u00fcber hinaus ist auch ein Geruchsfilter im Deckel eingebaut. Zudem h\u00e4lt die Faltkante den M\u00fclleimer offen, um den Abfallbeutel leicht zu wechseln und\/oder den Inneneimer herauszunehmen.<\/p>\n<ul>\n<li>Farbe: Schwarz <\/li>\n<li>Material: Geb\u00fcrsteter Edelstahl und Kunststoff<\/li>\n<li>Ma\u00dfe: 36,2 x 29,7 x 63,7 cm (B x T x H)<\/li>\n<li>Fassungsverm\u00f6gen: 30 L<\/li>\n<li>1 Herausnehmbarer Inneneimer aus Kunststoff<\/li>\n<li>Extra breites Pedal<\/li>\n<li>Fingerabdrucksichere Beschichtung<\/li>\n<li>Antibakterielle Beschichtung mit Nanosolver<\/li>\n<li>Ged\u00e4mpfter Soft-Close-Mechanismus<\/li>\n<li>Stay-Open-Funktion<\/li>\n<li>Silikondichtring<\/li>\n<li>Eingebauter Geruchsfilter im Deckel<\/li>\n<\/ul>\n","protected":false},"excerpt":{"rendered":"<ul>\n<li>Farbe: Schwarz <\/li>\n<li>Material: Geb\u00fcrsteter Edelstahl und Kunststoff<\/li>\n<li>Ma\u00dfe: 36,2 x 29,7 x 63,7 cm (B x T x H)<\/li>\n<li>Fassungsverm\u00f6gen: 30 L<\/li>\n<li>1 Herausnehmbarer Inneneimer aus Kunststoff<\/li>\n<li>Extra breites Pedal<\/li>\n<li>Fingerabdrucksichere Beschichtung<\/li>\n<li>Antibakterielle Beschichtung mit Nanosolver<\/li>\n<li>Ged\u00e4mpfter Soft-Close-Mechanismus<\/li>\n<li>Stay-Open-Funktion<\/li>\n<li>Silikondichtring<\/li>\n<li>Eingebauter Geruchsfilter im Deckel<\/li>\n<\/ul>\n","protected":false},"featured_media":10000057454,"comment_status":"closed","ping_status":"closed","template":"","meta":[],"product_brand":[],"product_cat":[7050,7049,7048],"product_tag":[],"class_list":{"0":"post-57454","1":"product","2":"type-product","3":"status-publish","4":"has-post-thumbnail","6":"product_cat-abfallbehaelter","7":"product_cat-haushaltsbedarf","8":"product_cat-heim-garten","10":"first","11":"outofstock","12":"taxable","13":"shipping-taxable","14":"purchasable","15":"product-type-simple","16":"add-to-wishlist-after_add_to_cart"},"jetpack_sharing_enabled":true,"_links":{"self":[{"href":"https:\/\/de-prime.com\/index.php\/wp-json\/wp\/v2\/product\/57454","targetHints":{"allow":["GET"]}}],"collection":[{"href":"https:\/\/de-prime.com\/index.php\/wp-json\/wp\/v2\/product"}],"about":[{"href":"https:\/\/de-prime.com\/index.php\/wp-json\/wp\/v2\/types\/product"}],"replies":[{"embeddable":true,"href":"https:\/\/de-prime.com\/index.php\/wp-json\/wp\/v2\/comments?post=57454"}],"wp:featuredmedia":[{"embeddable":true,"href":"https:\/\/de-prime.com\/index.php\/wp-json\/"}],"wp:attachment":[{"href":"https:\/\/de-prime.com\/index.php\/wp-json\/wp\/v2\/media?parent=57454"}],"wp:term":[{"taxonomy":"product_brand","embeddable":true,"href":"https:\/\/de-prime.com\/index.php\/wp-json\/wp\/v2\/product_brand?post=57454"},{"taxonomy":"product_cat","embeddable":true,"href":"https:\/\/de-prime.com\/index.php\/wp-json\/wp\/v2\/product_cat?post=57454"},{"taxonomy":"product_tag","embeddable":true,"href":"https:\/\/de-prime.com\/index.php\/wp-json\/wp\/v2\/product_tag?post=57454"}],"curies":[{"name":"wp","href":"https:\/\/api.w.org\/{rel}","templated":true}]}}