{"id":57408,"date":"2024-10-02T16:40:37","date_gmt":"2024-10-02T14:40:37","guid":{"rendered":"https:\/\/de-prime.com\/?p=57408"},"modified":"2024-10-02T16:40:37","modified_gmt":"2024-10-02T14:40:37","slug":"geschwisterwagen-hellgrau-und-schwarz-stahl","status":"publish","type":"product","link":"https:\/\/de-prime.com\/index.php\/product\/geschwisterwagen-hellgrau-und-schwarz-stahl\/","title":{"rendered":"Geschwisterwagen Hellgrau und Schwarz Stahl"},"content":{"rendered":"<p>Dieser bequeme Zwillingswagen ist perfekt, um deine Kinder auf einen Spaziergang, Ausflug oder beim Einkaufen mitzunehmen. Dieser Zwillingskinderwagen verf\u00fcgt \u00fcber eine Stahlkonstruktion, die ihn robust und langlebig macht. Der Sitz und die Fu\u00dfst\u00fctze k\u00f6nnen in verschiedene Positionen eingestellt werden, damit Ihre Babys immer bequem liegen k\u00f6nnen. Der 5-Punkt-Gurt sorgt f\u00fcr die Sicherheit des Babys. Der Geschwisterwagen verf\u00fcgt au\u00dferdem \u00fcber ein Verdeck, um Ihre Kinder vor sch\u00e4dlichen UV-Strahlen zu sch\u00fctzen. Der untere Korb dient zur Aufbewahrung von Babyutensilien und Spielzeug. Au\u00dferdem l\u00e4sst sich der klappbare Buggy schnell auf ein kompaktes Ma\u00df zusammenfalten, wodurch er sich ideal f\u00fcr Aufbewahrung und Transport eignet.<\/p>\n<ul>\n<li>Farbe: Hellgrau und Schwarz<\/li>\n<li>Material: Stahl, Leinen<\/li>\n<li>Abmessungen: 76 x 94,5 x 99 cm (B x T x H)<\/li>\n<li>Zusammenbau erforderlich: Ja<\/li>\n<\/ul>\n","protected":false},"excerpt":{"rendered":"<ul>\n<li>Farbe: Hellgrau und Schwarz<\/li>\n<li>Material: Stahl, Leinen<\/li>\n<li>Abmessungen: 76 x 94,5 x 99 cm (B x T x H)<\/li>\n<li>Zusammenbau erforderlich: Ja<\/li>\n<\/ul>\n","protected":false},"featured_media":10000057408,"comment_status":"closed","ping_status":"closed","template":"","meta":[],"product_brand":[],"product_cat":[7041],"product_tag":[],"class_list":{"0":"post-57408","1":"product","2":"type-product","3":"status-publish","4":"has-post-thumbnail","6":"product_cat-kinderwagen","8":"first","9":"instock","10":"taxable","11":"shipping-taxable","12":"purchasable","13":"product-type-simple","14":"add-to-wishlist-after_add_to_cart"},"jetpack_sharing_enabled":true,"_links":{"self":[{"href":"https:\/\/de-prime.com\/index.php\/wp-json\/wp\/v2\/product\/57408","targetHints":{"allow":["GET"]}}],"collection":[{"href":"https:\/\/de-prime.com\/index.php\/wp-json\/wp\/v2\/product"}],"about":[{"href":"https:\/\/de-prime.com\/index.php\/wp-json\/wp\/v2\/types\/product"}],"replies":[{"embeddable":true,"href":"https:\/\/de-prime.com\/index.php\/wp-json\/wp\/v2\/comments?post=57408"}],"wp:featuredmedia":[{"embeddable":true,"href":"https:\/\/de-prime.com\/index.php\/wp-json\/"}],"wp:attachment":[{"href":"https:\/\/de-prime.com\/index.php\/wp-json\/wp\/v2\/media?parent=57408"}],"wp:term":[{"taxonomy":"product_brand","embeddable":true,"href":"https:\/\/de-prime.com\/index.php\/wp-json\/wp\/v2\/product_brand?post=57408"},{"taxonomy":"product_cat","embeddable":true,"href":"https:\/\/de-prime.com\/index.php\/wp-json\/wp\/v2\/product_cat?post=57408"},{"taxonomy":"product_tag","embeddable":true,"href":"https:\/\/de-prime.com\/index.php\/wp-json\/wp\/v2\/product_tag?post=57408"}],"curies":[{"name":"wp","href":"https:\/\/api.w.org\/{rel}","templated":true}]}}