{"id":57377,"date":"2024-10-02T16:37:51","date_gmt":"2024-10-02T14:37:51","guid":{"rendered":"https:\/\/de-prime.com\/?p=57377"},"modified":"2024-10-02T16:37:51","modified_gmt":"2024-10-02T14:37:51","slug":"geschwisterwagen-hellgrau-stahl","status":"publish","type":"product","link":"https:\/\/de-prime.com\/index.php\/product\/geschwisterwagen-hellgrau-stahl\/","title":{"rendered":"Geschwisterwagen Hellgrau Stahl"},"content":{"rendered":"<p>Dieser Geschwisterwagen erleichter das Elternsein und eignet sich perfekt f\u00fcr Abenteuer im Freien wie Spazierg\u00e4nge im Park, Einkaufen mit der Familie oder Auslandsreisen. Die R\u00fcckenlehne dieses Kinderwagens ist 4-fach verstellbar, sodass Ihr Baby stets die bequemste Position einnehmen kann. Die Fu\u00dfst\u00fctze l\u00e4sst sich auch verstellen. Das klappbare Verdeck sch\u00fctzt die Kinder vor starker Sonne und UV-Strahlen. Der mitgelieferte Korb bietet Platz f\u00fcr Sachen wie Windeln, Decken oder Spielzeuge. Dieser Zwillingskinderwagen l\u00e4sst sich mit nur einer Hand durch eine sanfte Bewegung zusammen- und ausklappen, was den Transport erheblich erleichtert.<\/p>\n<ul>\n<li>Farbe: Hellgrau<\/li>\n<li>Material: Stahl, Leinenstoff<\/li>\n<li>Gesamtabmessungen: 76,5 x 79 x 105 cm (B x T x H)<\/li>\n<li>Gr\u00f6\u00dfe (zusammengeklappt): 66 x 100 cm (B x H)<\/li>\n<li>Mit 12 R\u00e4dern<\/li>\n<li>Zusammenklappbar<\/li>\n<li>Mit Verdeck<\/li>\n<li>Verstellbare Fu\u00dfst\u00fctze<\/li>\n<li>Einhand-Klappsystem<\/li>\n<li>Mit Korb und Tragg\u00fcrtel<\/li>\n<li>4-fach verstellbare R\u00fcckenlehne (\u00fcber einen Knopf)<\/li>\n<li>Zusammenbau erforderlich: Ja<\/li>\n<\/ul>\n","protected":false},"excerpt":{"rendered":"<ul>\n<li>Farbe: Hellgrau<\/li>\n<li>Material: Stahl, Leinenstoff<\/li>\n<li>Gesamtabmessungen: 76,5 x 79 x 105 cm (B x T x H)<\/li>\n<li>Gr\u00f6\u00dfe (zusammengeklappt): 66 x 100 cm (B x H)<\/li>\n<li>Mit 12 R\u00e4dern<\/li>\n<li>Zusammenklappbar<\/li>\n<li>Mit Verdeck<\/li>\n<li>Verstellbare Fu\u00dfst\u00fctze<\/li>\n<li>Einhand-Klappsystem<\/li>\n<li>Mit Korb und Tragg\u00fcrtel<\/li>\n<li>4-fach verstellbare R\u00fcckenlehne (\u00fcber einen Knopf)<\/li>\n<li>Zusammenbau erforderlich: Ja<\/li>\n<\/ul>\n","protected":false},"featured_media":10000057377,"comment_status":"closed","ping_status":"closed","template":"","meta":[],"product_brand":[],"product_cat":[7041],"product_tag":[],"class_list":{"0":"post-57377","1":"product","2":"type-product","3":"status-publish","4":"has-post-thumbnail","6":"product_cat-kinderwagen","8":"first","9":"instock","10":"taxable","11":"shipping-taxable","12":"purchasable","13":"product-type-simple","14":"add-to-wishlist-after_add_to_cart"},"jetpack_sharing_enabled":true,"_links":{"self":[{"href":"https:\/\/de-prime.com\/index.php\/wp-json\/wp\/v2\/product\/57377","targetHints":{"allow":["GET"]}}],"collection":[{"href":"https:\/\/de-prime.com\/index.php\/wp-json\/wp\/v2\/product"}],"about":[{"href":"https:\/\/de-prime.com\/index.php\/wp-json\/wp\/v2\/types\/product"}],"replies":[{"embeddable":true,"href":"https:\/\/de-prime.com\/index.php\/wp-json\/wp\/v2\/comments?post=57377"}],"wp:featuredmedia":[{"embeddable":true,"href":"https:\/\/de-prime.com\/index.php\/wp-json\/"}],"wp:attachment":[{"href":"https:\/\/de-prime.com\/index.php\/wp-json\/wp\/v2\/media?parent=57377"}],"wp:term":[{"taxonomy":"product_brand","embeddable":true,"href":"https:\/\/de-prime.com\/index.php\/wp-json\/wp\/v2\/product_brand?post=57377"},{"taxonomy":"product_cat","embeddable":true,"href":"https:\/\/de-prime.com\/index.php\/wp-json\/wp\/v2\/product_cat?post=57377"},{"taxonomy":"product_tag","embeddable":true,"href":"https:\/\/de-prime.com\/index.php\/wp-json\/wp\/v2\/product_tag?post=57377"}],"curies":[{"name":"wp","href":"https:\/\/api.w.org\/{rel}","templated":true}]}}

<p>Dieser Geschwisterwagen erleichter das Elternsein und eignet sich perfekt für Abenteuer im Freien wie Spaziergänge im Park, Einkaufen mit der Familie oder Auslandsreisen. Die Rückenlehne dieses Kinderwagens ist 4-fach verstellbar, sodass Ihr Baby stets die bequemste Position einnehmen kann. Die Fußstütze lässt sich auch verstellen. Das klappbare Verdeck schützt die Kinder vor starker Sonne und UV-Strahlen. Der mitgelieferte Korb bietet Platz für Sachen wie Windeln, Decken oder Spielzeuge. Dieser Zwillingskinderwagen lässt sich mit nur einer Hand durch eine sanfte Bewegung zusammen- und ausklappen, was den Transport erheblich erleichtert.</p>
<ul>
<li>Farbe: Hellgrau</li>
<li>Material: Stahl, Leinenstoff</li>
<li>Gesamtabmessungen: 76,5 x 79 x 105 cm (B x T x H)</li>
<li>Größe (zusammengeklappt): 66 x 100 cm (B x H)</li>
<li>Mit 12 Rädern</li>
<li>Zusammenklappbar</li>
<li>Mit Verdeck</li>
<li>Verstellbare Fußstütze</li>
<li>Einhand-Klappsystem</li>
<li>Mit Korb und Traggürtel</li>
<li>4-fach verstellbare Rückenlehne (über einen Knopf)</li>
<li>Zusammenbau erforderlich: Ja</li>
</ul>

<ul>
<li>Farbe: Hellgrau</li>
<li>Material: Stahl, Leinenstoff</li>
<li>Gesamtabmessungen: 76,5 x 79 x 105 cm (B x T x H)</li>
<li>Größe (zusammengeklappt): 66 x 100 cm (B x H)</li>
<li>Mit 12 Rädern</li>
<li>Zusammenklappbar</li>
<li>Mit Verdeck</li>
<li>Verstellbare Fußstütze</li>
<li>Einhand-Klappsystem</li>
<li>Mit Korb und Traggürtel</li>
<li>4-fach verstellbare Rückenlehne (über einen Knopf)</li>
<li>Zusammenbau erforderlich: Ja</li>
</ul>
