{"id":57291,"date":"2024-10-02T16:49:56","date_gmt":"2024-10-02T14:49:56","guid":{"rendered":"https:\/\/de-prime.com\/?p=57291"},"modified":"2024-10-02T16:49:56","modified_gmt":"2024-10-02T14:49:56","slug":"kleinkind-bettschutzgitter-blau-120x42-cm-polyester","status":"publish","type":"product","link":"https:\/\/de-prime.com\/index.php\/product\/kleinkind-bettschutzgitter-blau-120x42-cm-polyester\/","title":{"rendered":"Kleinkind-Bettschutzgitter Blau 120&#215;42 cm Polyester"},"content":{"rendered":"<p>Dieses Sicherheitsbettgitter ist ideal, um es zu vermeiden, dass Ihre Kleinkinder im Schlaf aus dem Bett gefallen sind. Ausgestattet mit einer Taste auf jeder Seite, kann dieses Bettgitter geschickt nach unten gefaltet werden, so dass Sie leicht Ihr Kind in und aus dem Bett setzen k\u00f6nnen. Dieses Bettgitter ist f\u00fcr Kinder zwischen 18 Monaten und 5 Jahren geeignet. Es kann f\u00fcr alle Betten (au\u00dfer Etagenbetten, Babybetten, Wasserbetten oder Betten mit aufblasbaren Matratzen) mit 10-20 cm dicken Matratzen verwendet werden. Dieses Bettgitter aus waschbarem Polyestergewebe und leichtem Metallrohr ist robust und langlebig sowie leicht zu reinigen. Es kann schnell installiert und zur Aufbewahrung einfach zusammengeklappt werden.<\/p>\n<ul>\n<li>Farbe: Blau<\/li>\n<li>Gewicht: 1,9 kg<\/li>\n<li>Material: Polyestergewebe &amp; Metallschlauch<\/li>\n<li>Gesamtgr\u00f6\u00dfe (wenn vollst\u00e4ndig ausgeklappt): 120 x 40,5 x 42 cm (L x T x H)<\/li>\n<li>Geeignet f\u00fcr Matratzen mit einer Dicke von 10-20 cm<\/li>\n<li>Verwenden Sie nur Matratzen mit einer Mindestgr\u00f6\u00dfe von 90 x 190 cm und einer Maximalgr\u00f6\u00dfe von 155 x 190 cm<\/li>\n<li>Geeignet f\u00fcr Kinder zwischen 18 Monaten und 5 Jahren<\/li>\n<li>Nicht geeignet f\u00fcr Kinder \u00e4lter als 5 Jahre und gebrechliche Erwachsene oder f\u00fcr den Einsatz in einer nicht h\u00e4uslichen Umgebung<\/li>\n<li>Mit durchsichtigem Netzgewebe<\/li>\n<li>Material: Polyester: 100%<\/li>\n<\/ul>\n","protected":false},"excerpt":{"rendered":"<ul>\n<li>Farbe: Blau<\/li>\n<li>Gewicht: 1,9 kg<\/li>\n<li>Material: Polyestergewebe &amp; Metallschlauch<\/li>\n<li>Gesamtgr\u00f6\u00dfe (wenn vollst\u00e4ndig ausgeklappt): 120 x 40,5 x 42 cm (L x T x H)<\/li>\n<li>Geeignet f\u00fcr Matratzen mit einer Dicke von 10-20 cm<\/li>\n<li>Verwenden Sie nur Matratzen mit einer Mindestgr\u00f6\u00dfe von 90 x 190 cm und einer Maximalgr\u00f6\u00dfe von 155 x 190 cm<\/li>\n<li>Geeignet f\u00fcr Kinder zwischen 18 Monaten und 5 Jahren<\/li>\n<li>Nicht geeignet f\u00fcr Kinder \u00e4lter als 5 Jahre und gebrechliche Erwachsene oder f\u00fcr den Einsatz in einer nicht h\u00e4uslichen Umgebung<\/li>\n<li>Mit durchsichtigem Netzgewebe<\/li>\n<li>Material: Polyester: 100%<\/li>\n<\/ul>\n","protected":false},"featured_media":10000057291,"comment_status":"closed","ping_status":"closed","template":"","meta":[],"product_brand":[],"product_cat":[7030],"product_tag":[],"class_list":{"0":"post-57291","1":"product","2":"type-product","3":"status-publish","4":"has-post-thumbnail","6":"product_cat-baby-bettschutzgitter","8":"first","9":"instock","10":"taxable","11":"shipping-taxable","12":"purchasable","13":"product-type-simple","14":"add-to-wishlist-after_add_to_cart"},"jetpack_sharing_enabled":true,"_links":{"self":[{"href":"https:\/\/de-prime.com\/index.php\/wp-json\/wp\/v2\/product\/57291","targetHints":{"allow":["GET"]}}],"collection":[{"href":"https:\/\/de-prime.com\/index.php\/wp-json\/wp\/v2\/product"}],"about":[{"href":"https:\/\/de-prime.com\/index.php\/wp-json\/wp\/v2\/types\/product"}],"replies":[{"embeddable":true,"href":"https:\/\/de-prime.com\/index.php\/wp-json\/wp\/v2\/comments?post=57291"}],"wp:featuredmedia":[{"embeddable":true,"href":"https:\/\/de-prime.com\/index.php\/wp-json\/"}],"wp:attachment":[{"href":"https:\/\/de-prime.com\/index.php\/wp-json\/wp\/v2\/media?parent=57291"}],"wp:term":[{"taxonomy":"product_brand","embeddable":true,"href":"https:\/\/de-prime.com\/index.php\/wp-json\/wp\/v2\/product_brand?post=57291"},{"taxonomy":"product_cat","embeddable":true,"href":"https:\/\/de-prime.com\/index.php\/wp-json\/wp\/v2\/product_cat?post=57291"},{"taxonomy":"product_tag","embeddable":true,"href":"https:\/\/de-prime.com\/index.php\/wp-json\/wp\/v2\/product_tag?post=57291"}],"curies":[{"name":"wp","href":"https:\/\/api.w.org\/{rel}","templated":true}]}}