{"id":56893,"date":"2024-10-01T16:20:11","date_gmt":"2024-10-01T16:20:11","guid":{"rendered":"https:\/\/de-prime.com\/?p=56893"},"modified":"2024-10-01T16:39:50","modified_gmt":"2024-10-01T16:39:50","slug":"familienzelt-mit-led-10-personen-hellgrau-orange-quick-release","status":"publish","type":"product","link":"https:\/\/de-prime.com\/index.php\/product\/familienzelt-mit-led-10-personen-hellgrau-orange-quick-release\/","title":{"rendered":"Familienzelt mit LED 10 Personen Hellgrau Orange Quick Release"},"content":{"rendered":"<p>Dieses moderne Familienzelt sch\u00fctzt vor unangenehmen Wetter und bietet einen komfortablen Platz bei Abenteuern. Rundum wasserdichtes Design: Aus Polyester mit PU-Beschichtung gefertigt, ist dieses Campingzelt wasser- und winddicht. Die versiegelten N\u00e4hte verhindern effektiv das Eindringen von Regenwasser, w\u00e4hrend die strapazierf\u00e4hige Bodenplane f\u00fcr ein trockenes und komfortables Interieur sorgt. Quick-Release-System: Dank des Quick-Release-Systems l\u00e4sst sich das Zelt m\u00fchelos aufbauen! Lege das Zelt auf den Boden, ziehe das vormontierte Gest\u00e4nge heraus, bis es einrastet, und schon ist das Zelt einsatzbereit!LED-Beleuchtung: Dieses Zelt ist mit LED-Leuchten ausgestattet. Diese haben drei Helligkeitsstufen: Hoch, Niedrig und Nachtlicht. Die Zeltbeleuchtung kann entweder mit einer Powerbank oder mit 4D-Batterien betrieben werden (keine davon ist im Lieferumfang enthalten). Der lichtstreuende Stoff sorgt f\u00fcr eine gleichm\u00e4\u00dfige Beleuchtung im gesamten Zelt und schafft so eine gem\u00fctliche und gut beleuchtete Umgebung f\u00fcr all deine Camping-Abenteuer.Praktischer Zugang zum Stromkabel: Dank des E-Anschlusses kannst du ganz einfach ein Verl\u00e4ngerungskabel von einer externen Stromquelle an dein Zelt anschlie\u00dfen.Abnehmbares \u00dcberzelt: Das abnehmbare \u00dcberzelt l\u00e4sst sich an der Zeltoberseite befestigen, um Wetterschutz zu bieten und Privatsph\u00e4re zu schaffen. Achtung:Halte alle Flammen und W\u00e4rmequellen von diesem Zeltstoff fern.<\/p>\n<ul>\n<li>Farbe: Grau und Orange<\/li>\n<li>Zeltmaterial: 190T Polyester mit PU-Beschichtung<\/li>\n<li>Mesh-Material: 68D Polyester<\/li>\n<li>Bodenmaterial: PE<\/li>\n<li>Abmessungen des Zeltes: 443 x 437 x 229 cm (L x B x H)<\/li>\n<li>Packma\u00df: 117,5 x 27 x 27 cm (L x B x H)<\/li>\n<li>Schlafplatz: 10 Personen<\/li>\n<li>Zelttyp: Familienzelt, Campingzelt<\/li>\n<li>Gewicht: 18,4 kg<\/li>\n<li>Form: Kabine<\/li>\n<li>Stromversorgung durch eine Powerbank oder Batterien (4D-Batterien; nicht im Lieferumfang enthalten)<\/li>\n<li>Anzahl der Schlafkabinen: 2<\/li>\n<li>Anzahl der Eing\u00e4nge: 3<\/li>\n<li>Anzahl der Fenster: 6<\/li>\n<li>Mit LED-Leuchten<\/li>\n<li>Schnellwechselsystem<\/li>\n<li>Eingang mit doppeltem Rei\u00dfverschluss<\/li>\n<li>Mit E-Anschluss<\/li>\n<li>Mit abnehmbarem \u00dcberzelt<\/li>\n<li>Zusammenbau erforderlich: Ja<\/li>\n<li><strong>Lieferung umfasst:<\/strong><\/li>\n<li>1 x Zelt mit LED<\/li>\n<li>1 x Zelt-Regendach<\/li>\n<li>1 x Tragetasche<\/li>\n<\/ul>\n","protected":false},"excerpt":{"rendered":"<ul>\n<li>Farbe: Grau und Orange<\/li>\n<li>Zeltmaterial: 190T Polyester mit PU-Beschichtung<\/li>\n<li>Mesh-Material: 68D Polyester<\/li>\n<li>Bodenmaterial: PE<\/li>\n<li>Abmessungen des Zeltes: 443 x 437 x 229 cm (L x B x H)<\/li>\n<li>Packma\u00df: 117,5 x 27 x 27 cm (L x B x H)<\/li>\n<li>Schlafplatz: 10 Personen<\/li>\n<li>Zelttyp: Familienzelt, Campingzelt<\/li>\n<li>Gewicht: 18,4 kg<\/li>\n<li>Form: Kabine<\/li>\n<li>Stromversorgung durch eine Powerbank oder Batterien (4D-Batterien; nicht im Lieferumfang enthalten)<\/li>\n<li>Anzahl der Schlafkabinen: 2<\/li>\n<li>Anzahl der Eing\u00e4nge: 3<\/li>\n<li>Anzahl der Fenster: 6<\/li>\n<li>Mit LED-Leuchten<\/li>\n<li>Schnellwechselsystem<\/li>\n<li>Eingang mit doppeltem Rei\u00dfverschluss<\/li>\n<li>Mit E-Anschluss<\/li>\n<li>Mit abnehmbarem \u00dcberzelt<\/li>\n<li>Zusammenbau erforderlich: Ja<\/li>\n<li><strong>Lieferung umfasst:<\/strong><\/li>\n<li>1 x Zelt mit LED<\/li>\n<li>1 x Zelt-Regendach<\/li>\n<li>1 x Tragetasche<\/li>\n<\/ul>\n","protected":false},"featured_media":10000056893,"comment_status":"closed","ping_status":"closed","template":"","meta":[],"product_brand":[],"product_cat":[6859,6837,6836,6987],"product_tag":[],"class_list":{"0":"post-56893","1":"product","2":"type-product","3":"status-publish","4":"has-post-thumbnail","6":"product_cat-camping-wandern","7":"product_cat-outdoor-aktivitaeten","8":"product_cat-sportartikel","9":"product_cat-zelte","11":"first","12":"instock","13":"taxable","14":"shipping-taxable","15":"purchasable","16":"product-type-simple","17":"add-to-wishlist-after_add_to_cart"},"jetpack_sharing_enabled":true,"_links":{"self":[{"href":"https:\/\/de-prime.com\/index.php\/wp-json\/wp\/v2\/product\/56893","targetHints":{"allow":["GET"]}}],"collection":[{"href":"https:\/\/de-prime.com\/index.php\/wp-json\/wp\/v2\/product"}],"about":[{"href":"https:\/\/de-prime.com\/index.php\/wp-json\/wp\/v2\/types\/product"}],"replies":[{"embeddable":true,"href":"https:\/\/de-prime.com\/index.php\/wp-json\/wp\/v2\/comments?post=56893"}],"wp:featuredmedia":[{"embeddable":true,"href":"https:\/\/de-prime.com\/index.php\/wp-json\/"}],"wp:attachment":[{"href":"https:\/\/de-prime.com\/index.php\/wp-json\/wp\/v2\/media?parent=56893"}],"wp:term":[{"taxonomy":"product_brand","embeddable":true,"href":"https:\/\/de-prime.com\/index.php\/wp-json\/wp\/v2\/product_brand?post=56893"},{"taxonomy":"product_cat","embeddable":true,"href":"https:\/\/de-prime.com\/index.php\/wp-json\/wp\/v2\/product_cat?post=56893"},{"taxonomy":"product_tag","embeddable":true,"href":"https:\/\/de-prime.com\/index.php\/wp-json\/wp\/v2\/product_tag?post=56893"}],"curies":[{"name":"wp","href":"https:\/\/api.w.org\/{rel}","templated":true}]}}