{"id":56610,"date":"2024-10-01T16:19:42","date_gmt":"2024-10-01T16:19:42","guid":{"rendered":"https:\/\/de-prime.com\/?p=56610"},"modified":"2024-10-01T16:42:14","modified_gmt":"2024-10-01T16:42:14","slug":"strandzelt-seegruen-wasserdicht","status":"publish","type":"product","link":"https:\/\/de-prime.com\/index.php\/product\/strandzelt-seegruen-wasserdicht\/","title":{"rendered":"Strandzelt Seegr\u00fcn Wasserdicht"},"content":{"rendered":"<p>Dieses Strandzelt bietet dir und deinen Freunden einen gem\u00fctlichen Unterschlupf im hei\u00dfen Sommer. Das Zelt dient auch als Schattenspender \u00fcber dem Sandkasten und dem Planschbecken. Wasserdicht: Aus Polyester mit PU-Beschichtung gefertigt, ist dieses Zelt wasser- und winddicht.Sands\u00e4cke und Heringe f\u00fcr zus\u00e4tzliche Stabilit\u00e4t: Das Strandzelt ist an jeder Ecke mit einem Sandsack versehen, was seine Stabilit\u00e4t erh\u00f6ht. Heringe sind ebenfalls im Lieferumfang enthalten, um das Zelt zu sichern und das Wegblasen zu verhindern.Angenehme K\u00fchle durch maximale Luftstr\u00f6mung: Das Zelt verf\u00fcgt \u00fcber Seitenteile aus Netzgewebe, die f\u00fcr eine gute Bel\u00fcftung sorgen und den Innenraum k\u00fchl und komfortabel halten.Offener Eingang: Durch das vollst\u00e4ndig offene Design kannst du mit deiner Familie die wundersch\u00f6ne Strandlandschaft genie\u00dfen oder die Kinder an einem herrlichen Sommernachmittag frei unterhalten.Privatsph\u00e4re: Der vordere Eingang mit Rei\u00dfverschluss l\u00e4sst sich komplett schlie\u00dfen, um Privatsph\u00e4re beim Schlafen, Umziehen oder Stillen zu schaffen. Im ge\u00f6ffneten Zustand kann er auch als praktische Strandmatte zum Entspannen verwendet werden. Achtung:Halte alle Flammen und W\u00e4rmequellen von diesem Zeltstoff fern.<\/p>\n<ul>\n<li>Farbe: Meergr\u00fcn<\/li>\n<li>Material: 185T Polyester mit PU-Beschichtung<\/li>\n<li>Gesamtabmessungen: 210 x 150 x 130 cm (L x B x H)<\/li>\n<li>Packma\u00df: 60,5 x 10 x 10 cm (L x B x H)<\/li>\n<li>Gewicht: 2,1 kg<\/li>\n<li>Zelttyp: Strandzelt<\/li>\n<li>Anzahl der Eing\u00e4nge: 2<\/li>\n<li>Anzahl der Fenster: 2<\/li>\n<li>Eingang mit doppeltem Rei\u00dfverschluss<\/li>\n<li>Mit 4 Sands\u00e4cken<\/li>\n<li>Zusammenbau erforderlich: Ja<\/li>\n<li><strong>Lieferung umfasst:<\/strong><\/li>\n<li>1 x Zelt<\/li>\n<li>1 x Tragetasche<\/li>\n<\/ul>\n","protected":false},"excerpt":{"rendered":"<ul>\n<li>Farbe: Meergr\u00fcn<\/li>\n<li>Material: 185T Polyester mit PU-Beschichtung<\/li>\n<li>Gesamtabmessungen: 210 x 150 x 130 cm (L x B x H)<\/li>\n<li>Packma\u00df: 60,5 x 10 x 10 cm (L x B x H)<\/li>\n<li>Gewicht: 2,1 kg<\/li>\n<li>Zelttyp: Strandzelt<\/li>\n<li>Anzahl der Eing\u00e4nge: 2<\/li>\n<li>Anzahl der Fenster: 2<\/li>\n<li>Eingang mit doppeltem Rei\u00dfverschluss<\/li>\n<li>Mit 4 Sands\u00e4cken<\/li>\n<li>Zusammenbau erforderlich: Ja<\/li>\n<li><strong>Lieferung umfasst:<\/strong><\/li>\n<li>1 x Zelt<\/li>\n<li>1 x Tragetasche<\/li>\n<\/ul>\n","protected":false},"featured_media":10000056610,"comment_status":"closed","ping_status":"closed","template":"","meta":[],"product_brand":[],"product_cat":[6859,6837,6836,6987],"product_tag":[],"class_list":{"0":"post-56610","1":"product","2":"type-product","3":"status-publish","4":"has-post-thumbnail","6":"product_cat-camping-wandern","7":"product_cat-outdoor-aktivitaeten","8":"product_cat-sportartikel","9":"product_cat-zelte","11":"first","12":"instock","13":"taxable","14":"shipping-taxable","15":"purchasable","16":"product-type-simple","17":"add-to-wishlist-after_add_to_cart"},"jetpack_sharing_enabled":true,"_links":{"self":[{"href":"https:\/\/de-prime.com\/index.php\/wp-json\/wp\/v2\/product\/56610","targetHints":{"allow":["GET"]}}],"collection":[{"href":"https:\/\/de-prime.com\/index.php\/wp-json\/wp\/v2\/product"}],"about":[{"href":"https:\/\/de-prime.com\/index.php\/wp-json\/wp\/v2\/types\/product"}],"replies":[{"embeddable":true,"href":"https:\/\/de-prime.com\/index.php\/wp-json\/wp\/v2\/comments?post=56610"}],"wp:featuredmedia":[{"embeddable":true,"href":"https:\/\/de-prime.com\/index.php\/wp-json\/"}],"wp:attachment":[{"href":"https:\/\/de-prime.com\/index.php\/wp-json\/wp\/v2\/media?parent=56610"}],"wp:term":[{"taxonomy":"product_brand","embeddable":true,"href":"https:\/\/de-prime.com\/index.php\/wp-json\/wp\/v2\/product_brand?post=56610"},{"taxonomy":"product_cat","embeddable":true,"href":"https:\/\/de-prime.com\/index.php\/wp-json\/wp\/v2\/product_cat?post=56610"},{"taxonomy":"product_tag","embeddable":true,"href":"https:\/\/de-prime.com\/index.php\/wp-json\/wp\/v2\/product_tag?post=56610"}],"curies":[{"name":"wp","href":"https:\/\/api.w.org\/{rel}","templated":true}]}}