{"id":56543,"date":"2024-10-01T16:19:36","date_gmt":"2024-10-01T16:19:36","guid":{"rendered":"https:\/\/de-prime.com\/?p=56543"},"modified":"2024-10-01T16:41:56","modified_gmt":"2024-10-01T16:41:56","slug":"strandzelt-azurblau-274x178x170-148-cm-185t-polyester","status":"publish","type":"product","link":"https:\/\/de-prime.com\/index.php\/product\/strandzelt-azurblau-274x178x170-148-cm-185t-polyester\/","title":{"rendered":"Strandzelt Azurblau 274x178x170\/148 cm 185T Polyester"},"content":{"rendered":"<p>Dieses Strandzelt bietet dir und deinen Freunden einen gem\u00fctlichen Unterschlupf im hei\u00dfen Sommer. Das Zelt dient auch als Schattenspender \u00fcber dem Sandkasten und dem Planschbecken. Wasserdicht: Aus Polyester mit PU-Beschichtung gefertigt, ist dieses Zelt wasser- und winddicht.Sands\u00e4cke und Heringe f\u00fcr zus\u00e4tzliche Stabilit\u00e4t: Das Strandzelt ist an jeder Ecke mit einem Sandsack versehen, was seine Stabilit\u00e4t erh\u00f6ht. Heringe sind ebenfalls im Lieferumfang enthalten, um das Zelt zu sichern und das Wegblasen zu verhindern.Angenehme K\u00fchle durch maximale Luftstr\u00f6mung: Das Zelt verf\u00fcgt \u00fcber Seitenteile aus Netzgewebe, die f\u00fcr eine gute Bel\u00fcftung sorgen und den Innenraum k\u00fchl und komfortabel halten. Durch das offene Design kannst du mit deiner Familie die wundersch\u00f6ne Aussicht aufs Meer genie\u00dfen. Mit diesem Strandzelt werden die Kinder viel Spa\u00df am Strand haben.Einfacher Auf- und Abbau: Die hochflexiblen und leichten Glasfaserstangen und das praktische Steckverbindungssystem machen den Auf- und Abbau des Zeltes zum Kinderspiel.Leicht und tragbar: Dank des faltbaren und leichten Designs l\u00e4sst sich das Zelt einfach verpacken und in der mitgelieferten Tragetasche m\u00fchelos verstauen und transportieren. Achtung:Halte alle Flammen und W\u00e4rmequellen von diesem Zeltstoff fern.<\/p>\n<ul>\n<li>Farbe: Azurblau<\/li>\n<li>Zelt-Material: 185T Polyester mit PU-Beschichtung<\/li>\n<li>Mesh-Material: 68D Polyester<\/li>\n<li>Zelt-Abmessungen: 274 x 178 x 170\/148 cm (L x B x H)<\/li>\n<li>Packma\u00df: 53,5 x 10,5 x 10,5 cm (L x B x H)<\/li>\n<li>Gewicht: 2,9 kg<\/li>\n<li>Zelttyp: Strandzelt<\/li>\n<li>Eingang mit doppeltem Rei\u00dfverschluss<\/li>\n<li>Zusammenbau erforderlich: Ja<\/li>\n<li><strong>Lieferung umfasst:<\/strong><\/li>\n<li>1 x Zelt<\/li>\n<li>1 x Tragetasche<\/li>\n<\/ul>\n","protected":false},"excerpt":{"rendered":"<ul>\n<li>Farbe: Azurblau<\/li>\n<li>Zelt-Material: 185T Polyester mit PU-Beschichtung<\/li>\n<li>Mesh-Material: 68D Polyester<\/li>\n<li>Zelt-Abmessungen: 274 x 178 x 170\/148 cm (L x B x H)<\/li>\n<li>Packma\u00df: 53,5 x 10,5 x 10,5 cm (L x B x H)<\/li>\n<li>Gewicht: 2,9 kg<\/li>\n<li>Zelttyp: Strandzelt<\/li>\n<li>Eingang mit doppeltem Rei\u00dfverschluss<\/li>\n<li>Zusammenbau erforderlich: Ja<\/li>\n<li><strong>Lieferung umfasst:<\/strong><\/li>\n<li>1 x Zelt<\/li>\n<li>1 x Tragetasche<\/li>\n<\/ul>\n","protected":false},"featured_media":10000056543,"comment_status":"closed","ping_status":"closed","template":"","meta":[],"product_brand":[],"product_cat":[6859,6837,6836,6987],"product_tag":[],"class_list":{"0":"post-56543","1":"product","2":"type-product","3":"status-publish","4":"has-post-thumbnail","6":"product_cat-camping-wandern","7":"product_cat-outdoor-aktivitaeten","8":"product_cat-sportartikel","9":"product_cat-zelte","11":"first","12":"instock","13":"taxable","14":"shipping-taxable","15":"purchasable","16":"product-type-simple","17":"add-to-wishlist-after_add_to_cart"},"jetpack_sharing_enabled":true,"_links":{"self":[{"href":"https:\/\/de-prime.com\/index.php\/wp-json\/wp\/v2\/product\/56543","targetHints":{"allow":["GET"]}}],"collection":[{"href":"https:\/\/de-prime.com\/index.php\/wp-json\/wp\/v2\/product"}],"about":[{"href":"https:\/\/de-prime.com\/index.php\/wp-json\/wp\/v2\/types\/product"}],"replies":[{"embeddable":true,"href":"https:\/\/de-prime.com\/index.php\/wp-json\/wp\/v2\/comments?post=56543"}],"wp:featuredmedia":[{"embeddable":true,"href":"https:\/\/de-prime.com\/index.php\/wp-json\/"}],"wp:attachment":[{"href":"https:\/\/de-prime.com\/index.php\/wp-json\/wp\/v2\/media?parent=56543"}],"wp:term":[{"taxonomy":"product_brand","embeddable":true,"href":"https:\/\/de-prime.com\/index.php\/wp-json\/wp\/v2\/product_brand?post=56543"},{"taxonomy":"product_cat","embeddable":true,"href":"https:\/\/de-prime.com\/index.php\/wp-json\/wp\/v2\/product_cat?post=56543"},{"taxonomy":"product_tag","embeddable":true,"href":"https:\/\/de-prime.com\/index.php\/wp-json\/wp\/v2\/product_tag?post=56543"}],"curies":[{"name":"wp","href":"https:\/\/api.w.org\/{rel}","templated":true}]}}

<p>Dieses Strandzelt bietet dir und deinen Freunden einen gemütlichen Unterschlupf im heißen Sommer. Das Zelt dient auch als Schattenspender über dem Sandkasten und dem Planschbecken. Wasserdicht: Aus Polyester mit PU-Beschichtung gefertigt, ist dieses Zelt wasser- und winddicht.Sandsäcke und Heringe für zusätzliche Stabilität: Das Strandzelt ist an jeder Ecke mit einem Sandsack versehen, was seine Stabilität erhöht. Heringe sind ebenfalls im Lieferumfang enthalten, um das Zelt zu sichern und das Wegblasen zu verhindern.Angenehme Kühle durch maximale Luftströmung: Das Zelt verfügt über Seitenteile aus Netzgewebe, die für eine gute Belüftung sorgen und den Innenraum kühl und komfortabel halten. Durch das offene Design kannst du mit deiner Familie die wunderschöne Aussicht aufs Meer genießen. Mit diesem Strandzelt werden die Kinder viel Spaß am Strand haben.Einfacher Auf- und Abbau: Die hochflexiblen und leichten Glasfaserstangen und das praktische Steckverbindungssystem machen den Auf- und Abbau des Zeltes zum Kinderspiel.Leicht und tragbar: Dank des faltbaren und leichten Designs lässt sich das Zelt einfach verpacken und in der mitgelieferten Tragetasche mühelos verstauen und transportieren. Achtung:Halte alle Flammen und Wärmequellen von diesem Zeltstoff fern.</p>
<ul>
<li>Farbe: Azurblau</li>
<li>Zelt-Material: 185T Polyester mit PU-Beschichtung</li>
<li>Mesh-Material: 68D Polyester</li>
<li>Zelt-Abmessungen: 274 x 178 x 170/148 cm (L x B x H)</li>
<li>Packmaß: 53,5 x 10,5 x 10,5 cm (L x B x H)</li>
<li>Gewicht: 2,9 kg</li>
<li>Zelttyp: Strandzelt</li>
<li>Eingang mit doppeltem Reißverschluss</li>
<li>Zusammenbau erforderlich: Ja</li>
<li><strong>Lieferung umfasst:</strong></li>
<li>1 x Zelt</li>
<li>1 x Tragetasche</li>
</ul>

<ul>
<li>Farbe: Azurblau</li>
<li>Zelt-Material: 185T Polyester mit PU-Beschichtung</li>
<li>Mesh-Material: 68D Polyester</li>
<li>Zelt-Abmessungen: 274 x 178 x 170/148 cm (L x B x H)</li>
<li>Packmaß: 53,5 x 10,5 x 10,5 cm (L x B x H)</li>
<li>Gewicht: 2,9 kg</li>
<li>Zelttyp: Strandzelt</li>
<li>Eingang mit doppeltem Reißverschluss</li>
<li>Zusammenbau erforderlich: Ja</li>
<li><strong>Lieferung umfasst:</strong></li>
<li>1 x Zelt</li>
<li>1 x Tragetasche</li>
</ul>
