{"id":56104,"date":"2024-10-01T16:14:35","date_gmt":"2024-10-01T16:14:35","guid":{"rendered":"https:\/\/de-prime.com\/?p=56104"},"modified":"2024-10-01T16:41:55","modified_gmt":"2024-10-01T16:41:55","slug":"tennisblende-hdpe-1x100-m-schwarz","status":"publish","type":"product","link":"https:\/\/de-prime.com\/index.php\/product\/tennisblende-hdpe-1x100-m-schwarz\/","title":{"rendered":"Tennisblende HDPE 1&#215;100 m Schwarz"},"content":{"rendered":"<p>Die Tennisblende aus HDPE sch\u00fctzt den Tennisplatz vor unerw\u00fcnschten Witterungseinfl\u00fcssen und schafft Privatsph\u00e4re f\u00fcr die Spieler. Das Schattiernetz ist aus HDPE (High-Density-Polyethylen) gefertigt, was sie schimmel- und UV-best\u00e4ndig sowie langlebig macht. Hinweis: Schneiden Sie die Zaunblende einfach auf die gew\u00fcnschte Gr\u00f6\u00dfe zu.<\/p>\n<ul>\n<li>Farbe: Schwarz <\/li>\n<li>Material: 100% HDPE (hochdichtes Polyethylen)<\/li>\n<li>Dichte: 75 g\/m\u00b2<\/li>\n<li>Gr\u00f6\u00dfe: 1 x 100 m (B x L)<\/li>\n<li>Schimmel- und UV-best\u00e4ndig<\/li>\n<li>Achtung: Das Produkt wird halb gefaltet verpackt<\/li>\n<\/ul>\n","protected":false},"excerpt":{"rendered":"<ul>\n<li>Farbe: Schwarz <\/li>\n<li>Material: 100% HDPE (hochdichtes Polyethylen)<\/li>\n<li>Dichte: 75 g\/m\u00b2<\/li>\n<li>Gr\u00f6\u00dfe: 1 x 100 m (B x L)<\/li>\n<li>Schimmel- und UV-best\u00e4ndig<\/li>\n<li>Achtung: Das Produkt wird halb gefaltet verpackt<\/li>\n<\/ul>\n","protected":false},"featured_media":10000056104,"comment_status":"closed","ping_status":"closed","template":"","meta":[],"product_brand":[],"product_cat":[6848,6836,6965,6411],"product_tag":[],"class_list":{"0":"post-56104","1":"product","2":"type-product","3":"status-publish","4":"has-post-thumbnail","6":"product_cat-athletik","7":"product_cat-sportartikel","8":"product_cat-tennis","9":"product_cat-tennisnetze","11":"first","12":"instock","13":"taxable","14":"shipping-taxable","15":"purchasable","16":"product-type-simple","17":"add-to-wishlist-after_add_to_cart"},"jetpack_sharing_enabled":true,"_links":{"self":[{"href":"https:\/\/de-prime.com\/index.php\/wp-json\/wp\/v2\/product\/56104","targetHints":{"allow":["GET"]}}],"collection":[{"href":"https:\/\/de-prime.com\/index.php\/wp-json\/wp\/v2\/product"}],"about":[{"href":"https:\/\/de-prime.com\/index.php\/wp-json\/wp\/v2\/types\/product"}],"replies":[{"embeddable":true,"href":"https:\/\/de-prime.com\/index.php\/wp-json\/wp\/v2\/comments?post=56104"}],"wp:featuredmedia":[{"embeddable":true,"href":"https:\/\/de-prime.com\/index.php\/wp-json\/"}],"wp:attachment":[{"href":"https:\/\/de-prime.com\/index.php\/wp-json\/wp\/v2\/media?parent=56104"}],"wp:term":[{"taxonomy":"product_brand","embeddable":true,"href":"https:\/\/de-prime.com\/index.php\/wp-json\/wp\/v2\/product_brand?post=56104"},{"taxonomy":"product_cat","embeddable":true,"href":"https:\/\/de-prime.com\/index.php\/wp-json\/wp\/v2\/product_cat?post=56104"},{"taxonomy":"product_tag","embeddable":true,"href":"https:\/\/de-prime.com\/index.php\/wp-json\/wp\/v2\/product_tag?post=56104"}],"curies":[{"name":"wp","href":"https:\/\/api.w.org\/{rel}","templated":true}]}}