{"id":56038,"date":"2024-10-01T16:14:30","date_gmt":"2024-10-01T16:14:30","guid":{"rendered":"https:\/\/de-prime.com\/?p=56038"},"modified":"2024-10-01T16:42:21","modified_gmt":"2024-10-01T16:42:21","slug":"loewe-kuscheltier-pluesch-braun-xxl","status":"publish","type":"product","link":"https:\/\/de-prime.com\/index.php\/product\/loewe-kuscheltier-pluesch-braun-xxl\/","title":{"rendered":"L\u00f6we Kuscheltier Pl\u00fcsch Braun XXL"},"content":{"rendered":"<p>Bringe ein St\u00fcck Wildnis ins Kinderzimmer mit diesem weichen XXL L\u00f6we Kuscheltier, das lebensechte Details und ein beeindruckendes Aussehen aufweist! Dieses L\u00f6we-Pl\u00fcschtier eignet sich sogar als sch\u00f6ne Dekoration. Dieses Pl\u00fcschtier weist \u00e4u\u00dferst detaillechte Merkmale auf, von der Schwanzspitze bis zu den Pfoten, w\u00e4hrend der Pl\u00fcschkopf eine wirklichkeitsgetreue Form aufweist. Der hochwertige Pl\u00fcsch garantiert extra-weiches und angenehmes Kuscheln. Dank Detailtreue und ausgezeichneter Qualit\u00e4t wird dieses Pl\u00fcschspielzeug einen exotischen Hauch jeder Umgebung verleihen.<\/p>\n<ul>\n<li>Farbe: Braun<\/li>\n<li>Material: Textilgewebe<\/li>\n<li>Gesamtgr\u00f6\u00dfe: 100 x 39 cm (L x H)<\/li>\n<li>K\u00f6rperl\u00e4nge: 90 cm<\/li>\n<li>Schwanzl\u00e4nge: 48 cm<\/li>\n<li>H\u00f6he (von Kopf bis zum Boden): 34 cm<\/li>\n<li>Gr\u00f6\u00dfentoleranz +\/- 2 cm<\/li>\n<li>Altersempfehlung: Geeignet f\u00fcr Kinder ab 36 Monaten<\/li>\n<li>Material: Polyester: 100%<\/li>\n<\/ul>\n","protected":false},"excerpt":{"rendered":"<ul>\n<li>Farbe: Braun<\/li>\n<li>Material: Textilgewebe<\/li>\n<li>Gesamtgr\u00f6\u00dfe: 100 x 39 cm (L x H)<\/li>\n<li>K\u00f6rperl\u00e4nge: 90 cm<\/li>\n<li>Schwanzl\u00e4nge: 48 cm<\/li>\n<li>H\u00f6he (von Kopf bis zum Boden): 34 cm<\/li>\n<li>Gr\u00f6\u00dfentoleranz +\/- 2 cm<\/li>\n<li>Altersempfehlung: Geeignet f\u00fcr Kinder ab 36 Monaten<\/li>\n<li>Material: Polyester: 100%<\/li>\n<\/ul>\n","protected":false},"featured_media":10000056038,"comment_status":"closed","ping_status":"closed","template":"","meta":[],"product_brand":[],"product_cat":[6354,6853,6852,6401],"product_tag":[],"class_list":{"0":"post-56038","1":"product","2":"type-product","3":"status-publish","4":"has-post-thumbnail","6":"product_cat-puppen-spielsets-spielzeugfiguren","7":"product_cat-spielzeuge","8":"product_cat-spielzeuge-spiele","9":"product_cat-stofftiere","11":"first","12":"instock","13":"taxable","14":"shipping-taxable","15":"purchasable","16":"product-type-simple","17":"add-to-wishlist-after_add_to_cart"},"jetpack_sharing_enabled":true,"_links":{"self":[{"href":"https:\/\/de-prime.com\/index.php\/wp-json\/wp\/v2\/product\/56038","targetHints":{"allow":["GET"]}}],"collection":[{"href":"https:\/\/de-prime.com\/index.php\/wp-json\/wp\/v2\/product"}],"about":[{"href":"https:\/\/de-prime.com\/index.php\/wp-json\/wp\/v2\/types\/product"}],"replies":[{"embeddable":true,"href":"https:\/\/de-prime.com\/index.php\/wp-json\/wp\/v2\/comments?post=56038"}],"wp:featuredmedia":[{"embeddable":true,"href":"https:\/\/de-prime.com\/index.php\/wp-json\/"}],"wp:attachment":[{"href":"https:\/\/de-prime.com\/index.php\/wp-json\/wp\/v2\/media?parent=56038"}],"wp:term":[{"taxonomy":"product_brand","embeddable":true,"href":"https:\/\/de-prime.com\/index.php\/wp-json\/wp\/v2\/product_brand?post=56038"},{"taxonomy":"product_cat","embeddable":true,"href":"https:\/\/de-prime.com\/index.php\/wp-json\/wp\/v2\/product_cat?post=56038"},{"taxonomy":"product_tag","embeddable":true,"href":"https:\/\/de-prime.com\/index.php\/wp-json\/wp\/v2\/product_tag?post=56038"}],"curies":[{"name":"wp","href":"https:\/\/api.w.org\/{rel}","templated":true}]}}