{"id":55977,"date":"2024-10-01T16:14:26","date_gmt":"2024-10-01T16:14:26","guid":{"rendered":"https:\/\/de-prime.com\/?p=55977"},"modified":"2024-10-01T16:37:27","modified_gmt":"2024-10-01T16:37:27","slug":"schlitten-rot-80x395x255-cm-polypropylen","status":"publish","type":"product","link":"https:\/\/de-prime.com\/index.php\/product\/schlitten-rot-80x395x255-cm-polypropylen\/","title":{"rendered":"Schlitten Rot 80&#215;39,5&#215;25,5 cm Polypropylen"},"content":{"rendered":"<p>Mit diesem Schlitten kann der gro\u00dfe Rodelspa\u00df beginnen! Strapazierf\u00e4higes PP: Aus witterungsbest\u00e4ndigem Polypropylen gefertigt, ist der Schlitten sehr abrieb- und k\u00e4ltebest\u00e4ndig (-28 Grad Celsius). Er bietet eine verbesserte Sto\u00dfd\u00e4mpfung und erh\u00f6hte Stabilit\u00e4t.Glatte Stahlkufe: Der Rodel ist mit langlebigen Stahlkufen befestigt, die selbst bei steilsten Abfahrten eine ruhige Fahrt bieten.Zugseil: Dieser Schlitten ist mit einem Zugseil befestigt, sodass Kinder von Erwachsenen auf dem flachen, verschneiten Boden gezogen werden k\u00f6nnen oder sie eine Abfahrt auf sanfteren H\u00e4ngen genie\u00dfen k\u00f6nnen.<\/p>\n<ul>\n<li>Farbe: Rot<\/li>\n<li>Material: PP (Polypropylen), Stahl<\/li>\n<li>Abmessungen: 80 x 39,5 x 25,5 cm (L x B x H)<\/li>\n<li>Geeignetes Alter: ab 36 Monaten<\/li>\n<\/ul>\n","protected":false},"excerpt":{"rendered":"<ul>\n<li>Farbe: Rot<\/li>\n<li>Material: PP (Polypropylen), Stahl<\/li>\n<li>Abmessungen: 80 x 39,5 x 25,5 cm (L x B x H)<\/li>\n<li>Geeignetes Alter: ab 36 Monaten<\/li>\n<\/ul>\n","protected":false},"featured_media":10000055977,"comment_status":"closed","ping_status":"closed","template":"","meta":[],"product_brand":[],"product_cat":[6837,6959,6836,6958],"product_tag":[],"class_list":{"0":"post-55977","1":"product","2":"type-product","3":"status-publish","4":"has-post-thumbnail","6":"product_cat-outdoor-aktivitaeten","7":"product_cat-schlitten","8":"product_cat-sportartikel","9":"product_cat-wintersport-aktivitaeten","11":"first","12":"instock","13":"taxable","14":"shipping-taxable","15":"purchasable","16":"product-type-simple","17":"add-to-wishlist-after_add_to_cart"},"jetpack_sharing_enabled":true,"_links":{"self":[{"href":"https:\/\/de-prime.com\/index.php\/wp-json\/wp\/v2\/product\/55977","targetHints":{"allow":["GET"]}}],"collection":[{"href":"https:\/\/de-prime.com\/index.php\/wp-json\/wp\/v2\/product"}],"about":[{"href":"https:\/\/de-prime.com\/index.php\/wp-json\/wp\/v2\/types\/product"}],"replies":[{"embeddable":true,"href":"https:\/\/de-prime.com\/index.php\/wp-json\/wp\/v2\/comments?post=55977"}],"wp:featuredmedia":[{"embeddable":true,"href":"https:\/\/de-prime.com\/index.php\/wp-json\/"}],"wp:attachment":[{"href":"https:\/\/de-prime.com\/index.php\/wp-json\/wp\/v2\/media?parent=55977"}],"wp:term":[{"taxonomy":"product_brand","embeddable":true,"href":"https:\/\/de-prime.com\/index.php\/wp-json\/wp\/v2\/product_brand?post=55977"},{"taxonomy":"product_cat","embeddable":true,"href":"https:\/\/de-prime.com\/index.php\/wp-json\/wp\/v2\/product_cat?post=55977"},{"taxonomy":"product_tag","embeddable":true,"href":"https:\/\/de-prime.com\/index.php\/wp-json\/wp\/v2\/product_tag?post=55977"}],"curies":[{"name":"wp","href":"https:\/\/api.w.org\/{rel}","templated":true}]}}