{"id":55890,"date":"2024-10-01T16:14:19","date_gmt":"2024-10-01T16:14:19","guid":{"rendered":"https:\/\/de-prime.com\/?p=55890"},"modified":"2024-10-01T16:42:37","modified_gmt":"2024-10-01T16:42:37","slug":"schiessstand-5-loecher-mit-reset-schnur","status":"publish","type":"product","link":"https:\/\/de-prime.com\/index.php\/product\/schiessstand-5-loecher-mit-reset-schnur\/","title":{"rendered":"Schie\u00dfstand 5 L\u00f6cher mit Reset-Schnur"},"content":{"rendered":"<p>Dieser Kugelfang ist eine gro\u00dfartige Trainingshilfe, um deine Schussgenauigkeit und deine F\u00e4higkeiten zu verbessern. Diese hochwertige Biathlon-Schie\u00dfanlage hat L\u00f6cher mit einen Durchmesser von 28 mm. Zum Zur\u00fccksetzen der Zielscheiben gen\u00fcgt es, an der Schnur zu ziehen. Der Schie\u00dfstand ist aus robustem Stahl gefertigt und f\u00fcr eine lange Lebensdauer ausgelegt. Diese 5-L\u00f6cher-Anlage kann entweder an der Wand montiert oder freistehend auf ebenen Fl\u00e4chen verwendet werden.<\/p>\n<ul>\n<li>Material: Stahl<\/li>\n<li>Abmessungen: 26,5 x 13,5 x 16 cm (L x B x H)<\/li>\n<li>Zielloch-Durchmesser: 28 mm<\/li>\n<li>An der Wand montierbar oder freistehend<\/li>\n<li><strong>Achtung:<\/strong> DIES IST KEIN SPIELZEUG!<\/li>\n<li><strong>Achtung:<\/strong> Trage immer Schutzausr\u00fcstung, wenn du dieses Produkt verwendest.<\/li>\n<li><strong>Achtung:<\/strong> Mindestschussentfernung 10 Meter.<\/li>\n<\/ul>\n","protected":false},"excerpt":{"rendered":"<ul>\n<li>Material: Stahl<\/li>\n<li>Abmessungen: 26,5 x 13,5 x 16 cm (L x B x H)<\/li>\n<li>Zielloch-Durchmesser: 28 mm<\/li>\n<li>An der Wand montierbar oder freistehend<\/li>\n<li><strong>Achtung:<\/strong> DIES IST KEIN SPIELZEUG!<\/li>\n<li><strong>Achtung:<\/strong> Trage immer Schutzausr\u00fcstung, wenn du dieses Produkt verwendest.<\/li>\n<li><strong>Achtung:<\/strong> Mindestschussentfernung 10 Meter.<\/li>\n<\/ul>\n","protected":false},"featured_media":10000055890,"comment_status":"closed","ping_status":"closed","template":"","meta":[],"product_brand":[],"product_cat":[6866,6837,6956,6955,6836],"product_tag":[],"class_list":{"0":"post-55890","1":"product","2":"type-product","3":"status-publish","4":"has-post-thumbnail","6":"product_cat-jagen-und-schiessen","7":"product_cat-outdoor-aktivitaeten","8":"product_cat-schiesssport-zubehoer","9":"product_cat-schiesssportzubehoer","10":"product_cat-sportartikel","12":"first","13":"instock","14":"taxable","15":"shipping-taxable","16":"purchasable","17":"product-type-simple","18":"add-to-wishlist-after_add_to_cart"},"jetpack_sharing_enabled":true,"_links":{"self":[{"href":"https:\/\/de-prime.com\/index.php\/wp-json\/wp\/v2\/product\/55890","targetHints":{"allow":["GET"]}}],"collection":[{"href":"https:\/\/de-prime.com\/index.php\/wp-json\/wp\/v2\/product"}],"about":[{"href":"https:\/\/de-prime.com\/index.php\/wp-json\/wp\/v2\/types\/product"}],"replies":[{"embeddable":true,"href":"https:\/\/de-prime.com\/index.php\/wp-json\/wp\/v2\/comments?post=55890"}],"wp:featuredmedia":[{"embeddable":true,"href":"https:\/\/de-prime.com\/index.php\/wp-json\/"}],"wp:attachment":[{"href":"https:\/\/de-prime.com\/index.php\/wp-json\/wp\/v2\/media?parent=55890"}],"wp:term":[{"taxonomy":"product_brand","embeddable":true,"href":"https:\/\/de-prime.com\/index.php\/wp-json\/wp\/v2\/product_brand?post=55890"},{"taxonomy":"product_cat","embeddable":true,"href":"https:\/\/de-prime.com\/index.php\/wp-json\/wp\/v2\/product_cat?post=55890"},{"taxonomy":"product_tag","embeddable":true,"href":"https:\/\/de-prime.com\/index.php\/wp-json\/wp\/v2\/product_tag?post=55890"}],"curies":[{"name":"wp","href":"https:\/\/api.w.org\/{rel}","templated":true}]}}