{"id":55879,"date":"2024-10-01T16:14:19","date_gmt":"2024-10-01T16:14:19","guid":{"rendered":"https:\/\/de-prime.com\/?p=55879"},"modified":"2024-10-01T16:44:43","modified_gmt":"2024-10-01T16:44:43","slug":"schaukeltier-schaf-pluesch-78x34x58-cm-weiss","status":"publish","type":"product","link":"https:\/\/de-prime.com\/index.php\/product\/schaukeltier-schaf-pluesch-78x34x58-cm-weiss\/","title":{"rendered":"Schaukeltier Schaf Pl\u00fcsch 78x34x58 cm Wei\u00df"},"content":{"rendered":"<p>Die Kinder werden es lieben, mit diesem s\u00fc\u00dfen Schaf zu spielen! Es wird das Lieblingsspielzeug der Kinder sein und viel Freude bereiten. Das Schaukeltier verf\u00fcgt \u00fcber einen robusten Metallrahmen, eine weiche Polsterung und einen Bezug aus Pl\u00fcsch sowie einen soliden Sockel aus Holz. Es ist sicher, bequem und perfekt f\u00fcr Kinder. Das Schaukelpferd ist f\u00fcr Kinder ab 24 Monaten geeignet. Das Spielzeug l\u00e4sst sich leicht zusammenbauen.<\/p>\n<ul>\n<li>Farbe: Wei\u00df<\/li>\n<li>Material: Metall-Rahmen mit weichem Pl\u00fcsch + Holz-Sockel<\/li>\n<li>Abmessungen: 78 x 34 x 58 cm (B x T x H)<\/li>\n<li>Maximales Benutzergewicht: 40 kg<\/li>\n<li>Altersempfehlung: Geeignet f\u00fcr Kinder ab 24 Monaten<\/li>\n<li>Einfacher Zusammenbau<\/li>\n<li>Material: Polyester: 100%<\/li>\n<\/ul>\n","protected":false},"excerpt":{"rendered":"<ul>\n<li>Farbe: Wei\u00df<\/li>\n<li>Material: Metall-Rahmen mit weichem Pl\u00fcsch + Holz-Sockel<\/li>\n<li>Abmessungen: 78 x 34 x 58 cm (B x T x H)<\/li>\n<li>Maximales Benutzergewicht: 40 kg<\/li>\n<li>Altersempfehlung: Geeignet f\u00fcr Kinder ab 24 Monaten<\/li>\n<li>Einfacher Zusammenbau<\/li>\n<li>Material: Polyester: 100%<\/li>\n<\/ul>\n","protected":false},"featured_media":10000055879,"comment_status":"closed","ping_status":"closed","template":"","meta":[],"product_brand":[],"product_cat":[6877,5570,6853,6852],"product_tag":[],"class_list":{"0":"post-55879","1":"product","2":"type-product","3":"status-publish","4":"has-post-thumbnail","6":"product_cat-kinderfahrzeuge","7":"product_cat-schaukelspielzeug","8":"product_cat-spielzeuge","9":"product_cat-spielzeuge-spiele","11":"first","12":"instock","13":"taxable","14":"shipping-taxable","15":"purchasable","16":"product-type-simple","17":"add-to-wishlist-after_add_to_cart"},"jetpack_sharing_enabled":true,"_links":{"self":[{"href":"https:\/\/de-prime.com\/index.php\/wp-json\/wp\/v2\/product\/55879","targetHints":{"allow":["GET"]}}],"collection":[{"href":"https:\/\/de-prime.com\/index.php\/wp-json\/wp\/v2\/product"}],"about":[{"href":"https:\/\/de-prime.com\/index.php\/wp-json\/wp\/v2\/types\/product"}],"replies":[{"embeddable":true,"href":"https:\/\/de-prime.com\/index.php\/wp-json\/wp\/v2\/comments?post=55879"}],"wp:featuredmedia":[{"embeddable":true,"href":"https:\/\/de-prime.com\/index.php\/wp-json\/"}],"wp:attachment":[{"href":"https:\/\/de-prime.com\/index.php\/wp-json\/wp\/v2\/media?parent=55879"}],"wp:term":[{"taxonomy":"product_brand","embeddable":true,"href":"https:\/\/de-prime.com\/index.php\/wp-json\/wp\/v2\/product_brand?post=55879"},{"taxonomy":"product_cat","embeddable":true,"href":"https:\/\/de-prime.com\/index.php\/wp-json\/wp\/v2\/product_cat?post=55879"},{"taxonomy":"product_tag","embeddable":true,"href":"https:\/\/de-prime.com\/index.php\/wp-json\/wp\/v2\/product_tag?post=55879"}],"curies":[{"name":"wp","href":"https:\/\/api.w.org\/{rel}","templated":true}]}}