{"id":55864,"date":"2024-10-01T16:14:17","date_gmt":"2024-10-01T16:14:17","guid":{"rendered":"https:\/\/de-prime.com\/?p=55864"},"modified":"2024-10-01T16:41:59","modified_gmt":"2024-10-01T16:41:59","slug":"satteldeckenhalter-schwarz-eisen","status":"publish","type":"product","link":"https:\/\/de-prime.com\/index.php\/product\/satteldeckenhalter-schwarz-eisen\/","title":{"rendered":"Satteldeckenhalter Schwarz Eisen"},"content":{"rendered":"<p>Dieser Schabrackenhalter eignet sich ideal, um deine Satteldecken nach dem Gebrauch schnell trocknen zu lassen und sie aufzubewahren. Langlebige und robuste Konstruktion: Dieser Satteldeckenhalter besteht aus pulverbeschichtetem Eisen und ist daher robust und widerstandsf\u00e4hig.Angemessene Gr\u00f6\u00dfe: Der Deckenhalter ist gro\u00df genug, um Platz f\u00fcr Sattelpolster und -decken zu bieten.Breite Anwendungen: Dieser Sattelunterlagenhalter findet den idealen Platz an Stallfronten, in Sattelkammern, St\u00e4llen, Scheunen, Anh\u00e4ngern, Garagen usw. Gut zu wissen:Die Befestigungsschrauben sind nicht im Lieferumfang enthalten.<\/p>\n<ul>\n<li>Farbe: Schwarz<\/li>\n<li>Material: Pulverbeschichtetes Eisen<\/li>\n<li>Abmessungen: 102 x 13,5 x 8 cm (L x B x H)<\/li>\n<li>Zusammenbau erforderlich: Ja<\/li>\n<\/ul>\n","protected":false},"excerpt":{"rendered":"<ul>\n<li>Farbe: Schwarz<\/li>\n<li>Material: Pulverbeschichtetes Eisen<\/li>\n<li>Abmessungen: 102 x 13,5 x 8 cm (L x B x H)<\/li>\n<li>Zusammenbau erforderlich: Ja<\/li>\n<\/ul>\n","protected":false},"featured_media":10000055864,"comment_status":"closed","ping_status":"closed","template":"","meta":[],"product_brand":[],"product_cat":[6837,6896,6954,6953,6836,6952],"product_tag":[],"class_list":{"0":"post-55864","1":"product","2":"type-product","3":"status-publish","4":"has-post-thumbnail","6":"product_cat-outdoor-aktivitaeten","7":"product_cat-reitsport-zubehoer","8":"product_cat-sattelhalter","9":"product_cat-sattelzubehoer","10":"product_cat-sportartikel","11":"product_cat-zubehoer-fuer-sattel-zaumzeug","13":"first","14":"instock","15":"taxable","16":"shipping-taxable","17":"purchasable","18":"product-type-simple","19":"add-to-wishlist-after_add_to_cart"},"jetpack_sharing_enabled":true,"_links":{"self":[{"href":"https:\/\/de-prime.com\/index.php\/wp-json\/wp\/v2\/product\/55864","targetHints":{"allow":["GET"]}}],"collection":[{"href":"https:\/\/de-prime.com\/index.php\/wp-json\/wp\/v2\/product"}],"about":[{"href":"https:\/\/de-prime.com\/index.php\/wp-json\/wp\/v2\/types\/product"}],"replies":[{"embeddable":true,"href":"https:\/\/de-prime.com\/index.php\/wp-json\/wp\/v2\/comments?post=55864"}],"wp:featuredmedia":[{"embeddable":true,"href":"https:\/\/de-prime.com\/index.php\/wp-json\/"}],"wp:attachment":[{"href":"https:\/\/de-prime.com\/index.php\/wp-json\/wp\/v2\/media?parent=55864"}],"wp:term":[{"taxonomy":"product_brand","embeddable":true,"href":"https:\/\/de-prime.com\/index.php\/wp-json\/wp\/v2\/product_brand?post=55864"},{"taxonomy":"product_cat","embeddable":true,"href":"https:\/\/de-prime.com\/index.php\/wp-json\/wp\/v2\/product_cat?post=55864"},{"taxonomy":"product_tag","embeddable":true,"href":"https:\/\/de-prime.com\/index.php\/wp-json\/wp\/v2\/product_tag?post=55864"}],"curies":[{"name":"wp","href":"https:\/\/api.w.org\/{rel}","templated":true}]}}

<p>Dieser Schabrackenhalter eignet sich ideal, um deine Satteldecken nach dem Gebrauch schnell trocknen zu lassen und sie aufzubewahren. Langlebige und robuste Konstruktion: Dieser Satteldeckenhalter besteht aus pulverbeschichtetem Eisen und ist daher robust und widerstandsfähig.Angemessene Größe: Der Deckenhalter ist groß genug, um Platz für Sattelpolster und -decken zu bieten.Breite Anwendungen: Dieser Sattelunterlagenhalter findet den idealen Platz an Stallfronten, in Sattelkammern, Ställen, Scheunen, Anhängern, Garagen usw. Gut zu wissen:Die Befestigungsschrauben sind nicht im Lieferumfang enthalten.</p>
<ul>
<li>Farbe: Schwarz</li>
<li>Material: Pulverbeschichtetes Eisen</li>
<li>Abmessungen: 102 x 13,5 x 8 cm (L x B x H)</li>
<li>Zusammenbau erforderlich: Ja</li>
</ul>
