{"id":55850,"date":"2024-10-01T16:14:16","date_gmt":"2024-10-01T16:14:16","guid":{"rendered":"https:\/\/de-prime.com\/?p=55850"},"modified":"2024-10-01T16:44:44","modified_gmt":"2024-10-01T16:44:44","slug":"bestway-schlauchboot-kondor-1000-155x93-cm-2","status":"publish","type":"product","link":"https:\/\/de-prime.com\/index.php\/product\/bestway-schlauchboot-kondor-1000-155x93-cm-2\/","title":{"rendered":"Bestway Schlauchboot Kondor 1000 155&#215;93 cm"},"content":{"rendered":"<p>Genie\u00dfe ein sch\u00f6nes Paddeln auf einem ruhigen See mit dem Kondor 1000 Schlauchboot von Bestway! Es ist f\u00fcr 1 Person mit einer maximalen Tragf\u00e4higkeit von 80 kg geeignet. Langlebiges Material: Dieses Schlauchboot aus starkem, vorgepr\u00fcftem PVC ist sehr robust und langlebig. Sicheres Rafting-Boot: Das aufblasbare Kajak hat 3 Luftkammern und robuste Griffe f\u00fcr zus\u00e4tzliche Sicherheit.Durchdachte Details: Das aufblasbare Boot ist mit einem 360\u00b0-Greifseil mit eingebauten \u00d6sen ausgestattet, so dass der Einstieg ins Boot einfach ist. Au\u00dferdem macht der aufblasbare Boden das Boot beim Paddeln bequemer.<\/p>\n<ul>\n<li>Farbe: Orange<\/li>\n<li>Material: PVC<\/li>\n<li>Abmessungen (aufgeblasen): 155 x 93 x 30 cm (L x B x H)<\/li>\n<li>Maximale Tragf\u00e4higkeit: 80 kg<\/li>\n<li>3 Luftkammern<\/li>\n<li>Inklusive Sicherheitsventil<\/li>\n<li>Inklusive verriegelbarer Schnellverschlussventile<\/li>\n<li>Enth\u00e4lt ein 360\u00b0-Greifseil mit eingebauten \u00d6sen f\u00fcr einfachen Zugang<\/li>\n<li>Aufblasbarer Boden f\u00fcr zus\u00e4tzlichen Komfort<\/li>\n<li>Mit starken Dollen f\u00fcr ein leichtg\u00e4ngiges Paddeln<\/li>\n<li>Mit Abschleppring<\/li>\n<li>Mit robusten Griffen<\/li>\n<li>Inklusive Reparaturflicken<\/li>\n<li>Bestway Artikelnummer: 61099<\/li>\n<\/ul>\n","protected":false},"excerpt":{"rendered":"<ul>\n<li>Farbe: Orange<\/li>\n<li>Material: PVC<\/li>\n<li>Abmessungen (aufgeblasen): 155 x 93 x 30 cm (L x B x H)<\/li>\n<li>Maximale Tragf\u00e4higkeit: 80 kg<\/li>\n<li>3 Luftkammern<\/li>\n<li>Inklusive Sicherheitsventil<\/li>\n<li>Inklusive verriegelbarer Schnellverschlussventile<\/li>\n<li>Enth\u00e4lt ein 360\u00b0-Greifseil mit eingebauten \u00d6sen f\u00fcr einfachen Zugang<\/li>\n<li>Aufblasbarer Boden f\u00fcr zus\u00e4tzlichen Komfort<\/li>\n<li>Mit starken Dollen f\u00fcr ein leichtg\u00e4ngiges Paddeln<\/li>\n<li>Mit Abschleppring<\/li>\n<li>Mit robusten Griffen<\/li>\n<li>Inklusive Reparaturflicken<\/li>\n<li>Bestway Artikelnummer: 61099<\/li>\n<\/ul>\n","protected":false},"featured_media":10000055850,"comment_status":"closed","ping_status":"closed","template":"","meta":[],"product_brand":[],"product_cat":[6855,6915,6837,6950,6836],"product_tag":[],"class_list":{"0":"post-55850","1":"product","2":"type-product","3":"status-publish","4":"has-post-thumbnail","6":"product_cat-boot-wassersport","7":"product_cat-bootfahren-rafting","8":"product_cat-outdoor-aktivitaeten","9":"product_cat-ruderboote","10":"product_cat-sportartikel","12":"first","13":"outofstock","14":"taxable","15":"shipping-taxable","16":"purchasable","17":"product-type-simple","18":"add-to-wishlist-after_add_to_cart"},"jetpack_sharing_enabled":true,"_links":{"self":[{"href":"https:\/\/de-prime.com\/index.php\/wp-json\/wp\/v2\/product\/55850","targetHints":{"allow":["GET"]}}],"collection":[{"href":"https:\/\/de-prime.com\/index.php\/wp-json\/wp\/v2\/product"}],"about":[{"href":"https:\/\/de-prime.com\/index.php\/wp-json\/wp\/v2\/types\/product"}],"replies":[{"embeddable":true,"href":"https:\/\/de-prime.com\/index.php\/wp-json\/wp\/v2\/comments?post=55850"}],"wp:featuredmedia":[{"embeddable":true,"href":"https:\/\/de-prime.com\/index.php\/wp-json\/"}],"wp:attachment":[{"href":"https:\/\/de-prime.com\/index.php\/wp-json\/wp\/v2\/media?parent=55850"}],"wp:term":[{"taxonomy":"product_brand","embeddable":true,"href":"https:\/\/de-prime.com\/index.php\/wp-json\/wp\/v2\/product_brand?post=55850"},{"taxonomy":"product_cat","embeddable":true,"href":"https:\/\/de-prime.com\/index.php\/wp-json\/wp\/v2\/product_cat?post=55850"},{"taxonomy":"product_tag","embeddable":true,"href":"https:\/\/de-prime.com\/index.php\/wp-json\/wp\/v2\/product_tag?post=55850"}],"curies":[{"name":"wp","href":"https:\/\/api.w.org\/{rel}","templated":true}]}}